{"status":"ok","message-type":"work","message-version":"1.0.0","message":{"indexed":{"date-parts":[[2024,9,11]],"date-time":"2024-09-11T15:45:13Z","timestamp":1726069513711},"edition-number":"1","reference-count":21,"publisher":"Wiley","isbn-type":[{"type":"print","value":"9781119429104"},{"type":"electronic","value":"9781119429128"}],"license":[{"start":{"date-parts":[[2020,7,8]],"date-time":"2020-07-08T00:00:00Z","timestamp":1594166400000},"content-version":"tdm","delay-in-days":0,"URL":"http:\/\/doi.wiley.com\/10.1002\/tdm_license_1.1"},{"start":{"date-parts":[[2020,7,8]],"date-time":"2020-07-08T00:00:00Z","timestamp":1594166400000},"content-version":"tdm","delay-in-days":0,"URL":"http:\/\/doi.wiley.com\/10.1002\/tdm_license_1.1"}],"content-domain":{"domain":[],"crossmark-restriction":false},"short-container-title":[],"abstract":"<jats:p>In 21st\u2010century societies it is no longer admissible that media in any way use or portray clear discrimination against groups because of their race, gender, class, or age, but new forms of subtle, understated bias are still to be found, contributing to what is called the \u201cnew racism,\u201d accentuated from a gender perspective. This contemporary perspective of racism is not as explicit as was the case with slavery, collective lynching, apartheid, or other forms of systematic discrimination by White supremacy, related to extreme right movements. Instead, \u201cnew racisms\u201d in the news derive from apparently respectable and inclusive discourses, where ethnic gendered minorities appear as different and not as inferior. Nevertheless, they are connoted with certain \u201csocial disabilities,\u201d and intertwining race with gender, sexuality, type of family, social class, and profession provide a useful insight into the visibility of these new racisms. As people are simultaneously members of many social groups, an intersectional approach is being used to grasp the increasing complexities of the new racisms in terms of gender, but also class, sexuality, and age. Considering the power of media discourse as the most influential type of public discourse there is a risk of a cognitive and discursive hegemony enabling new racisms to develop in a subtle and unconscious manner.<\/jats:p>","DOI":"10.1002\/9781119429128.iegmc223","type":"other","created":{"date-parts":[[2020,7,8]],"date-time":"2020-07-08T19:42:15Z","timestamp":1594237335000},"page":"1-7","source":"Crossref","is-referenced-by-count":0,"title":["New Racisms in the News"],"prefix":"10.1002","author":[{"given":"Carla Isabel Sim\u00f5es","family":"dos Santos Cruz","sequence":"first","affiliation":[]},{"given":"Maria Jo\u00e3o Fonseca Leit\u00e3o","family":"Cunha","sequence":"additional","affiliation":[]}],"member":"311","published-online":{"date-parts":[[2020,7,8]]},"reference":[{"volume-title":"Race, class and gender: An anthology","year":"2004","author":"Anderson M. L.","key":"e_1_2_4_1_2_1"},{"key":"e_1_2_4_1_3_1","doi-asserted-by":"publisher","DOI":"10.2979\/MER.2008.8.2.166"},{"key":"e_1_2_4_1_4_1","doi-asserted-by":"publisher","DOI":"10.1080\/08038740310002932"},{"key":"e_1_2_4_1_5_1","doi-asserted-by":"publisher","DOI":"10.1080\/01419870.2017.1334934"},{"key":"e_1_2_4_1_6_1","doi-asserted-by":"publisher","DOI":"10.4324\/9780203309506"},{"key":"e_1_2_4_1_7_1","doi-asserted-by":"publisher","DOI":"10.2307\/1229039"},{"key":"e_1_2_4_1_8_1","doi-asserted-by":"publisher","DOI":"10.1177\/1077800414557827"},{"key":"e_1_2_4_1_9_1","doi-asserted-by":"publisher","DOI":"10.1111\/jtsb.12023"},{"key":"e_1_2_4_1_10_1","doi-asserted-by":"publisher","DOI":"10.1080\/14781158.2011.540092"},{"issue":"268","key":"e_1_2_4_1_11_1","first-page":"534","article-title":"Am I a racist? Implicit bias and the ascription of racism","volume":"67","author":"Levy N.","year":"2017","journal-title":"The Philosophical Quarterly"},{"key":"e_1_2_4_1_12_1","doi-asserted-by":"publisher","DOI":"10.1080\/16138171.2018.1452870"},{"key":"e_1_2_4_1_13_1","doi-asserted-by":"publisher","DOI":"10.1177\/0002764207307747"},{"key":"e_1_2_4_1_14_1","doi-asserted-by":"publisher","DOI":"10.1007\/s12111-003-1006-5"},{"volume-title":"Media representation and the global imagination","year":"2012","author":"Organd S.","key":"e_1_2_4_1_15_1"},{"key":"e_1_2_4_1_16_1","doi-asserted-by":"publisher","DOI":"10.1177\/2332649214546870"},{"volume-title":"Inclusion or invisibility? Comprehensive annenberg report on diversity in entertainment, media, diversity and social change initiative","year":"2016","author":"Smith S. L.","key":"e_1_2_4_1_17_1"},{"key":"e_1_2_4_1_18_1","doi-asserted-by":"publisher","DOI":"10.1007\/978-3-7091-0950-2_2"},{"key":"e_1_2_4_2_2_1","doi-asserted-by":"publisher","DOI":"10.1207\/S1532785XMEP0701_5"},{"key":"e_1_2_4_2_3_1","unstructured":"Lewis L.(2016).The myth of post\u2010racialism in television news.New York NY:Routledge."},{"key":"e_1_2_4_2_4_1","first-page":"273","volume-title":"Communication and social cognition: Theories and methods","author":"Oliver M. B.","year":"2007"},{"volume-title":"Bad news for refugees","year":"2013","author":"Philo G.","key":"e_1_2_4_2_5_1"}],"container-title":["The International Encyclopedia of Gender, Media, and Communication"],"original-title":[],"language":"en","link":[{"URL":"https:\/\/onlinelibrary.wiley.com\/doi\/pdf\/10.1002\/9781119429128.iegmc223","content-type":"application\/pdf","content-version":"vor","intended-application":"text-mining"},{"URL":"https:\/\/onlinelibrary.wiley.com\/doi\/full-xml\/10.1002\/9781119429128.iegmc223","content-type":"application\/xml","content-version":"vor","intended-application":"text-mining"},{"URL":"https:\/\/onlinelibrary.wiley.com\/doi\/pdf\/10.1002\/9781119429128.iegmc223","content-type":"unspecified","content-version":"vor","intended-application":"similarity-checking"}],"deposited":{"date-parts":[[2023,8,20]],"date-time":"2023-08-20T13:45:32Z","timestamp":1692539132000},"score":1,"resource":{"primary":{"URL":"https:\/\/onlinelibrary.wiley.com\/doi\/10.1002\/9781119429128.iegmc223"}},"subtitle":[],"short-title":[],"issued":{"date-parts":[[2020,7,8]]},"ISBN":["9781119429104","9781119429128"],"references-count":21,"alternative-id":["10.1002\/9781119429128.iegmc223","10.1002\/9781119429128"],"URL":"https:\/\/doi.org\/10.1002\/9781119429128.iegmc223","archive":["Portico"],"relation":{},"subject":[],"published":{"date-parts":[[2020,7,8]]}}}

Carla Isabel Simões

Maria João Fonseca Leitão
