{"status":"ok","message-type":"work","message-version":"1.0.0","message":{"indexed":{"date-parts":[[2025,3,26]],"date-time":"2025-03-26T18:04:50Z","timestamp":1743012290762,"version":"3.40.3"},"publisher-location":"Cham","reference-count":14,"publisher":"Springer International Publishing","isbn-type":[{"type":"print","value":"9783030395117"},{"type":"electronic","value":"9783030395124"}],"license":[{"start":{"date-parts":[[2020,1,1]],"date-time":"2020-01-01T00:00:00Z","timestamp":1577836800000},"content-version":"tdm","delay-in-days":0,"URL":"http:\/\/www.springer.com\/tdm"}],"content-domain":{"domain":["link.springer.com"],"crossmark-restriction":false},"short-container-title":[],"published-print":{"date-parts":[[2020]]},"DOI":"10.1007\/978-3-030-39512-4_177","type":"book-chapter","created":{"date-parts":[[2020,1,21]],"date-time":"2020-01-21T20:10:52Z","timestamp":1579637452000},"page":"1164-1170","update-policy":"https:\/\/doi.org\/10.1007\/springer_crossmark_policy","source":"Crossref","is-referenced-by-count":1,"title":["Design Criteria in Vernacular Architecture as a Proposal for Low-Income Dwelling for Urban Parishes of the Babahoyo Canton, Ecuador"],"prefix":"10.1007","author":[{"given":"Julio","family":"Franco Puga","sequence":"first","affiliation":[]},{"given":"Bryan","family":"Colorado P\u00e1stor","sequence":"additional","affiliation":[]},{"given":"Jes\u00fas Rafael","family":"Hechavarr\u00eda Hern\u00e1ndez","sequence":"additional","affiliation":[]},{"given":"Maikel","family":"Leyva","sequence":"additional","affiliation":[]}],"member":"297","published-online":{"date-parts":[[2020,1,22]]},"reference":[{"key":"177_CR1","unstructured":"MIDUVI: Ministerio de Desarrollo Urbano y Vivienda. Subsecretar\u00eda de Vivienda Direcci\u00f3n de Gesti\u00f3n y Ejecuci\u00f3n de Vivienda PROYECTO: K014 MIDUVI - Programa Nacional de Vivienda Social \u2013 PNVS (2017)"},{"issue":"184","key":"177_CR2","doi-asserted-by":"publisher","first-page":"217","DOI":"10.15446\/dyna.v81n184.37899","volume":"81","author":"C Garc\u00eda-Ubaque","year":"2014","unstructured":"Garc\u00eda-Ubaque, C., Henao-Trujillo, C.A., Vaca-Boh\u00f3rquez, M.: Soil management instruments for social housing: case analysis. DYNA 81(184), 217 (2014). \nhttps:\/\/doi.org\/10.15446\/dyna.v81n184.37899","journal-title":"DYNA"},{"key":"177_CR3","doi-asserted-by":"publisher","unstructured":"Avila, M., Orellana, M., Toledo, J., Tello, M., C\u00f3rdova, F.: Qualitative architecture. A multidisciplinary approach to the provision of social housing. Case study Cuenca \u2013 Ecuador, pp. 210\u2013222 (2019). \nhttps:\/\/doi.org\/10.1007\/978-3-030-01406-3_18","DOI":"10.1007\/978-3-030-01406-3_18"},{"key":"177_CR4","unstructured":"Hechavarr\u00eda, J., Bermeo, P., Forero, B., Portilla, Y.: Social inclusion: a proposal from the University of Guayaquil to design popular housing with citizen participation. In: 2018 World Engineering Education Forum - Global Engineering Deans Council (WEEF-GEDC), Albuquerque, NM, USA, pp. 1\u20135 (2019)"},{"key":"177_CR5","doi-asserted-by":"publisher","unstructured":"Forero, B., Hechavarr\u00eda, J., Vega, R.: Bioclimatic design approach for low-income Dwelling at Monte Sinah\u00ed, Guayaquil. In: Di Bucchianico, G. (eds.) Advances in Design for Inclusion, AHFE 2019. Advances in Intelligent Systems and Computing, vol. 954. Springer, Cham (2020). \nhttps:\/\/doi.org\/10.1007\/978-3-030-20444-0_17","DOI":"10.1007\/978-3-030-20444-0_17"},{"key":"177_CR6","doi-asserted-by":"publisher","unstructured":"Ricaurte, V., Almeida, B., Hechavarr\u00eda, J., Forero, B.: Effects of the urban form on the external thermal comfort in low-income Settlements of Guayaquil, Ecuador. In: Charytonowicz, J., Falc\u00e3o, C. (eds.) Advances in Human Factors in Architecture, Sustainable Urban Planning and Infrastructure, AHFE 2019. Advances in Intelligent Systems and Computing, vol. 966. Springer, Cham (2020). \nhttps:\/\/doi.org\/10.1007\/978-3-030-20151-7_42","DOI":"10.1007\/978-3-030-20151-7_42"},{"key":"177_CR7","doi-asserted-by":"publisher","unstructured":"Hechavarr\u00eda, J., Vega, R., Forero, B.: Multi-objective optimization applied to the bioclimatic design of dwellings with ecomaterials. In: Ahram, T., et al. (eds.) Human Systems Engineering and Design, IHSED 2018. AISC, Chap. 77, vol. 876, pp. 1\u20136. Springer (2019). \nhttps:\/\/doi.org\/10.1007\/978-3-030-02053-8_77","DOI":"10.1007\/978-3-030-02053-8_77"},{"key":"177_CR8","doi-asserted-by":"publisher","unstructured":"Dick, S., Hechavarr\u00eda, J., Forero, B.: Systemic analysis of bioclimatic design of low-income state-led housing program \u201csocio vivienda\u201d at Guayaquil, Ecuador. In: Ahram, T., et al. (eds.) Human Systems Engineering and Design, IHSED 2018. AISC, Chap. 99, vol. 876, pp. 1\u20135. Springer (2019). \nhttps:\/\/doi.org\/10.1007\/978-3-030-02053-8_99","DOI":"10.1007\/978-3-030-02053-8_99"},{"key":"177_CR9","doi-asserted-by":"publisher","unstructured":"Forero, B., Hechavarr\u00eda, J., Alcivar, S., Ricaurte, V.: Systemic approach for inclusive design of low-income dwellings in popular settlements at Guayaquil, Ecuador. In: Ahram, T., et al. (eds.) Human Systems Engineering and Design, IHSED. AISC, Chap. 93, vol. 876, pp. 1\u20135. Springer (2019). \nhttps:\/\/doi.org\/10.1007\/978-3-030-02053-8_93","DOI":"10.1007\/978-3-030-02053-8_93"},{"issue":"6","key":"177_CR10","doi-asserted-by":"publisher","first-page":"1048","DOI":"10.3390\/su9061048","volume":"9","author":"A Heidari","year":"2017","unstructured":"Heidari, A., Sahebzadeh, S., Dalvand, Z.: Natural ventilation in vernacular architecture of Sistan, Iran; classification and CFD study of compound rooms. Sustainability 9(6), 1048 (2017). \nhttps:\/\/doi.org\/10.3390\/su9061048","journal-title":"Sustainability"},{"key":"177_CR11","doi-asserted-by":"publisher","unstructured":"Samir, H., Klingmann, A., Mohamed, M.: Examining the potential values of vernacular houses in the Asir Region of Saudi Arabia, pp. 27\u201338 (2018). \nhttps:\/\/doi.org\/10.2495\/IHA180031","DOI":"10.2495\/IHA180031"},{"key":"177_CR12","doi-asserted-by":"publisher","unstructured":"Jureniene, V.: Interaction between cultural\/creative tourism and tourism\/cultural heritage industries. In: Tourism - From Empirical Research Towards Practical Application. InTech (2016). \nhttps:\/\/doi.org\/10.5772\/62661","DOI":"10.5772\/62661"},{"key":"177_CR13","doi-asserted-by":"publisher","unstructured":"Etxezarreta, A., Cano, G., Merino, S.: Las cooperativas de viviendas de cesi\u00f3n de uso: experiencias emergentes en Espa\u00f1a. CIRIEC-Espa\u00f1a, Revista de Econom\u00eda P\u00fablica, Social y Cooperativa (92), 61 (2018). \nhttps:\/\/doi.org\/10.7203\/CIRIEC-E.92.9266","DOI":"10.7203\/CIRIEC-E.92.9266"},{"key":"177_CR14","doi-asserted-by":"publisher","first-page":"06008","DOI":"10.1051\/matecconf\/201819506008","volume":"195","author":"A Sedayu","year":"2018","unstructured":"Sedayu, A.: The priority of maintaining the reliability of sustainable construction at the Ampel Mosque Surabaya. MATEC Web Conf. 195, 06008 (2018). \nhttps:\/\/doi.org\/10.1051\/matecconf\/201819506008","journal-title":"MATEC Web Conf."}],"container-title":["Advances in Intelligent Systems and Computing","Intelligent Human Systems Integration 2020"],"original-title":[],"language":"en","link":[{"URL":"http:\/\/link.springer.com\/content\/pdf\/10.1007\/978-3-030-39512-4_177","content-type":"unspecified","content-version":"vor","intended-application":"similarity-checking"}],"deposited":{"date-parts":[[2020,4,2]],"date-time":"2020-04-02T10:36:10Z","timestamp":1585823770000},"score":1,"resource":{"primary":{"URL":"http:\/\/link.springer.com\/10.1007\/978-3-030-39512-4_177"}},"subtitle":[],"short-title":[],"issued":{"date-parts":[[2020]]},"ISBN":["9783030395117","9783030395124"],"references-count":14,"URL":"https:\/\/doi.org\/10.1007\/978-3-030-39512-4_177","relation":{},"ISSN":["2194-5357","2194-5365"],"issn-type":[{"type":"print","value":"2194-5357"},{"type":"electronic","value":"2194-5365"}],"subject":[],"published":{"date-parts":[[2020]]},"assertion":[{"value":"22 January 2020","order":1,"name":"first_online","label":"First Online","group":{"name":"ChapterHistory","label":"Chapter History"}},{"value":"IHSI","order":1,"name":"conference_acronym","label":"Conference Acronym","group":{"name":"ConferenceInfo","label":"Conference Information"}},{"value":"International Conference on Intelligent Human Systems Integration","order":2,"name":"conference_name","label":"Conference Name","group":{"name":"ConferenceInfo","label":"Conference Information"}},{"value":"Modena","order":3,"name":"conference_city","label":"Conference City","group":{"name":"ConferenceInfo","label":"Conference Information"}},{"value":"Italy","order":4,"name":"conference_country","label":"Conference Country","group":{"name":"ConferenceInfo","label":"Conference Information"}},{"value":"2020","order":5,"name":"conference_year","label":"Conference Year","group":{"name":"ConferenceInfo","label":"Conference Information"}},{"value":"19 February 2020","order":7,"name":"conference_start_date","label":"Conference Start Date","group":{"name":"ConferenceInfo","label":"Conference Information"}},{"value":"21 February 2020","order":8,"name":"conference_end_date","label":"Conference End Date","group":{"name":"ConferenceInfo","label":"Conference Information"}},{"value":"ihsi2020","order":10,"name":"conference_id","label":"Conference ID","group":{"name":"ConferenceInfo","label":"Conference Information"}},{"value":"http:\/\/www.ihsint.org\/","order":11,"name":"conference_url","label":"Conference URL","group":{"name":"ConferenceInfo","label":"Conference Information"}}]}}

Colorado Pástor

Jesús Rafael

Hechavarría Hernández

MIDUVI: Ministerio de Desarrollo Urbano y Vivienda. Subsecretaría de Vivienda Dirección de Gestión y Ejecución de Vivienda PROYECTO: K014 MIDUVI - Programa Nacional de Vivienda Social – PNVS (2017)

C García-Ubaque

García-Ubaque, C., Henao-Trujillo, C.A., Vaca-Bohórquez, M.: Soil management instruments for social housing: case analysis. DYNA 81(184), 217 (2014). 
https://doi.org/10.15446/dyna.v81n184.37899

Avila, M., Orellana, M., Toledo, J., Tello, M., Córdova, F.: Qualitative architecture. A multidisciplinary approach to the provision of social housing. Case study Cuenca – Ecuador, pp. 210–222 (2019). 
https://doi.org/10.1007/978-3-030-01406-3_18

Hechavarría, J., Bermeo, P., Forero, B., Portilla, Y.: Social inclusion: a proposal from the University of Guayaquil to design popular housing with citizen participation. In: 2018 World Engineering Education Forum - Global Engineering Deans Council (WEEF-GEDC), Albuquerque, NM, USA, pp. 1–5 (2019)

Forero, B., Hechavarría, J., Vega, R.: Bioclimatic design approach for low-income Dwelling at Monte Sinahí, Guayaquil. In: Di Bucchianico, G. (eds.) Advances in Design for Inclusion, AHFE 2019. Advances in Intelligent Systems and Computing, vol. 954. Springer, Cham (2020). 
https://doi.org/10.1007/978-3-030-20444-0_17

Ricaurte, V., Almeida, B., Hechavarría, J., Forero, B.: Effects of the urban form on the external thermal comfort in low-income Settlements of Guayaquil, Ecuador. In: Charytonowicz, J., Falcão, C. (eds.) Advances in Human Factors in Architecture, Sustainable Urban Planning and Infrastructure, AHFE 2019. Advances in Intelligent Systems and Computing, vol. 966. Springer, Cham (2020). 
https://doi.org/10.1007/978-3-030-20151-7_42

Hechavarría, J., Vega, R., Forero, B.: Multi-objective optimization applied to the bioclimatic design of dwellings with ecomaterials. In: Ahram, T., et al. (eds.) Human Systems Engineering and Design, IHSED 2018. AISC, Chap. 77, vol. 876, pp. 1–6. Springer (2019). 
https://doi.org/10.1007/978-3-030-02053-8_77

Dick, S., Hechavarría, J., Forero, B.: Systemic analysis of bioclimatic design of low-income state-led housing program “socio vivienda” at Guayaquil, Ecuador. In: Ahram, T., et al. (eds.) Human Systems Engineering and Design, IHSED 2018. AISC, Chap. 99, vol. 876, pp. 1–5. Springer (2019). 
https://doi.org/10.1007/978-3-030-02053-8_99

Forero, B., Hechavarría, J., Alcivar, S., Ricaurte, V.: Systemic approach for inclusive design of low-income dwellings in popular settlements at Guayaquil, Ecuador. In: Ahram, T., et al. (eds.) Human Systems Engineering and Design, IHSED. AISC, Chap. 93, vol. 876, pp. 1–5. Springer (2019). 
https://doi.org/10.1007/978-3-030-02053-8_93

Etxezarreta, A., Cano, G., Merino, S.: Las cooperativas de viviendas de cesión de uso: experiencias emergentes en España. CIRIEC-España, Revista de Economía Pública, Social y Cooperativa (92), 61 (2018). 
https://doi.org/10.7203/CIRIEC-E.92.9266
