{"status":"ok","message-type":"work","message-version":"1.0.0","message":{"indexed":{"date-parts":[[2025,3,27]],"date-time":"2025-03-27T00:58:25Z","timestamp":1743037105936,"version":"3.40.3"},"publisher-location":"Cham","reference-count":30,"publisher":"Springer International Publishing","isbn-type":[{"type":"print","value":"9783030406899"},{"type":"electronic","value":"9783030406905"}],"license":[{"start":{"date-parts":[[2020,1,1]],"date-time":"2020-01-01T00:00:00Z","timestamp":1577836800000},"content-version":"tdm","delay-in-days":0,"URL":"http:\/\/www.springer.com\/tdm"}],"content-domain":{"domain":["link.springer.com"],"crossmark-restriction":false},"short-container-title":[],"published-print":{"date-parts":[[2020]]},"DOI":"10.1007\/978-3-030-40690-5_66","type":"book-chapter","created":{"date-parts":[[2020,1,30]],"date-time":"2020-01-30T14:03:30Z","timestamp":1580393010000},"page":"693-702","update-policy":"https:\/\/doi.org\/10.1007\/springer_crossmark_policy","source":"Crossref","is-referenced-by-count":3,"title":["Latin American Indigenous Post-drama Architectures from an Andean Perspective Revisited"],"prefix":"10.1007","author":[{"ORCID":"https:\/\/orcid.org\/0000-0002-8452-3372","authenticated-orcid":false,"given":"Miguel A.","family":"Orosa","sequence":"first","affiliation":[]},{"ORCID":"https:\/\/orcid.org\/0000-0003-2770-246X","authenticated-orcid":false,"given":"Viviana","family":"Galarza-Lig\u00f1a","sequence":"additional","affiliation":[]}],"member":"297","published-online":{"date-parts":[[2020,1,31]]},"reference":[{"key":"66_CR1","unstructured":"Arist\u00f3teles: Po\u00e9tica, ed. triling\u00fce de Valent\u00edn Garc\u00eda Yebra, Gredos, Madrid (1974)"},{"key":"66_CR2","volume-title":"Gu\u00eda del escritor de cine y televisi\u00f3n","author":"IR Blacker","year":"1993","unstructured":"Blacker, I.R.: Gu\u00eda del escritor de cine y televisi\u00f3n. Eunsa, Navarra (1993)"},{"key":"66_CR3","first-page":"92","volume":"215","author":"F Cabal","year":"1986","unstructured":"Cabal, F.: Historia y evoluci\u00f3n de la estructura dram\u00e1tica. Primer Acto 215, 92\u201399 (1986)","journal-title":"Primer Acto"},{"key":"66_CR4","volume-title":"Story and Discourse. Narrative Structure in Fiction and Film","author":"S Chatman","year":"1986","unstructured":"Chatman, S.: Story and Discourse. Narrative Structure in Fiction and Film. Cornell University Press, New York (1986)"},{"key":"66_CR5","volume-title":"El libro del guion","author":"S Field","year":"1994","unstructured":"Field, S.: El libro del guion. Plot, Madrid (1994)"},{"key":"66_CR6","volume-title":"El manual del guionista","author":"S Field","year":"2001","unstructured":"Field, S.: El manual del guionista. Plot, Madrid (2001)"},{"key":"66_CR7","doi-asserted-by":"crossref","unstructured":"Orosa, M.A., L\u00f2pez-L\u00f2pez, P.C.: Postdrama culture in Ecuador and Spain: methodological framework and comparative study. Comunicar 57(XXVI), 39\u201347 (2018)","DOI":"10.3916\/C57-2018-04"},{"key":"66_CR8","volume-title":"El cambio dram\u00e1tico en el modelo teleserial norteamericano","author":"MA Orosa","year":"2012","unstructured":"Orosa, M.A.: El cambio dram\u00e1tico en el modelo teleserial norteamericano. Publicia, Saarbr\u00fccken (2012)"},{"key":"66_CR9","doi-asserted-by":"publisher","unstructured":"Orosa, M.\u00c1., L\u00f3pez-Gol\u00e1n, M., M\u00e1rquez-Dom\u00ednguez, C., Ramos-Gil, Y.T.: El posdrama teleserial norteamericano: po\u00e9tica y composici\u00f3n\/(C\u00f3mo entender el guion de las mejores series escritas para la televisi\u00f3n en los Estados Unidos)\/USA TV series postdrama: poetics and composition.\u00a0Revista Latina de Comunicaci\u00f3n Social (72), 500 (2017). \nhttp:\/\/www.revistalatinacs.org\/072paper\/1176\/26es.html\n\n. \nhttps:\/\/doi.org\/10.4185\/rlcs-2017-1176","DOI":"10.4185\/rlcs-2017-1176"},{"key":"66_CR10","unstructured":"P\u00e9rez, E.: Aproximaci\u00f3n al espacio formal. Un ensayo de epistemolog\u00eda est\u00e9tica, tesis doctoral, Universidad de Valladolid, Valladolid (1995)"},{"key":"66_CR11","first-page":"7","volume":"4","author":"JR Alc\u00e1ntara","year":"2015","unstructured":"Alc\u00e1ntara, J.R.: Del teatro posdram\u00e1tico al drama posteatral. Investigaci\u00f3n teatral 4, 7\u20138 (2015)","journal-title":"Investigaci\u00f3n teatral"},{"key":"66_CR12","doi-asserted-by":"publisher","first-page":"3","DOI":"10.1590\/2237-266053731","volume":"5","author":"M Carlson","year":"2015","unstructured":"Carlson, M.: Postdramatic Theatre and Postdramatic Performance. Revista Brasileira de Estudos da Presen\u00e7a 5, 3 (2015)","journal-title":"Revista Brasileira de Estudos da Presen\u00e7a"},{"key":"66_CR13","unstructured":"Cornago, \u00d3.: Teatro postdram\u00e1tico: Las resistencias de la representaci\u00f3n. Artea. Investigaci\u00f3n y creaci\u00f3n esc\u00e9nica [en l\u00ednea, sin paginaci\u00f3n]. \nwww.arte-a.org\n\n. Accessed 15 Nove 2014"},{"key":"66_CR14","volume-title":"La escena del siglo XXI","author":"JG L\u00f3pez","year":"2016","unstructured":"L\u00f3pez, J.G.: La escena del siglo XXI. Asociacion de Directores de Escena, Madrid (2016)"},{"key":"66_CR15","unstructured":"L\u00f3pez, J.G.: Tendencias en el teatro europeo Actual. Teatrolog\u00eda, 184\u2013201 (2010)"},{"key":"66_CR16","unstructured":"Sarrazac, J.P.: El drama no ser\u00e1 representado. Teatrolog\u00eda, 92\u2013103 (2010)"},{"key":"66_CR17","unstructured":"Orosa, M.A., Galarza-Lig\u00f1a, V., Culqui, A.: Postdrama communication in Spanish language: Ecuador and Spain. Origins and current scene. The indigenous postdrama. (La flor de la Chukirawa, by Patricio Vallejo Aristiz\u00e1bal, and G\u00f3lgota Picnic, by Rodrigo Garc\u00eda.). RISTI, N.\u00ba E20, 05\/2019, pp. 350\u2013363 (2019)"},{"key":"66_CR18","doi-asserted-by":"crossref","unstructured":"Orosa M.\u00c1., Romero-Ortega A.: Ecuador, the Non-communication: Postdrama or Performance?. In: Rocha, \u00c1., Guarda, T. (eds.) Proceedings of the International CONFERENCE ON INFORMATION TECHNOLOGY & SYSTEMS (ICITS 2018), vol. 721. Springer, Cham (2018)","DOI":"10.1007\/978-3-319-73450-7_104"},{"key":"66_CR19","unstructured":"Vallejo, P.: La flor de la Chukirawa.\u00a0In: Antolog\u00eda de teatro ecuatoriano contempor\u00e1neo, pp. 71\u201388 (2007)"},{"key":"66_CR20","unstructured":"Vallejo, P.: La flor de la Chukirawa 1\u00aa parte (2007). \nhttps:\/\/www.youtube.com\/watch?v=ftzNL4mXtkA"},{"key":"66_CR21","unstructured":"Vallejo, P.: La flor de la Chukirawa 2\u00aa parte (2007). \nhttps:\/\/www.youtube.com\/watch?v=ZPY6ZuhbQ10"},{"key":"66_CR22","volume-title":"La fanesca","author":"C Franc\u00e9s","year":"2009","unstructured":"Franc\u00e9s, C.: La fanesca. Teatro Malayerba, Quito (2009)"},{"key":"66_CR23","volume-title":"Barrio Caleidoscopio","author":"C Gallegos","year":"2010","unstructured":"Gallegos, C.: Barrio Caleidoscopio. Fundaci\u00f3n Teatro Nacional Sucre, Quito (2010)"},{"key":"66_CR24","volume-title":"G\u00f3lgota picnic","author":"R Garc\u00eda","year":"2011","unstructured":"Garc\u00eda, R.: G\u00f3lgota picnic. Centro Dram\u00e1tico Nacional, Madrid (2011)"},{"key":"66_CR25","unstructured":"De la Torre, L.M., Peralta, C.S.: La reciprocidad en el mundo andino: el caso del pueblo de Otavalo. Runapura makipurarinamanta, otavalokunapak kawsaymanta. Editorial Abya Yala, Quito (2004)"},{"key":"66_CR26","unstructured":"Estermann, J., Pe\u00f1a, A.: Filosof\u00eda andina. IECTA-CIDSA, La Paz (1997)"},{"key":"66_CR27","unstructured":"Oviedo, A.: Buen Vivir vs. Sumak Kawsay: reforma capitalista y revoluci\u00f3n alternativa. Ediciones CICCUS, Buenos Aires (2013)"},{"key":"66_CR28","first-page":"42","volume":"29","author":"G Trentini","year":"2013","unstructured":"Trentini, G.: Identidad cultural contempor\u00e1nea de los otavalos: tradici\u00f3n, modernidad y cambios sociales. Sarance 29, 42\u201357 (2013)","journal-title":"Sarance"},{"key":"66_CR29","unstructured":"Trentini, G.: Identidad cultural contempor\u00e1nea de los otavalos: tradici\u00f3n, modernidad y cambios sociales. Parte segunda: an\u00e1lisis de los datos iy comentarios conclusivos. Sarance 30, 38\u201358 (2013)"},{"key":"66_CR30","volume-title":"la ruta inka de sabidur\u00eda","author":"J Lajo","year":"2005","unstructured":"Lajo, J., \u00d1an, K.: la ruta inka de sabidur\u00eda. Amaro Runa Ediciones, Lima (2005)"}],"container-title":["Advances in Intelligent Systems and Computing","Information Technology and Systems"],"original-title":[],"language":"en","link":[{"URL":"http:\/\/link.springer.com\/content\/pdf\/10.1007\/978-3-030-40690-5_66","content-type":"unspecified","content-version":"vor","intended-application":"similarity-checking"}],"deposited":{"date-parts":[[2020,1,30]],"date-time":"2020-01-30T22:03:18Z","timestamp":1580421798000},"score":1,"resource":{"primary":{"URL":"http:\/\/link.springer.com\/10.1007\/978-3-030-40690-5_66"}},"subtitle":[],"short-title":[],"issued":{"date-parts":[[2020]]},"ISBN":["9783030406899","9783030406905"],"references-count":30,"URL":"https:\/\/doi.org\/10.1007\/978-3-030-40690-5_66","relation":{},"ISSN":["2194-5357","2194-5365"],"issn-type":[{"type":"print","value":"2194-5357"},{"type":"electronic","value":"2194-5365"}],"subject":[],"published":{"date-parts":[[2020]]},"assertion":[{"value":"31 January 2020","order":1,"name":"first_online","label":"First Online","group":{"name":"ChapterHistory","label":"Chapter History"}},{"value":"ICITS","order":1,"name":"conference_acronym","label":"Conference Acronym","group":{"name":"ConferenceInfo","label":"Conference Information"}},{"value":"International Conference on Information Technology & Systems","order":2,"name":"conference_name","label":"Conference Name","group":{"name":"ConferenceInfo","label":"Conference Information"}},{"value":"Bogots","order":3,"name":"conference_city","label":"Conference City","group":{"name":"ConferenceInfo","label":"Conference Information"}},{"value":"Colombia","order":4,"name":"conference_country","label":"Conference Country","group":{"name":"ConferenceInfo","label":"Conference Information"}},{"value":"2020","order":5,"name":"conference_year","label":"Conference Year","group":{"name":"ConferenceInfo","label":"Conference Information"}},{"value":"5 February 2020","order":7,"name":"conference_start_date","label":"Conference Start Date","group":{"name":"ConferenceInfo","label":"Conference Information"}},{"value":"7 February 2020","order":8,"name":"conference_end_date","label":"Conference End Date","group":{"name":"ConferenceInfo","label":"Conference Information"}},{"value":"icits2020a","order":10,"name":"conference_id","label":"Conference ID","group":{"name":"ConferenceInfo","label":"Conference Information"}},{"value":"http:\/\/www.icits.me\/index.php?lang=en","order":11,"name":"conference_url","label":"Conference URL","group":{"name":"ConferenceInfo","label":"Conference Information"}}]}}

Galarza-Ligña

Aristóteles: Poética, ed. trilingüe de Valentín García Yebra, Gredos, Madrid (1974)

Guía del escritor de cine y televisión

Blacker, I.R.: Guía del escritor de cine y televisión. Eunsa, Navarra (1993)

Cabal, F.: Historia y evolución de la estructura dramática. Primer Acto 215, 92–99 (1986)

Orosa, M.A., Lòpez-Lòpez, P.C.: Postdrama culture in Ecuador and Spain: methodological framework and comparative study. Comunicar 57(XXVI), 39–47 (2018)

El cambio dramático en el modelo teleserial norteamericano

Orosa, M.A.: El cambio dramático en el modelo teleserial norteamericano. Publicia, Saarbrücken (2012)

Orosa, M.Á., López-Golán, M., Márquez-Domínguez, C., Ramos-Gil, Y.T.: El posdrama teleserial norteamericano: poética y composición/(Cómo entender el guion de las mejores series escritas para la televisión en los Estados Unidos)/USA TV series postdrama: poetics and composition. Revista Latina de Comunicación Social (72), 500 (2017). 
http://www.revistalatinacs.org/072paper/1176/26es.html

. 
https://doi.org/10.4185/rlcs-2017-1176

Pérez, E.: Aproximación al espacio formal. Un ensayo de epistemología estética, tesis doctoral, Universidad de Valladolid, Valladolid (1995)

JR Alcántara

Alcántara, J.R.: Del teatro posdramático al drama posteatral. Investigación teatral 4, 7–8 (2015)

Investigación teatral

Carlson, M.: Postdramatic Theatre and Postdramatic Performance. Revista Brasileira de Estudos da Presença 5, 3 (2015)

Revista Brasileira de Estudos da Presença

Cornago, Ó.: Teatro postdramático: Las resistencias de la representación. Artea. Investigación y creación escénica [en línea, sin paginación]. 
www.arte-a.org

. Accessed 15 Nove 2014

JG López

López, J.G.: La escena del siglo XXI. Asociacion de Directores de Escena, Madrid (2016)

López, J.G.: Tendencias en el teatro europeo Actual. Teatrología, 184–201 (2010)

Sarrazac, J.P.: El drama no será representado. Teatrología, 92–103 (2010)

Orosa, M.A., Galarza-Ligña, V., Culqui, A.: Postdrama communication in Spanish language: Ecuador and Spain. Origins and current scene. The indigenous postdrama. (La flor de la Chukirawa, by Patricio Vallejo Aristizábal, and Gólgota Picnic, by Rodrigo García.). RISTI, N.º E20, 05/2019, pp. 350–363 (2019)

Orosa M.Á., Romero-Ortega A.: Ecuador, the Non-communication: Postdrama or Performance?. In: Rocha, Á., Guarda, T. (eds.) Proceedings of the International CONFERENCE ON INFORMATION TECHNOLOGY & SYSTEMS (ICITS 2018), vol. 721. Springer, Cham (2018)

Vallejo, P.: La flor de la Chukirawa. In: Antología de teatro ecuatoriano contemporáneo, pp. 71–88 (2007)

Vallejo, P.: La flor de la Chukirawa 1ª parte (2007). 
https://www.youtube.com/watch?v=ftzNL4mXtkA

Vallejo, P.: La flor de la Chukirawa 2ª parte (2007). 
https://www.youtube.com/watch?v=ZPY6ZuhbQ10

C Francés

Francés, C.: La fanesca. Teatro Malayerba, Quito (2009)

Gallegos, C.: Barrio Caleidoscopio. Fundación Teatro Nacional Sucre, Quito (2010)

Gólgota picnic

R García

García, R.: Gólgota picnic. Centro Dramático Nacional, Madrid (2011)

Estermann, J., Peña, A.: Filosofía andina. IECTA-CIDSA, La Paz (1997)

Oviedo, A.: Buen Vivir vs. Sumak Kawsay: reforma capitalista y revolución alternativa. Ediciones CICCUS, Buenos Aires (2013)

Trentini, G.: Identidad cultural contemporánea de los otavalos: tradición, modernidad y cambios sociales. Sarance 29, 42–57 (2013)

Trentini, G.: Identidad cultural contemporánea de los otavalos: tradición, modernidad y cambios sociales. Parte segunda: análisis de los datos iy comentarios conclusivos. Sarance 30, 38–58 (2013)

la ruta inka de sabiduría

Lajo, J., Ñan, K.: la ruta inka de sabiduría. Amaro Runa Ediciones, Lima (2005)
