{"status":"ok","message-type":"work","message-version":"1.0.0","message":{"indexed":{"date-parts":[[2025,3,26]],"date-time":"2025-03-26T22:29:52Z","timestamp":1743028192062,"version":"3.40.3"},"publisher-location":"Cham","reference-count":28,"publisher":"Springer International Publishing","isbn-type":[{"type":"print","value":"9783030491079"},{"type":"electronic","value":"9783030491086"}],"license":[{"start":{"date-parts":[[2020,1,1]],"date-time":"2020-01-01T00:00:00Z","timestamp":1577836800000},"content-version":"tdm","delay-in-days":0,"URL":"https:\/\/www.springernature.com\/gp\/researchers\/text-and-data-mining"},{"start":{"date-parts":[[2020,1,1]],"date-time":"2020-01-01T00:00:00Z","timestamp":1577836800000},"content-version":"vor","delay-in-days":0,"URL":"https:\/\/www.springernature.com\/gp\/researchers\/text-and-data-mining"}],"content-domain":{"domain":["link.springer.com"],"crossmark-restriction":false},"short-container-title":[],"published-print":{"date-parts":[[2020]]},"DOI":"10.1007\/978-3-030-49108-6_21","type":"book-chapter","created":{"date-parts":[[2020,7,9]],"date-time":"2020-07-09T23:56:20Z","timestamp":1594338980000},"page":"291-303","update-policy":"https:\/\/doi.org\/10.1007\/springer_crossmark_policy","source":"Crossref","is-referenced-by-count":3,"title":["Digitally-Supported Inclusive Vocational Education"],"prefix":"10.1007","author":[{"given":"Nele","family":"Sonnenschein","sequence":"first","affiliation":[],"role":[{"role":"author","vocabulary":"crossref"}]},{"given":"Anna-Maria","family":"Kamin","sequence":"additional","affiliation":[],"role":[{"role":"author","vocabulary":"crossref"}]}],"member":"297","published-online":{"date-parts":[[2020,7,10]]},"reference":[{"key":"21_CR1","first-page":"43","volume-title":"Inklusion in der Berufsbildung: Befunde - Konzepte \u2013 Diskussionen, (Berichte zur beruflichen Bildung)","author":"M Baethge","year":"2016","unstructured":"Baethge, M.: Berufsbildung f\u00fcr Menschen mit Behinderungen: Perspektiven des nationalen Bildungsberichts 2014. In: Zoyke, A., Vollmer, K. (eds.) Inklusion in der Berufsbildung: Befunde - Konzepte \u2013 Diskussionen, (Berichte zur beruflichen Bildung), pp. 43\u201357. W. Bertelsmann Verlag, Bielefeld (2016)"},{"key":"21_CR2","unstructured":"Becker, M.: Arbeitsprozessorientierte Didaktik. bwp@ Berufs- und Wirtschaftsp\u00e4dagogik \u2013 online (24) (2013). www.bwpat.de\/ausgabe24\/becker_bwpat24.pdf. Accessed 07 Feb 2019"},{"key":"21_CR3","unstructured":"Bosse, I.: Teilhabe in einer digitalen Gesellschaft \u2013 Wie Medien Inklusionsprozesse bef\u00f6rdern k\u00f6nnen (2016). www.bpb.de\/gesellschaft\/medien\/medienpolitik\/172759\/medien-und-inklusion. Accessed 20 Sept 2018"},{"key":"21_CR4","series-title":"Jahrbuch Medienp\u00e4dagogik","doi-asserted-by":"publisher","first-page":"133","DOI":"10.1007\/978-3-658-16432-4_9","volume-title":"Jahrbuch Medienp\u00e4dagogik 13: Vernetzt und entgrenzt \u2013 Gestaltung von Lernumgebungen mit digitalen Medien","author":"I Bosse","year":"2017","unstructured":"Bosse, I.: Gestaltungsprinzipien f\u00fcr digitale Lernmittel im \nGemeinsamen Unterricht. Eine explorative Studie am Beispiel der Lernplattform \nPlanet Schule. In: Mayrberger, K., Fromme, J., Grell, P., Hug, T. (eds.) Jahrbuch \nMedienp\u00e4dagogik 13: Vernetzt und entgrenzt \u2013 Gestaltung von Lernumgebungen mit \ndigitalen Medien. JM, pp. 133\u2013149. Springer, Wiesbaden (2017). \nhttps:\/\/doi.org\/10.1007\/978-3-658-16432-4_9"},{"key":"21_CR5","unstructured":"Bosse, I., Kamin, A.-M., Schluchter, J.-R.: Inklusive Medienbildung: Zugeh\u00f6rigkeit und Teilhabe in gegenw\u00e4rtigen Gemeinschaften. In: Br\u00fcggemann, M., Eder, S., Tillmann, A. (eds.) Medienbildung f\u00fcr alle: Digitalisierung. Teilhabe. Vielfalt, (Schriften zur Medienp\u00e4dagogik), pp. 35\u201352. kopaed, M\u00fcnchen (2019)"},{"volume-title":"Handbuch Inklusion und Medienbildung","year":"2019","key":"21_CR6","unstructured":"Bosse, I., Schluchter, J.-R., Zorn, I. (eds.): Handbuch Inklusion und Medienbildung. BeltzJuventa, Weinheim\/Basel (2019)"},{"key":"21_CR7","unstructured":"Bundesinstitut f\u00fcr Berufsbildung (BIBB): The German VET System. https:\/\/www.bibb.de\/en\/39.php. Accessed 16 Jan 2020"},{"key":"21_CR8","unstructured":"Bylinski, U.: Inklusive Berufsausbildung: Vielfalt aufgreifen - alle Potenziale nutzen! In: Erdsiek-Rave, U., John-Ohnesorg, M. (eds.) Inklusion in der beruflichen Ausbildung, (Schriftenreihe des Netzwerk Bildung, 34), pp. 47\u201358. Friedrich-Ebert-Stiftung, Berlin (2015)"},{"key":"21_CR9","unstructured":"Bylinski, U.: Gestaltung individueller Entwicklungsprozesse und inklusiver Lernsettings in der beruflichen Bildung. bwp@ Berufs- und Wirtschaftsp\u00e4dagogik \u2013 online (30) (2016). http:\/\/www.bwpat.de\/ausgabe30\/bylinski_bwpat30.pdf. Accessed 14 Aug 2018"},{"key":"21_CR10","unstructured":"CAST: Universal Design for Learning Guidelines. Version 2.2 (2018). http:\/\/udlguidelines.cast.org. Accessed 06 Mar 2019"},{"key":"21_CR11","first-page":"241","volume-title":"Handbuch Inklusion und Medienbildung","author":"S Dirks","year":"2019","unstructured":"Dirks, S., Linke, H.: Assistive Technologien. In: Bosse, I., Schluchter, J.-R., Zorn, I. (eds.) Handbuch Inklusion und Medienbildung, pp. 241\u2013251. BeltzJuventa, Weinheim\/Basel (2019)"},{"key":"21_CR12","unstructured":"Euler, D.: Inklusion in der Berufsausbildung: \nBekenntnisse - Erkenntnisse - Herausforderungen - Konsequenzen. \nIn: Zoyke, A., Vollmer, K. (eds.) Inklusion in der Berufsbildung: \nBefunde \u2013 Konzepte \u2013 Diskussionen, (Berichte zur beruflichen Bildung), pp. 27\u201342. \nW. Bertelsmann Verlag, Bielefeld (2016)"},{"key":"21_CR13","unstructured":"Euler, D., Severing, E.: Inklusion in der beruflichen Bildung: Daten, Fakten, offene Fragen (2014). https:\/\/www.bertelsmann-stiftung.de\/fileadmin\/files\/BSt\/Publikationen\/GrauePublikationen\/LL_GP_Inklusion_Hintergrund_150610final.pdf. Accessed 17 Sept 2018"},{"key":"21_CR14","unstructured":"Euler, D., Sloane, P.F.E.: Design-Based-Research. In: Rauner, F., Grollmann, P. (eds.) Handbuch Berufsbildungsforschung, 3rd edn., pp. 782\u2013790. wbv Media GmbH & Co. KG, Bielefeld (2018)"},{"key":"21_CR15","unstructured":"Fisseler, B., Schaten, M.: Barrierefreies E-Learning und Universal Design. In: Biermann, H., Bonz, B. (eds.) Inklusive Berufsbildung: Didaktik beruflicher Teilhabe trotz Behinderung und Benachteiligung, 2nd edn., (Berufsbildung konkret, 11), pp. 208\u2013218. Schneider Verlag Hohengehren, Baltmannsweiler (2012)"},{"key":"21_CR16","first-page":"133","volume-title":"Kompetenzorientierung in der beruflichen Bildung (Berichte zur beruflichen Bildung)","author":"K Hensge","year":"2011","unstructured":"Hensge, K., Lorig, B., Schreiber, D.: Kompetenzverst\u00e4ndnis und -modelle in der beruflichen Bildung. In: Bethscheider, M., H\u00f6hns, G., M\u00fcnchhausen, G. (eds.) Kompetenzorientierung in der beruflichen Bildung (Berichte zur beruflichen Bildung), pp. 133\u2013157. W. Bertelsmann Verlag, Bielefeld (2011)"},{"key":"21_CR17","series-title":"Jahrbuch Medienp\u00e4dagogik","doi-asserted-by":"publisher","first-page":"213","DOI":"10.1007\/978-3-658-16432-4_14","volume-title":"Jahrbuch Medienp\u00e4dagogik 13: Vernetzt und entgrenzt \u2013 Gestaltung von Lernumgebungen mit digitalen Medien","author":"A-M Kamin","year":"2017","unstructured":"Kamin, A.-M., Meister, D.M.: Digital unterst\u00fctztes Lernen in Pflegeberufen \nunter entgrenzten Bedingungen \u2013 ein gestaltungs- und entwicklungsorientiertes \nForschungsprojekt. In: Mayrberger, K., Fromme, J., Grell, P., Hug, T. (eds.) Jahrbuch \nMedienp\u00e4dagogik 13: Vernetzt und entgrenzt \u2013 Gestaltung von Lernumgebungen mit digitalen \nMedien. JM, pp. 213\u2013229. Springer, Wiesbaden (2017). \nhttps:\/\/doi.org\/10.1007\/978-3-658-16432-4_14"},{"key":"21_CR18","doi-asserted-by":"publisher","DOI":"10.1515\/9783110456837","volume-title":"Mediendidaktik: Konzeption und Entwicklung digitaler Lernangebote","author":"M Kerres","year":"2018","unstructured":"Kerres, M.: Mediendidaktik: Konzeption und Entwicklung digitaler Lernangebote, 5th edn. Walter de Gruyter GmbH, Berlin\/Boston (2018)","edition":"5"},{"key":"21_CR19","unstructured":"Kullmann, H., L\u00fctje-Klose, B., Textor, A.: Eine Allgemeine Didaktik f\u00fcr inklusive Lerngruppen \u2013 f\u00fcnf Leitprinzipien als Grundlage eines Bielefelder Ansatzes der inklusiven Didaktik. In: Amrhein, B., Dziak-Mahler, M. (eds.) Fachdidaktik inklusiv: Auf der Suche nach didaktischen Leitlinien f\u00fcr den Umgang mit Vielfalt in der Schule, (LehrerInnenbildung gestalten, 3), pp. 89\u2013107. Waxmann, M\u00fcnster Westf (2014)"},{"key":"21_CR20","first-page":"146","volume-title":"Handbuch Inklusion und Medienbildung","author":"M Kunzendorf","year":"2019","unstructured":"Kunzendorf, M.: Berufsfeld Arbeit\/Beruf. In: Bosse, I., Schluchter, J.-R., Zorn, I. (eds.) Handbuch Inklusion und Medienbildung, pp. 146\u2013156. BeltzJuventa, Weinheim\/Basel (2019)"},{"key":"21_CR21","volume-title":"Qualitative Inhaltsanalyse: Grundlagen und Techniken","author":"P Mayring","year":"2015","unstructured":"Mayring, P.: Qualitative Inhaltsanalyse: Grundlagen und Techniken. Beltz, Weinheim\/Basel (2015)"},{"key":"21_CR22","unstructured":"Metzler, C., Seyda, S.: Erwartete und tats\u00e4chliche Hemmnisse und L\u00f6sungen f\u00fcr und in der Ausbildung von Menschen mit Behinderung aus Unternehmenssicht. bwp@ Berufs- und Wirtschaftsp\u00e4dagogik \u2013 online (30) (2016). http:\/\/www.bwpat.de\/ausgabe30\/metzler_seyda_bwpat30.pdf. Accessed 07 Feb 2020"},{"key":"21_CR23","unstructured":"Miesenberger, K., B\u00fchler, C., Niesyto, H., Schluchter, J.-R., Bosse, I.: Sieben Fragen zur inklusiven Medienbildung. In: Bosse, I. (ed.) Medienbildung im Zeitalter der Inklusion. Landesanstalt f\u00fcr Medien Nordrhein-Westfalen (LfM), D\u00fcsseldorf (LfM-Dokumentation, 45), pp. 27\u201375 (2012)"},{"key":"21_CR24","first-page":"55","volume-title":"Inklusion im \u00dcbergang von der Schule in Ausbildung und Beruf: Hintergr\u00fcnde, Herausforderungen und Beispiele aus der Praxis (Berichte zur beruflichen Bildung)","author":"F Neises","year":"2018","unstructured":"Neises, F.: Exklusion \u00fcberwinden \u2013 Zug\u00e4nge zu und Teilhabe an regul\u00e4rer Ausbildung und Besch\u00e4ftigung. In: Arndt, I., Neises, F., Weber, K. (eds.) Inklusion im \u00dcbergang von der Schule in Ausbildung und Beruf: Hintergr\u00fcnde, Herausforderungen und Beispiele aus der Praxis (Berichte zur beruflichen Bildung), pp. 55\u201370. Verlag Barbara Budrich, Bonn (2018)"},{"key":"21_CR25","unstructured":"Oehme, A.: Der sozialp\u00e4dagogische Blick auf (mehr) Inklusion in der beruflichen Bildung. In: Bylinski, U., R\u00fctzel, J. (eds.) Inklusion als Chance und Gewinn f\u00fcr eine differenzierte Berufsbildung, (Berichte zur beruflichen Bildung), pp. 43\u201356. W. Bertelsmann Verlag, Bielefeld (2016)"},{"key":"21_CR26","volume-title":"Inklusive Didaktik: Bausteine f\u00fcr eine inklusive Schule","author":"K Reich","year":"2014","unstructured":"Reich, K.: Inklusive Didaktik: Bausteine f\u00fcr eine inklusive Schule. Beltz Juventa, Weinheim\/Basel (2014)"},{"key":"21_CR27","first-page":"9","volume-title":"Grundbegriffe Medienp\u00e4dagogik","author":"F Schell","year":"2005","unstructured":"Schell, F.: Aktive Medienarbeit. In: H\u00fcther, J., Schorb, B. (eds.) Grundbegriffe Medienp\u00e4dagogik, pp. 9\u201316. kopaed, M\u00fcnchen (2005)"},{"key":"21_CR28","first-page":"16","volume-title":"Handbuch Inklusion und Medienbildung","author":"I Zorn","year":"2019","unstructured":"Zorn, I., Schluchter, J.-R., Bosse, I.: Theoretische Grundlagen inklusiver Medienbildung. In: Bosse, I., Schluchter, J.-R., Zorn, I. (eds.) Handbuch Inklusion und Medienbildung, pp. 16\u201333. BeltzJuventa, Weinheim\/Basel (2019)"}],"container-title":["Lecture Notes in Computer Science","Universal Access in Human-Computer Interaction. Applications and Practice"],"original-title":[],"language":"en","link":[{"URL":"https:\/\/link.springer.com\/content\/pdf\/10.1007\/978-3-030-49108-6_21","content-type":"unspecified","content-version":"vor","intended-application":"similarity-checking"}],"deposited":{"date-parts":[[2024,7,10]],"date-time":"2024-07-10T00:11:44Z","timestamp":1720570304000},"score":1,"resource":{"primary":{"URL":"https:\/\/link.springer.com\/10.1007\/978-3-030-49108-6_21"}},"subtitle":["Conceptual Considerations for the Hotel and Restaurant Industry"],"short-title":[],"issued":{"date-parts":[[2020]]},"ISBN":["9783030491079","9783030491086"],"references-count":28,"URL":"https:\/\/doi.org\/10.1007\/978-3-030-49108-6_21","relation":{},"ISSN":["0302-9743","1611-3349"],"issn-type":[{"type":"print","value":"0302-9743"},{"type":"electronic","value":"1611-3349"}],"subject":[],"published":{"date-parts":[[2020]]},"assertion":[{"value":"10 July 2020","order":1,"name":"first_online","label":"First Online","group":{"name":"ChapterHistory","label":"Chapter History"}},{"value":"HCII","order":1,"name":"conference_acronym","label":"Conference Acronym","group":{"name":"ConferenceInfo","label":"Conference Information"}},{"value":"International Conference on Human-Computer Interaction","order":2,"name":"conference_name","label":"Conference Name","group":{"name":"ConferenceInfo","label":"Conference Information"}},{"value":"Copenhagen","order":3,"name":"conference_city","label":"Conference City","group":{"name":"ConferenceInfo","label":"Conference Information"}},{"value":"Denmark","order":4,"name":"conference_country","label":"Conference Country","group":{"name":"ConferenceInfo","label":"Conference Information"}},{"value":"2020","order":5,"name":"conference_year","label":"Conference Year","group":{"name":"ConferenceInfo","label":"Conference Information"}},{"value":"19 July 2020","order":7,"name":"conference_start_date","label":"Conference Start Date","group":{"name":"ConferenceInfo","label":"Conference Information"}},{"value":"24 July 2020","order":8,"name":"conference_end_date","label":"Conference End Date","group":{"name":"ConferenceInfo","label":"Conference Information"}},{"value":"22","order":9,"name":"conference_number","label":"Conference Number","group":{"name":"ConferenceInfo","label":"Conference Information"}},{"value":"hcii2020","order":10,"name":"conference_id","label":"Conference ID","group":{"name":"ConferenceInfo","label":"Conference Information"}},{"value":"http:\/\/2020.hci.international\/","order":11,"name":"conference_url","label":"Conference URL","group":{"name":"ConferenceInfo","label":"Conference Information"}},{"value":"This content has been made available to all.","name":"free","label":"Free to read"}]}}

Baethge, M.: Berufsbildung für Menschen mit Behinderungen: Perspektiven des nationalen Bildungsberichts 2014. In: Zoyke, A., Vollmer, K. (eds.) Inklusion in der Berufsbildung: Befunde - Konzepte – Diskussionen, (Berichte zur beruflichen Bildung), pp. 43–57. W. Bertelsmann Verlag, Bielefeld (2016)

Becker, M.: Arbeitsprozessorientierte Didaktik. bwp@ Berufs- und Wirtschaftspädagogik – online (24) (2013). www.bwpat.de/ausgabe24/becker_bwpat24.pdf. Accessed 07 Feb 2019

Bosse, I.: Teilhabe in einer digitalen Gesellschaft – Wie Medien Inklusionsprozesse befördern können (2016). www.bpb.de/gesellschaft/medien/medienpolitik/172759/medien-und-inklusion. Accessed 20 Sept 2018

Jahrbuch Medienpädagogik

Jahrbuch Medienpädagogik 13: Vernetzt und entgrenzt – Gestaltung von Lernumgebungen mit digitalen Medien

Bosse, I.: Gestaltungsprinzipien für digitale Lernmittel im 
Gemeinsamen Unterricht. Eine explorative Studie am Beispiel der Lernplattform 
Planet Schule. In: Mayrberger, K., Fromme, J., Grell, P., Hug, T. (eds.) Jahrbuch 
Medienpädagogik 13: Vernetzt und entgrenzt – Gestaltung von Lernumgebungen mit 
digitalen Medien. JM, pp. 133–149. Springer, Wiesbaden (2017). 
https://doi.org/10.1007/978-3-658-16432-4_9

Bosse, I., Kamin, A.-M., Schluchter, J.-R.: Inklusive Medienbildung: Zugehörigkeit und Teilhabe in gegenwärtigen Gemeinschaften. In: Brüggemann, M., Eder, S., Tillmann, A. (eds.) Medienbildung für alle: Digitalisierung. Teilhabe. Vielfalt, (Schriften zur Medienpädagogik), pp. 35–52. kopaed, München (2019)

Bundesinstitut für Berufsbildung (BIBB): The German VET System. https://www.bibb.de/en/39.php. Accessed 16 Jan 2020

Bylinski, U.: Gestaltung individueller Entwicklungsprozesse und inklusiver Lernsettings in der beruflichen Bildung. bwp@ Berufs- und Wirtschaftspädagogik – online (30) (2016). http://www.bwpat.de/ausgabe30/bylinski_bwpat30.pdf. Accessed 14 Aug 2018

Hensge, K., Lorig, B., Schreiber, D.: Kompetenzverständnis und -modelle in der beruflichen Bildung. In: Bethscheider, M., Höhns, G., Münchhausen, G. (eds.) Kompetenzorientierung in der beruflichen Bildung (Berichte zur beruflichen Bildung), pp. 133–157. W. Bertelsmann Verlag, Bielefeld (2011)

Kamin, A.-M., Meister, D.M.: Digital unterstütztes Lernen in Pflegeberufen 
unter entgrenzten Bedingungen – ein gestaltungs- und entwicklungsorientiertes 
Forschungsprojekt. In: Mayrberger, K., Fromme, J., Grell, P., Hug, T. (eds.) Jahrbuch 
Medienpädagogik 13: Vernetzt und entgrenzt – Gestaltung von Lernumgebungen mit digitalen 
Medien. JM, pp. 213–229. Springer, Wiesbaden (2017). 
https://doi.org/10.1007/978-3-658-16432-4_14

Kullmann, H., Lütje-Klose, B., Textor, A.: Eine Allgemeine Didaktik für inklusive Lerngruppen – fünf Leitprinzipien als Grundlage eines Bielefelder Ansatzes der inklusiven Didaktik. In: Amrhein, B., Dziak-Mahler, M. (eds.) Fachdidaktik inklusiv: Auf der Suche nach didaktischen Leitlinien für den Umgang mit Vielfalt in der Schule, (LehrerInnenbildung gestalten, 3), pp. 89–107. Waxmann, Münster Westf (2014)

Metzler, C., Seyda, S.: Erwartete und tatsächliche Hemmnisse und Lösungen für und in der Ausbildung von Menschen mit Behinderung aus Unternehmenssicht. bwp@ Berufs- und Wirtschaftspädagogik – online (30) (2016). http://www.bwpat.de/ausgabe30/metzler_seyda_bwpat30.pdf. Accessed 07 Feb 2020

Miesenberger, K., Bühler, C., Niesyto, H., Schluchter, J.-R., Bosse, I.: Sieben Fragen zur inklusiven Medienbildung. In: Bosse, I. (ed.) Medienbildung im Zeitalter der Inklusion. Landesanstalt für Medien Nordrhein-Westfalen (LfM), Düsseldorf (LfM-Dokumentation, 45), pp. 27–75 (2012)

Inklusion im Übergang von der Schule in Ausbildung und Beruf: Hintergründe, Herausforderungen und Beispiele aus der Praxis (Berichte zur beruflichen Bildung)

Neises, F.: Exklusion überwinden – Zugänge zu und Teilhabe an regulärer Ausbildung und Beschäftigung. In: Arndt, I., Neises, F., Weber, K. (eds.) Inklusion im Übergang von der Schule in Ausbildung und Beruf: Hintergründe, Herausforderungen und Beispiele aus der Praxis (Berichte zur beruflichen Bildung), pp. 55–70. Verlag Barbara Budrich, Bonn (2018)

Oehme, A.: Der sozialpädagogische Blick auf (mehr) Inklusion in der beruflichen Bildung. In: Bylinski, U., Rützel, J. (eds.) Inklusion als Chance und Gewinn für eine differenzierte Berufsbildung, (Berichte zur beruflichen Bildung), pp. 43–56. W. Bertelsmann Verlag, Bielefeld (2016)

Inklusive Didaktik: Bausteine für eine inklusive Schule

Reich, K.: Inklusive Didaktik: Bausteine für eine inklusive Schule. Beltz Juventa, Weinheim/Basel (2014)

Grundbegriffe Medienpädagogik

Schell, F.: Aktive Medienarbeit. In: Hüther, J., Schorb, B. (eds.) Grundbegriffe Medienpädagogik, pp. 9–16. kopaed, München (2005)
