{"status":"ok","message-type":"work","message-version":"1.0.0","message":{"indexed":{"date-parts":[[2025,3,27]],"date-time":"2025-03-27T16:35:29Z","timestamp":1743093329681,"version":"3.40.3"},"publisher-location":"Cham","reference-count":31,"publisher":"Springer International Publishing","isbn-type":[{"type":"print","value":"9783030491079"},{"type":"electronic","value":"9783030491086"}],"license":[{"start":{"date-parts":[[2020,1,1]],"date-time":"2020-01-01T00:00:00Z","timestamp":1577836800000},"content-version":"tdm","delay-in-days":0,"URL":"https:\/\/www.springernature.com\/gp\/researchers\/text-and-data-mining"},{"start":{"date-parts":[[2020,1,1]],"date-time":"2020-01-01T00:00:00Z","timestamp":1577836800000},"content-version":"vor","delay-in-days":0,"URL":"https:\/\/www.springernature.com\/gp\/researchers\/text-and-data-mining"}],"content-domain":{"domain":["link.springer.com"],"crossmark-restriction":false},"short-container-title":[],"published-print":{"date-parts":[[2020]]},"DOI":"10.1007\/978-3-030-49108-6_26","type":"book-chapter","created":{"date-parts":[[2020,7,9]],"date-time":"2020-07-09T23:56:20Z","timestamp":1594338980000},"page":"356-369","update-policy":"https:\/\/doi.org\/10.1007\/springer_crossmark_policy","source":"Crossref","is-referenced-by-count":0,"title":["The Information Repertoire of People with Disabilities"],"prefix":"10.1007","author":[{"ORCID":"https:\/\/orcid.org\/0000-0002-6101-6730","authenticated-orcid":false,"given":"Annegret","family":"Haage","sequence":"first","affiliation":[],"role":[{"role":"author","vocabulary":"crossref"}]}],"member":"297","published-online":{"date-parts":[[2020,7,10]]},"reference":[{"key":"26_CR1","unstructured":"Berger, A., Caspers, T., Croll, J., et al.: Web 2.0\/barrierefrei. Eine Studie zur Nutzung von Web 2.0 Anwendungen durch Menschen mit Behinderung, Bonn (2010)"},{"key":"26_CR2","unstructured":"Bosse, I., Hasebrink, U.: Mediennutzung von Menschen mit Behinderungen. Forschungsbericht (2016). http:\/\/www.kme.tu-dortmund.de\/cms\/de\/Aktuelles\/aktuelle-Meldungen\/Langfassung-der-Studie-_Mediennutzung-von-Menschen-mit-Behinderungen_-veroeffentlicht\/Studie-Mediennutzung_Langfassung_final.pdf"},{"key":"26_CR3","unstructured":"Bosse, I., Zaynel, N., Lampert, C.: MeKoBe - Medienkompetenz in der Behindertenhilfe in Bremen. Bedarfserfassung und Handlungsempfehlungen f\u00fcr die Gestaltung von Fortbildungen zur Medienkompetenzf\u00f6rderung. Abschlussbericht (2018). http:\/\/www.bremische-landesmedienanstalt.de\/studie-zu-medienkompetenz-der-behindertenhilfe-veroeffentlicht. Accessed 15 Nov 2018"},{"key":"26_CR4","unstructured":"B\u00fchler, C.: Sieben Fragen zur inklusiven Medienbildung. In: Bosse, I. (ed.) Medienbildung im Zeitalter der Inklusion, D\u00fcsseldorf, pp. 27\u201357 (2012)"},{"key":"26_CR5","unstructured":"Committee on the Rights of Persons with Disabilities. List of issues prior to submission of the combined second and third periodic report of Germany (2018). https:\/\/www.gemeinsam-einfach-machen.de\/GEM\/DE\/AS\/UN_BRK\/Staatenpruefung\/Zweite_Staatenpruefung\/Bericht_englisch.pdf?__blob=publicationFile&v=2. Accessed 14 Feb 2020"},{"key":"26_CR6","doi-asserted-by":"publisher","first-page":"18","DOI":"10.1016\/j.poetic.2016.08.003","volume":"58","author":"K Dobransky","year":"2016","unstructured":"Dobransky, K., Hargittai, E.: Unrealized potential. Exploring the digital disability divide. Poetics 58, 18\u201328 (2016). https:\/\/doi.org\/10.1016\/j.poetic.2016.08.003","journal-title":"Poetics"},{"key":"26_CR7","series-title":"Springer-Lehrbuch","doi-asserted-by":"publisher","DOI":"10.1007\/978-3-642-41089-5","volume-title":"Forschungsmethoden und Evaluation in den Sozial- und Humanwissenschaften","year":"2016","unstructured":"D\u00f6ring, N., Bortz, J. (eds.): Forschungsmethoden und Evaluation in den Sozial- und Humanwissenschaften. Springer-Lehrbuch. Springer, Heidelberg (2016). https:\/\/doi.org\/10.1007\/978-3-642-41089-5"},{"issue":"6","key":"26_CR8","doi-asserted-by":"publisher","first-page":"e0179825","DOI":"10.1371\/journal.pone.0179825","volume":"12","author":"M Duplaga","year":"2017","unstructured":"Duplaga, M.: Digital divide among people with disabilities: analysis of data from a nationwide study for determinants of Internet use and activities performed online. PLoS ONE 12(6), e0179825 (2017). https:\/\/doi.org\/10.1371\/journal.pone.0179825","journal-title":"PLoS ONE"},{"key":"26_CR9","first-page":"63","volume-title":"Theorizing Digital Divides","author":"G Goggin","year":"2018","unstructured":"Goggin, G.: Disability and digital inequalities. rethinking digital divides with disability theory. In: Ragnedda, M., Muschert, G.W. (eds.) Theorizing Digital Divides, pp. 63\u201374. Routledge, London (2018)"},{"key":"26_CR10","unstructured":"Haage, A.: Das Informationsrepertoire von Menschen mit Beeintr\u00e4chtigungen. Eine Studie zur Mediennutzung von Menschen mit Beeintr\u00e4chtigungen. Dissertation, TU Dortmund (2019)"},{"key":"26_CR11","series-title":"Lecture Notes in Computer Science","doi-asserted-by":"publisher","first-page":"419","DOI":"10.1007\/978-3-319-58700-4_34","volume-title":"Universal Access in Human\u2013Computer Interaction. Human and Technological Environments","author":"A Haage","year":"2017","unstructured":"Haage, A., Bosse, I.K.: Media use of persons with disabilities. In: Antona, M., Stephanidis, C. (eds.) UAHCI 2017. LNCS, Part III, vol. 10279, pp. 419\u2013435. Springer, Cham (2017). https:\/\/doi.org\/10.1007\/978-3-319-58700-4_34"},{"key":"26_CR12","first-page":"207","volume-title":"Handbuch Inklusion und Medienbildung","author":"A Haage","year":"2019","unstructured":"Haage, A., B\u00fchler, C.: Barrierefreiheit. In: Bosse, I., Schluchter, J.-R., Zorn, I. (eds.) Handbuch Inklusion und Medienbildung, pp. 207\u2013215. Beltz Juventa, Weinheim (2019)"},{"key":"26_CR13","unstructured":"Haage, A., Zaynel, N.: Medienp\u00e4dagogische Qualit\u00e4t bedeutet, alle zu ber\u00fccksichtigen. Erkenntnisse aus der Forschung zur Mediennutzung, Medienkompetenz und -bildung von Menschen mit Beeintr\u00e4chtigungen. In: Knaus, T., Meister, D., Narr, K. (eds.) Futurelab Medienp\u00e4dagogik, pp. 167\u2013180. kopaed, M\u00fcnchen (2018)"},{"key":"26_CR14","doi-asserted-by":"crossref","unstructured":"Hasebrink, U., Domeyer, H.: Zum Wandel von Informationsrepertoires in konvergierenden Medienumgebungen. In: Hartmann, M., Hepp, A. (eds.) Die Mediatisierung der Alltagswelt, pp. 49\u201364. VS Verlag f\u00fcr Sozialwissenschaften\/GWV Fachverlage, Wiesbaden (2010)","DOI":"10.1007\/978-3-531-92014-6_4"},{"issue":"4","key":"26_CR15","doi-asserted-by":"publisher","first-page":"362","DOI":"10.1177\/1354856517700384","volume":"23","author":"U Hasebrink","year":"2017","unstructured":"Hasebrink, U., Hepp, A.: How to research cross-media practices? Investigating media repertoires and media ensembles. Convergence 23(4), 362\u2013377 (2017). https:\/\/doi.org\/10.1177\/1354856517700384","journal-title":"Convergence"},{"key":"26_CR16","doi-asserted-by":"publisher","first-page":"113","DOI":"10.1007\/978-3-319-51289-1_6","volume-title":"Media Convergence and Deconvergence","author":"U Hasebrink","year":"2017","unstructured":"Hasebrink, U., H\u00f6lig, S.: Deconstructing audiences in converging media environments. In: Sparviero, S., Peil, C., Balbi, G. (eds.) Media Convergence and Deconvergence, pp. 113\u2013133. Springer International Publishing, Cham (2017)"},{"key":"26_CR17","doi-asserted-by":"publisher","unstructured":"Hasebrink, U., Popp, J.: Media repertoires as a result of selective media use. A conceptual approach to the analysis of patterns of exposure. 31(3), 369\u2013387 (2006). https:\/\/doi.org\/10.1515\/COMMUN.2006.023","DOI":"10.1515\/COMMUN.2006.023"},{"key":"26_CR18","series-title":"Lecture Notes in Computer Science","doi-asserted-by":"publisher","first-page":"98","DOI":"10.1007\/978-3-030-23563-5_9","volume-title":"Universal Access in Human-Computer Interaction. Multimodality and Assistive Environments","author":"VN Heitplatz","year":"2019","unstructured":"Heitplatz, V.N., B\u00fchler, C., Hastall, M.R.: Caregivers\u2019 influence on smartphone usage of people with cognitive disabilities: an explorative case study in Germany. In: Antona, M., Stephanidis, C. (eds.) HCII 2019. LNCS, vol. 11573, pp. 98\u2013115. Springer, Cham (2019). https:\/\/doi.org\/10.1007\/978-3-030-23563-5_9"},{"issue":"8","key":"26_CR19","doi-asserted-by":"publisher","first-page":"1253","DOI":"10.1177\/1461444816634676","volume":"19","author":"EJ Helsper","year":"2017","unstructured":"Helsper, E.J., Reisdorf, B.C.: The emergence of a \u201cdigital underclass\u201d in Great Britain and Sweden: changing reasons for digital exclusion. New Med. Soc. 19(8), 1253\u20131270 (2017). https:\/\/doi.org\/10.1177\/1461444816634676","journal-title":"New Med. Soc."},{"key":"26_CR20","first-page":"201","volume-title":"Handbuch Barrierefreie Kommunikation","author":"J Hennies","year":"2019","unstructured":"Hennies, J.: Pr\u00e4linguale H\u00f6rbehinderung und Schriftsprachkompetenz. In: Maa\u00df, C., Rink, I. (eds.) Handbuch Barrierefreie Kommunikation, pp. 201\u2013220. Frank & Timme Verlag f\u00fcr wissenschaftliche Literatur, Berlin (2019)"},{"key":"26_CR21","first-page":"70","volume-title":"Rezeption und Wirkung in zeitlicher Perspektive","author":"S H\u00f6lig","year":"2011","unstructured":"H\u00f6lig, S., Domeyer, H., Hasebrink, U.: Souver\u00e4ne Bindungen: Zeitliche Bez\u00fcge in Medienrepertoires und Kommunikationsmodi. In: Suckf\u00fcll, M. (ed.) Rezeption und Wirkung in zeitlicher Perspektive, 1st edn, pp. 70\u201388. Nomos, Baden-Baden (2011)","edition":"1"},{"key":"26_CR22","unstructured":"Krotz, F.: Mediatisierung. Fallstudien zum Wandel von Kommunikation, 1. Aufl. Medien - Kultur - Kommunikation. VS, Verl. f\u00fcr Sozialwiss, Wiesbaden (2007)"},{"issue":"5","key":"26_CR23","doi-asserted-by":"publisher","first-page":"702","DOI":"10.1080\/09687599.2012.732538","volume":"28","author":"SJ Macdonald","year":"2013","unstructured":"Macdonald, S.J., Clayton, J.: Back to the future, disability and the digital divide. Disabil. Soc. 28(5), 702\u2013718 (2013). https:\/\/doi.org\/10.1080\/09687599.2012.732538","journal-title":"Disabil. Soc."},{"key":"26_CR24","first-page":"170","volume-title":"Handbuch Inklusion und Medienbildung","author":"M Mayerle","year":"2019","unstructured":"Mayerle, M.: Berufsfeld Tagesf\u00f6rderung\/ Wohneinrichtungen. In: Bosse, I., Schluchter, J.-R., Zorn, I. (eds.) Handbuch Inklusion und Medienbildung, pp. 170\u2013180. Beltz Juventa, Weinheim (2019)"},{"key":"26_CR25","unstructured":"R\u00f6hm, A.: Stigmatisierung und Entstigmatisierung von Menschen mit Behinderungen: Einfluss unterschiedlicher medialer Darstellungen auf Einstellungen und Handlungsintentionen. Dissertation, TU Dortmund (2017)"},{"issue":"3\/4","key":"26_CR26","doi-asserted-by":"publisher","first-page":"283","DOI":"10.1108\/jices-10-2014-0050","volume":"13","author":"N Sachdeva","year":"2015","unstructured":"Sachdeva, N., Tuikka, A.-M., Kimppa, K.K., et al.: Digital disability divide in information society. A framework based on a structured literature review. J. Inf. Commun. Ethics Soc. 13(3\/4), 283\u2013298 (2015). https:\/\/doi.org\/10.1108\/jices-10-2014-0050","journal-title":"J. Inf. Commun. Ethics Soc."},{"key":"26_CR27","doi-asserted-by":"crossref","unstructured":"Schendera, C.F.G.: Clusteranalyse mit SPSS. Mit Faktorenanalyse. Wirtschaftsmathematik-und Statistik 8-2011. Oldenbourg, M\u00fcnchen (2010)","DOI":"10.1524\/9783486710526"},{"key":"26_CR28","unstructured":"Schmidt J-H (2013) Social Media. Medienwissen kompakt. Imprint: Springer VS, Wiesbaden"},{"key":"26_CR29","first-page":"191","volume-title":"Audience Transformations Shifting Audience Positions in Late Modernity","author":"S Tr\u00fcltzsch","year":"2014","unstructured":"Tr\u00fcltzsch, S., Kouts-Klemm, R., Aroldi, P.: Transforming digital divide in different national contexts. In: Carpentier, N., Schr\u00f8der, K.C., Hallett, L. (eds.) Audience Transformations Shifting Audience Positions in Late Modernity, pp. 191\u2013209. Routledge, New York (2014)"},{"key":"26_CR30","unstructured":"United Nations. Convention on the Rights of Persons with Disabilities (2006). https:\/\/www.un.org\/development\/desa\/disabilities\/convention-on-the-rights-of-persons-with-disabilities\/convention-on-the-rights-of-persons-with-disabilities-2.html. Accessed 10 Feb 2020"},{"issue":"1","key":"26_CR31","doi-asserted-by":"publisher","first-page":"48","DOI":"10.1080\/01615440903423245","volume":"26","author":"MR Vicente","year":"2010","unstructured":"Vicente, M.R., L\u00f3pez, A.J.: A multidimensional analysis of the disability digital divide. Some evidence for internet use. Inf. Soc. 26(1), 48\u201364 (2010). https:\/\/doi.org\/10.1080\/01615440903423245","journal-title":"Inf. Soc."}],"container-title":["Lecture Notes in Computer Science","Universal Access in Human-Computer Interaction. Applications and Practice"],"original-title":[],"language":"en","link":[{"URL":"https:\/\/link.springer.com\/content\/pdf\/10.1007\/978-3-030-49108-6_26","content-type":"unspecified","content-version":"vor","intended-application":"similarity-checking"}],"deposited":{"date-parts":[[2024,7,10]],"date-time":"2024-07-10T00:13:34Z","timestamp":1720570414000},"score":1,"resource":{"primary":{"URL":"https:\/\/link.springer.com\/10.1007\/978-3-030-49108-6_26"}},"subtitle":[],"short-title":[],"issued":{"date-parts":[[2020]]},"ISBN":["9783030491079","9783030491086"],"references-count":31,"URL":"https:\/\/doi.org\/10.1007\/978-3-030-49108-6_26","relation":{},"ISSN":["0302-9743","1611-3349"],"issn-type":[{"type":"print","value":"0302-9743"},{"type":"electronic","value":"1611-3349"}],"subject":[],"published":{"date-parts":[[2020]]},"assertion":[{"value":"10 July 2020","order":1,"name":"first_online","label":"First Online","group":{"name":"ChapterHistory","label":"Chapter History"}},{"value":"HCII","order":1,"name":"conference_acronym","label":"Conference Acronym","group":{"name":"ConferenceInfo","label":"Conference Information"}},{"value":"International Conference on Human-Computer Interaction","order":2,"name":"conference_name","label":"Conference Name","group":{"name":"ConferenceInfo","label":"Conference Information"}},{"value":"Copenhagen","order":3,"name":"conference_city","label":"Conference City","group":{"name":"ConferenceInfo","label":"Conference Information"}},{"value":"Denmark","order":4,"name":"conference_country","label":"Conference Country","group":{"name":"ConferenceInfo","label":"Conference Information"}},{"value":"2020","order":5,"name":"conference_year","label":"Conference Year","group":{"name":"ConferenceInfo","label":"Conference Information"}},{"value":"19 July 2020","order":7,"name":"conference_start_date","label":"Conference Start Date","group":{"name":"ConferenceInfo","label":"Conference Information"}},{"value":"24 July 2020","order":8,"name":"conference_end_date","label":"Conference End Date","group":{"name":"ConferenceInfo","label":"Conference Information"}},{"value":"22","order":9,"name":"conference_number","label":"Conference Number","group":{"name":"ConferenceInfo","label":"Conference Information"}},{"value":"hcii2020","order":10,"name":"conference_id","label":"Conference ID","group":{"name":"ConferenceInfo","label":"Conference Information"}},{"value":"http:\/\/2020.hci.international\/","order":11,"name":"conference_url","label":"Conference URL","group":{"name":"ConferenceInfo","label":"Conference Information"}},{"value":"This content has been made available to all.","name":"free","label":"Free to read"}]}}

Bosse, I., Zaynel, N., Lampert, C.: MeKoBe - Medienkompetenz in der Behindertenhilfe in Bremen. Bedarfserfassung und Handlungsempfehlungen für die Gestaltung von Fortbildungen zur Medienkompetenzförderung. Abschlussbericht (2018). http://www.bremische-landesmedienanstalt.de/studie-zu-medienkompetenz-der-behindertenhilfe-veroeffentlicht. Accessed 15 Nov 2018

Bühler, C.: Sieben Fragen zur inklusiven Medienbildung. In: Bosse, I. (ed.) Medienbildung im Zeitalter der Inklusion, Düsseldorf, pp. 27–57 (2012)

Döring, N., Bortz, J. (eds.): Forschungsmethoden und Evaluation in den Sozial- und Humanwissenschaften. Springer-Lehrbuch. Springer, Heidelberg (2016). https://doi.org/10.1007/978-3-642-41089-5

Haage, A.: Das Informationsrepertoire von Menschen mit Beeinträchtigungen. Eine Studie zur Mediennutzung von Menschen mit Beeinträchtigungen. Dissertation, TU Dortmund (2019)

Haage, A., Bühler, C.: Barrierefreiheit. In: Bosse, I., Schluchter, J.-R., Zorn, I. (eds.) Handbuch Inklusion und Medienbildung, pp. 207–215. Beltz Juventa, Weinheim (2019)

Haage, A., Zaynel, N.: Medienpädagogische Qualität bedeutet, alle zu berücksichtigen. Erkenntnisse aus der Forschung zur Mediennutzung, Medienkompetenz und -bildung von Menschen mit Beeinträchtigungen. In: Knaus, T., Meister, D., Narr, K. (eds.) Futurelab Medienpädagogik, pp. 167–180. kopaed, München (2018)

Hasebrink, U., Domeyer, H.: Zum Wandel von Informationsrepertoires in konvergierenden Medienumgebungen. In: Hartmann, M., Hepp, A. (eds.) Die Mediatisierung der Alltagswelt, pp. 49–64. VS Verlag für Sozialwissenschaften/GWV Fachverlage, Wiesbaden (2010)

Hasebrink, U., Hölig, S.: Deconstructing audiences in converging media environments. In: Sparviero, S., Peil, C., Balbi, G. (eds.) Media Convergence and Deconvergence, pp. 113–133. Springer International Publishing, Cham (2017)

Heitplatz, V.N., Bühler, C., Hastall, M.R.: Caregivers’ influence on smartphone usage of people with cognitive disabilities: an explorative case study in Germany. In: Antona, M., Stephanidis, C. (eds.) HCII 2019. LNCS, vol. 11573, pp. 98–115. Springer, Cham (2019). https://doi.org/10.1007/978-3-030-23563-5_9

Hennies, J.: Prälinguale Hörbehinderung und Schriftsprachkompetenz. In: Maaß, C., Rink, I. (eds.) Handbuch Barrierefreie Kommunikation, pp. 201–220. Frank & Timme Verlag für wissenschaftliche Literatur, Berlin (2019)

S Hölig

Hölig, S., Domeyer, H., Hasebrink, U.: Souveräne Bindungen: Zeitliche Bezüge in Medienrepertoires und Kommunikationsmodi. In: Suckfüll, M. (ed.) Rezeption und Wirkung in zeitlicher Perspektive, 1st edn, pp. 70–88. Nomos, Baden-Baden (2011)

Krotz, F.: Mediatisierung. Fallstudien zum Wandel von Kommunikation, 1. Aufl. Medien - Kultur - Kommunikation. VS, Verl. für Sozialwiss, Wiesbaden (2007)

Mayerle, M.: Berufsfeld Tagesförderung/ Wohneinrichtungen. In: Bosse, I., Schluchter, J.-R., Zorn, I. (eds.) Handbuch Inklusion und Medienbildung, pp. 170–180. Beltz Juventa, Weinheim (2019)

Röhm, A.: Stigmatisierung und Entstigmatisierung von Menschen mit Behinderungen: Einfluss unterschiedlicher medialer Darstellungen auf Einstellungen und Handlungsintentionen. Dissertation, TU Dortmund (2017)

Schendera, C.F.G.: Clusteranalyse mit SPSS. Mit Faktorenanalyse. Wirtschaftsmathematik-und Statistik 8-2011. Oldenbourg, München (2010)

S Trültzsch

Trültzsch, S., Kouts-Klemm, R., Aroldi, P.: Transforming digital divide in different national contexts. In: Carpentier, N., Schrøder, K.C., Hallett, L. (eds.) Audience Transformations Shifting Audience Positions in Late Modernity, pp. 191–209. Routledge, New York (2014)

Vicente, M.R., López, A.J.: A multidimensional analysis of the disability digital divide. Some evidence for internet use. Inf. Soc. 26(1), 48–64 (2010). https://doi.org/10.1080/01615440903423245
