{"status":"ok","message-type":"work","message-version":"1.0.0","message":{"indexed":{"date-parts":[[2025,3,26]],"date-time":"2025-03-26T18:11:05Z","timestamp":1743012665229,"version":"3.40.3"},"publisher-location":"Cham","reference-count":21,"publisher":"Springer International Publishing","isbn-type":[{"type":"print","value":"9783030684174"},{"type":"electronic","value":"9783030684181"}],"license":[{"start":{"date-parts":[[2021,1,1]],"date-time":"2021-01-01T00:00:00Z","timestamp":1609459200000},"content-version":"tdm","delay-in-days":0,"URL":"http:\/\/www.springer.com\/tdm"},{"start":{"date-parts":[[2021,1,1]],"date-time":"2021-01-01T00:00:00Z","timestamp":1609459200000},"content-version":"vor","delay-in-days":0,"URL":"http:\/\/www.springer.com\/tdm"}],"content-domain":{"domain":["link.springer.com"],"crossmark-restriction":false},"short-container-title":[],"published-print":{"date-parts":[[2021]]},"DOI":"10.1007\/978-3-030-68418-1_5","type":"book-chapter","created":{"date-parts":[[2021,1,28]],"date-time":"2021-01-28T09:44:17Z","timestamp":1611827057000},"page":"41-50","update-policy":"https:\/\/doi.org\/10.1007\/springer_crossmark_policy","source":"Crossref","is-referenced-by-count":0,"title":["Memory Diagnostic Application Using the FNAME"],"prefix":"10.1007","author":[{"ORCID":"https:\/\/orcid.org\/0000-0002-4084-1424","authenticated-orcid":false,"given":"Jos\u00e9","family":"Varela-Ald\u00e1s","sequence":"first","affiliation":[]},{"ORCID":"https:\/\/orcid.org\/0000-0002-7556-0286","authenticated-orcid":false,"given":"Jorge","family":"Buele","sequence":"additional","affiliation":[]},{"ORCID":"https:\/\/orcid.org\/0000-0001-5486-2659","authenticated-orcid":false,"given":"Doris","family":"P\u00e9rez","sequence":"additional","affiliation":[]},{"ORCID":"https:\/\/orcid.org\/0000-0002-9408-1280","authenticated-orcid":false,"given":"Guillermo","family":"Palacios-Navarro","sequence":"additional","affiliation":[]}],"member":"297","published-online":{"date-parts":[[2021,1,29]]},"reference":[{"key":"5_CR1","doi-asserted-by":"publisher","first-page":"157","DOI":"10.1016\/j.jneuroling.2017.12.001","volume":"48","author":"S Majerus","year":"2018","unstructured":"Majerus, S.: Working memory treatment in aphasia: a theoretical and quantitative review. J. Neurolinguistics 48, 157\u2013175 (2018). https:\/\/doi.org\/10.1016\/j.jneuroling.2017.12.001","journal-title":"J. Neurolinguistics"},{"key":"5_CR2","doi-asserted-by":"publisher","first-page":"87","DOI":"10.3390\/brainsci904008","volume":"9","author":"PD Loprinzi","year":"2019","unstructured":"Loprinzi, P.D., Blough, J., Crawford, L., Ryu, S., Zou, L., Li, H.: The temporal effects of acute exercise on episodic memory function: systematic review with meta-analysis. Brain Sci. 9, 87 (2019). https:\/\/doi.org\/10.3390\/brainsci9040087","journal-title":"Brain Sci."},{"key":"5_CR3","doi-asserted-by":"publisher","first-page":"316","DOI":"10.1177\/0956797620901760","volume":"31","author":"NR Greene","year":"2020","unstructured":"Greene, N.R., Naveh-Benjamin, M.: A specificity principle of memory: evidence from aging and associative memory. Psychol. Sci. 31, 316\u2013331 (2020). https:\/\/doi.org\/10.1177\/0956797620901760","journal-title":"Psychol. Sci."},{"key":"5_CR4","doi-asserted-by":"publisher","first-page":"21","DOI":"10.1080\/00913847.2018.1527647","volume":"47","author":"PD Loprinzi","year":"2019","unstructured":"Loprinzi, P.D., Blough, J., Ryu, S., Kang, M.: Experimental effects of exercise on memory function among mild cognitive impairment: systematic review and meta-analysis. Phys. Sportsmed. 47, 21\u201326 (2019). https:\/\/doi.org\/10.1080\/00913847.2018.1527647","journal-title":"Phys. Sportsmed."},{"key":"5_CR5","doi-asserted-by":"publisher","first-page":"1323","DOI":"10.1080\/17470218.2016.1182562","volume":"70","author":"M Schutz","year":"2017","unstructured":"Schutz, M., Stefanucci, J.K., Baum, S.H., Roth, A.: Name that percussive tune: associative memory and amplitude envelope. Q. J. Exp. Psychol. 70, 1323\u20131343 (2017). https:\/\/doi.org\/10.1080\/17470218.2016.1182562","journal-title":"Q. J. Exp. Psychol."},{"key":"5_CR6","doi-asserted-by":"publisher","first-page":"32","DOI":"10.1016\/j.bandc.2017.01.006","volume":"113","author":"TT Bruny\u00e9","year":"2017","unstructured":"Bruny\u00e9, T.T., Moran, J.M., Holmes, A., Mahoney, C.R., Taylor, H.A.: Non-invasive brain stimulation targeting the right fusiform gyrus selectively increases working memory for faces. Brain Cogn. 113, 32\u201339 (2017). https:\/\/doi.org\/10.1016\/j.bandc.2017.01.006","journal-title":"Brain Cogn."},{"key":"5_CR7","doi-asserted-by":"publisher","first-page":"79","DOI":"10.1016\/j.jml.2016.05.007","volume":"92","author":"DJ Peterson","year":"2017","unstructured":"Peterson, D.J., Schmidt, N.E., Naveh-Benjamin, M.: The role of schematic support in age-related associative deficits in short-term and long-term memory. J. Mem. Lang. 92, 79\u201397 (2017). https:\/\/doi.org\/10.1016\/j.jml.2016.05.007","journal-title":"J. Mem. Lang."},{"key":"5_CR8","doi-asserted-by":"publisher","first-page":"179","DOI":"10.1080\/13506285.2017.1405134","volume":"26","author":"M Ramon","year":"2018","unstructured":"Ramon, M., Gobbini, M.I.: Familiarity matters: a review on prioritized processing of personally familiar faces. Vis. cogn. 26, 179\u2013195 (2018). https:\/\/doi.org\/10.1080\/13506285.2017.1405134","journal-title":"Vis. cogn."},{"key":"5_CR9","doi-asserted-by":"publisher","first-page":"1878","DOI":"10.3758\/s13414-017-1419-1","volume":"79","author":"KF Rugo","year":"2017","unstructured":"Rugo, K.F., Tamler, K.N., Woodman, G.F., Maxcey, A.M.: Recognition-induced forgetting of faces in visual long-term memory. Atten. Percept. Psychophys. 79, 1878\u20131885 (2017). https:\/\/doi.org\/10.3758\/s13414-017-1419-1","journal-title":"Atten. Percept. Psychophys."},{"key":"5_CR10","doi-asserted-by":"publisher","first-page":"96","DOI":"10.1016\/j.intell.2016.05.001","volume":"57","author":"GE Gignac","year":"2016","unstructured":"Gignac, G.E., Shankaralingam, M., Walker, K., Kilpatrick, P.: Short-term memory for faces relates to general intelligence moderately. Intelligence 57, 96\u2013104 (2016). https:\/\/doi.org\/10.1016\/j.intell.2016.05.001","journal-title":"Intelligence"},{"key":"5_CR11","doi-asserted-by":"publisher","first-page":"1559","DOI":"10.3758\/s13423-016-1003-z","volume":"23","author":"JC Weeks","year":"2016","unstructured":"Weeks, J.C., Biss, R.K., Murphy, K.J., Hasher, L.: Face\u2013name learning in older adults: a benefit of hyper-binding. Psychon. Bull. Rev. 23, 1559\u20131565 (2016). https:\/\/doi.org\/10.3758\/s13423-016-1003-z","journal-title":"Psychon. Bull. Rev."},{"key":"5_CR12","doi-asserted-by":"publisher","first-page":"1225","DOI":"10.1007\/s12083-019-00732-4","volume":"12","author":"I Garc\u00eda-Magari\u00f1o","year":"2019","unstructured":"Garc\u00eda-Magari\u00f1o, I., Varela-Aldas, J., Palacios-Navarro, G., Lloret, J.: Fog computing for assisting and tracking elder patients with neurodegenerative diseases. Peer-to-Peer Netw. Appl. 12, 1225\u20131235 (2019)","journal-title":"Peer-to-Peer Netw. Appl."},{"key":"5_CR13","doi-asserted-by":"crossref","unstructured":"Chicaiza, F.A., Lema-Cerda, L., \u00c1lvarez, V.M., Andaluz, V.H., Varela-Ald\u00e1s, J., Palacios-Navarro, G., Garc\u00eda-Magari\u00f1o, I.: Virtual reality-based memory assistant for the elderly. In: Lecture Notes in Computer Science, pp. 269\u2013284 (2018)","DOI":"10.1007\/978-3-319-95270-3_23"},{"key":"5_CR14","unstructured":"Varela-ald\u00e1s, J., Palacios-navarro, G., Garc\u00eda-magari\u00f1o, I.: Immersive virtual reality app for mild cognitive impairment. Rev. Ib\u00e9rica Sist. e Tecnol. Informa\u00e7\u00e3o RISTI. 04, 278\u2013290 (2019)"},{"key":"5_CR15","doi-asserted-by":"publisher","first-page":"1","DOI":"10.3390\/s19112552","volume":"19","author":"F Gonz\u00e1lez-Landero","year":"2019","unstructured":"Gonz\u00e1lez-Landero, F., Garc\u00eda-Magari\u00f1o, I., Amariglio, R., Lacuesta, R.: Smart cupboard for assessing memory in home environment. Sensors (Switzerland) 19, 1\u201321 (2019). https:\/\/doi.org\/10.3390\/s19112552","journal-title":"Sensors (Switzerland)"},{"key":"5_CR16","doi-asserted-by":"publisher","first-page":"2776","DOI":"10.1016\/j.neuropsychologia.2011.06.006","volume":"49","author":"DM Rentz","year":"2011","unstructured":"Rentz, D.M., Amariglio, R.E., Becker, J.A., Frey, M., Olson, L.E., Frishe, K., Carmasin, J., Maye, J.E., Johnson, K.A., Sperling, R.A.: Face-name associative memory performance is related to amyloid burden in normal elderly. Neuropsychologia 49, 2776\u20132783 (2011). https:\/\/doi.org\/10.1016\/j.neuropsychologia.2011.06.006","journal-title":"Neuropsychologia"},{"key":"5_CR17","doi-asserted-by":"publisher","first-page":"1464","DOI":"10.3389\/fpsyg.2018.01464","volume":"9","author":"J Rubi\u00f1o","year":"2018","unstructured":"Rubi\u00f1o, J., Andr\u00e9s, P.: The face-name associative memory test as a tool for early diagnosis of Alzheimer\u2019s disease. Front. Psychol. 9, 1464 (2018). https:\/\/doi.org\/10.3389\/fpsyg.2018.01464","journal-title":"Front. Psychol."},{"key":"5_CR18","doi-asserted-by":"publisher","first-page":"405","DOI":"10.1007\/s10072-018-3560-6","volume":"40","author":"C Kormas","year":"2019","unstructured":"Kormas, C., Zalonis, I., Evdokimidis, I., Potagas, C.: The performance of patients with Parkinson\u2019s disease on the face-name associative memory examination. Neurol. Sci. 40, 405\u2013407 (2019). https:\/\/doi.org\/10.1007\/s10072-018-3560-6","journal-title":"Neurol. Sci."},{"key":"5_CR19","doi-asserted-by":"publisher","DOI":"10.1080\/13854046.2019.1690050","author":"C Vila-Castelar","year":"2019","unstructured":"Vila-Castelar, C., Papp, K.V., Amariglio, R.E., Torres, V.L., Baena, A., Gomez, D., Rendon, J., Samaroo, A., Lopera, F., Rentz, D.M., Quiroz, Y.T.: Validation of the Latin American Spanish version of the face-name associative memory exam in a Colombian Sample. Clin. Neuropsychol. (2019). https:\/\/doi.org\/10.1080\/13854046.2019.1690050","journal-title":"Clin. Neuropsychol."},{"key":"5_CR20","doi-asserted-by":"crossref","unstructured":"Sanabria, A., Alegret, M., Rodriguez-Gomez, O., Valero, S., Sotolongo-Grau, O., Mont\u00e9-Rubio, G., Abdelnour, C., Espinosa, A., Ortega, G., Perez-Cordon, A., Gailhajanet, A., Hernandez, I., Rosende-Roca, M., Vargas, L., Mauleon, A., Sanchez, D., Martin, E., Rentz, D.M., Lome\u00f1a, F., Ruiz, A., Tarraga, L., Boada, M., Aguilera, N., Berthier, M., Buendia, M., Bullich, S., Campos, F., Ca\u00f1abate, P., Cuevas, C., De Rojas, I., Diego, S., Gil, S., Gim\u00e9nez, J., Gismondi, R., G\u00f3mez-Chiari, M., Guitart, M., Hern\u00e1ndez-Olasagarre, B., Ibarria, M., Lafuente, A., Mart\u00ednez, J., Moreno, M., Moreno-Grau, S., N\u00fa\u00f1ez, L., Orellana, A., P\u00e1ez, A., Pancho, A., Pav\u00eda, J., Pelej\u00e0, E., P\u00e9rez-Grijalba, V., Pesini, P., Preckler, S., Romero, J., Ruiz, S., Santos, M., Sarasa, M., Tejero, M.A., Torres, M., Vivas, A.: The Spanish version of face-name associative memory exam (S-FNAME) performance is related to amyloid burden in subjective cognitive decline. Sci. Rep. 8, 1\u20139 (2018). https:\/\/doi.org\/10.1038\/s41598-018-21644-y","DOI":"10.1038\/s41598-018-21644-y"},{"key":"5_CR21","unstructured":"Psychology Today: Memory test. https:\/\/psychologytoday.tests.psychtests.com\/bin\/transfer?req=MTF8MzM2MHw2NzI5MDI0fDB8MQ"}],"container-title":["Advances in Intelligent Systems and Computing","Information Technology and Systems"],"original-title":[],"language":"en","link":[{"URL":"http:\/\/link.springer.com\/content\/pdf\/10.1007\/978-3-030-68418-1_5","content-type":"unspecified","content-version":"vor","intended-application":"similarity-checking"}],"deposited":{"date-parts":[[2021,1,28]],"date-time":"2021-01-28T09:46:46Z","timestamp":1611827206000},"score":1,"resource":{"primary":{"URL":"http:\/\/link.springer.com\/10.1007\/978-3-030-68418-1_5"}},"subtitle":[],"short-title":[],"issued":{"date-parts":[[2021]]},"ISBN":["9783030684174","9783030684181"],"references-count":21,"URL":"https:\/\/doi.org\/10.1007\/978-3-030-68418-1_5","relation":{},"ISSN":["2194-5357","2194-5365"],"issn-type":[{"type":"print","value":"2194-5357"},{"type":"electronic","value":"2194-5365"}],"subject":[],"published":{"date-parts":[[2021]]},"assertion":[{"value":"29 January 2021","order":1,"name":"first_online","label":"First Online","group":{"name":"ChapterHistory","label":"Chapter History"}},{"value":"ICITS","order":1,"name":"conference_acronym","label":"Conference Acronym","group":{"name":"ConferenceInfo","label":"Conference Information"}},{"value":"International Conference on Information Technology & Systems","order":2,"name":"conference_name","label":"Conference Name","group":{"name":"ConferenceInfo","label":"Conference Information"}},{"value":"Libertad","order":3,"name":"conference_city","label":"Conference City","group":{"name":"ConferenceInfo","label":"Conference Information"}},{"value":"Ecuador","order":4,"name":"conference_country","label":"Conference Country","group":{"name":"ConferenceInfo","label":"Conference Information"}},{"value":"2021","order":5,"name":"conference_year","label":"Conference Year","group":{"name":"ConferenceInfo","label":"Conference Information"}},{"value":"4 February 2021","order":7,"name":"conference_start_date","label":"Conference Start Date","group":{"name":"ConferenceInfo","label":"Conference Information"}},{"value":"6 February 2021","order":8,"name":"conference_end_date","label":"Conference End Date","group":{"name":"ConferenceInfo","label":"Conference Information"}},{"value":"icitss2021","order":10,"name":"conference_id","label":"Conference ID","group":{"name":"ConferenceInfo","label":"Conference Information"}},{"value":"http:\/\/www.icits.me\/index.php?lang=en","order":11,"name":"conference_url","label":"Conference URL","group":{"name":"ConferenceInfo","label":"Conference Information"}}]}}

José

Varela-Aldás

Pérez

TT Brunyé

Brunyé, T.T., Moran, J.M., Holmes, A., Mahoney, C.R., Taylor, H.A.: Non-invasive brain stimulation targeting the right fusiform gyrus selectively increases working memory for faces. Brain Cogn. 113, 32–39 (2017). https://doi.org/10.1016/j.bandc.2017.01.006

I García-Magariño

García-Magariño, I., Varela-Aldas, J., Palacios-Navarro, G., Lloret, J.: Fog computing for assisting and tracking elder patients with neurodegenerative diseases. Peer-to-Peer Netw. Appl. 12, 1225–1235 (2019)

Chicaiza, F.A., Lema-Cerda, L., Álvarez, V.M., Andaluz, V.H., Varela-Aldás, J., Palacios-Navarro, G., García-Magariño, I.: Virtual reality-based memory assistant for the elderly. In: Lecture Notes in Computer Science, pp. 269–284 (2018)

Varela-aldás, J., Palacios-navarro, G., García-magariño, I.: Immersive virtual reality app for mild cognitive impairment. Rev. Ibérica Sist. e Tecnol. Informação RISTI. 04, 278–290 (2019)

F González-Landero

González-Landero, F., García-Magariño, I., Amariglio, R., Lacuesta, R.: Smart cupboard for assessing memory in home environment. Sensors (Switzerland) 19, 1–21 (2019). https://doi.org/10.3390/s19112552

J Rubiño

Rubiño, J., Andrés, P.: The face-name associative memory test as a tool for early diagnosis of Alzheimer’s disease. Front. Psychol. 9, 1464 (2018). https://doi.org/10.3389/fpsyg.2018.01464

Sanabria, A., Alegret, M., Rodriguez-Gomez, O., Valero, S., Sotolongo-Grau, O., Monté-Rubio, G., Abdelnour, C., Espinosa, A., Ortega, G., Perez-Cordon, A., Gailhajanet, A., Hernandez, I., Rosende-Roca, M., Vargas, L., Mauleon, A., Sanchez, D., Martin, E., Rentz, D.M., Lomeña, F., Ruiz, A., Tarraga, L., Boada, M., Aguilera, N., Berthier, M., Buendia, M., Bullich, S., Campos, F., Cañabate, P., Cuevas, C., De Rojas, I., Diego, S., Gil, S., Giménez, J., Gismondi, R., Gómez-Chiari, M., Guitart, M., Hernández-Olasagarre, B., Ibarria, M., Lafuente, A., Martínez, J., Moreno, M., Moreno-Grau, S., Núñez, L., Orellana, A., Páez, A., Pancho, A., Pavía, J., Pelejà, E., Pérez-Grijalba, V., Pesini, P., Preckler, S., Romero, J., Ruiz, S., Santos, M., Sarasa, M., Tejero, M.A., Torres, M., Vivas, A.: The Spanish version of face-name associative memory exam (S-FNAME) performance is related to amyloid burden in subjective cognitive decline. Sci. Rep. 8, 1–9 (2018). https://doi.org/10.1038/s41598-018-21644-y
