{"status":"ok","message-type":"work","message-version":"1.0.0","message":{"indexed":{"date-parts":[[2026,4,13]],"date-time":"2026-04-13T17:39:56Z","timestamp":1776101996966,"version":"3.50.1"},"publisher-location":"Cham","reference-count":18,"publisher":"Springer International Publishing","isbn-type":[{"value":"9783030780944","type":"print"},{"value":"9783030780951","type":"electronic"}],"license":[{"start":{"date-parts":[[2021,1,1]],"date-time":"2021-01-01T00:00:00Z","timestamp":1609459200000},"content-version":"tdm","delay-in-days":0,"URL":"https:\/\/www.springer.com\/tdm"},{"start":{"date-parts":[[2021,1,1]],"date-time":"2021-01-01T00:00:00Z","timestamp":1609459200000},"content-version":"vor","delay-in-days":0,"URL":"https:\/\/www.springer.com\/tdm"}],"content-domain":{"domain":["link.springer.com"],"crossmark-restriction":false},"short-container-title":[],"published-print":{"date-parts":[[2021]]},"DOI":"10.1007\/978-3-030-78095-1_8","type":"book-chapter","created":{"date-parts":[[2021,7,2]],"date-time":"2021-07-02T23:20:19Z","timestamp":1625268019000},"page":"82-94","update-policy":"https:\/\/doi.org\/10.1007\/springer_crossmark_policy","source":"Crossref","is-referenced-by-count":3,"title":["An Assessment of Moodle Environment Tools for the Literacy Environment of Deaf Children in the Context of the 3rd Year of Elementary Education"],"prefix":"10.1007","author":[{"given":"Marta Ang\u00e9lica Montiel","family":"Ferreira","sequence":"first","affiliation":[]},{"given":"Laura S\u00e1nchez","family":"Garc\u00eda","sequence":"additional","affiliation":[]},{"given":"Tanya Amara","family":"Felipe","sequence":"additional","affiliation":[]},{"given":"Juliana","family":"Bueno","sequence":"additional","affiliation":[]},{"given":"Suellym Fernanda","family":"Opolz","sequence":"additional","affiliation":[]}],"member":"297","published-online":{"date-parts":[[2021,7,3]]},"reference":[{"key":"8_CR1","unstructured":"ACTESDELECTURE: Les principes de la voie directe no 100. In: Paris: Association Fran\u00e7aise pour la Lecture (2007)"},{"key":"8_CR2","unstructured":"de Almeida, F.J., da Silva, M.da.G.M.: Reflex\u00f5es sobre tecnologias, educa\u00e7\u00e3o e curr\u00edculo: conceitos e trajet\u00f3rias. In: Valente, J.A., Freire, F.M.P., Arantes, F.L. (Orgs.), pp. 122\u2013148. NIED\/UNICAMP, Campinas, SP (2018)"},{"key":"8_CR3","volume-title":"Intera\u00e7\u00e3o Humano Computador","author":"SDJ Barbosa","year":"2010","unstructured":"Barbosa, S.D.J., Silva, B.S.: Intera\u00e7\u00e3o Humano Computador. Elsevier Editora Ltda, Rio de Janeiro, Brasil (2010)"},{"key":"8_CR4","doi-asserted-by":"crossref","unstructured":"Barr\u00e9re, E., Vitor, M.A., Almeida, M.A. de.: Amplia\u00e7\u00e3o das Possibilidades de Gamifica\u00e7\u00e3o no Moodle. In: XXVIII Simp\u00f3sio Brasileiro de Inform\u00e1tica na Educa\u00e7\u00e3o (SBIE), Recife-PE, pp. 605\u2013614 (2017)","DOI":"10.5753\/cbie.sbie.2017.605"},{"key":"8_CR5","unstructured":"Cardoso, M.E. de A., Guilhermino, D. de F.T., Neitzel, R.A.L. da S.: A acessibilidade em Web sites na \u00f3tica da inclus\u00e3o dos Surdos. In: Proceedings of the 14th Brazilian Symposium on Human Factors in Computing System, Salvador-BA, artigo N\u00ba: 46, pp. 1\u20134 (2015)"},{"key":"8_CR6","doi-asserted-by":"crossref","unstructured":"Cavalcante, N., Bacellar, S., Alves, A., Veiga, V., Tavares, E.: Compreens\u00e3o de conte\u00fado multim\u00eddia na web por surdos pr\u00e9-linguisticos: um estudo de caso com campanhas de sa\u00fade. In: Proceedings of the 14th Brazilian Symposium on Human Factors in Computing System, Salvador-BA, artigo N\u00ba: 2, pp. 1\u20139 (2015)","DOI":"10.1145\/3148456.3148458"},{"key":"8_CR7","doi-asserted-by":"crossref","unstructured":"Cherem, L.P., Opolz, S.F.: Alice no Pa\u00eds da LIBRAS: uma experi\u00eancia\/ reflex\u00e3o pedag\u00f3gica de letramento para educandos surdos. Leitura: Teoria & Pr\u00e1tica, Campinas-SP, vol. 36, no. 74, pp. 91\u2013108 (2018)","DOI":"10.34112\/2317-0972a2018v36n74p91-108"},{"key":"8_CR8","unstructured":"Felipe, T. A.: Diferentes Pol\u00edticas e diferentes Contextos educacionais: educa\u00e7\u00e3o bil\u00edngue Para educandos surdos x educa\u00e7\u00e3o Bil\u00edngue inclusiva. INES. Revista Espa\u00e7o, Rio de Janeiro, n\u00ba 49, Jan\u2013Jun, pp. 189\u2013220 (2018)"},{"key":"8_CR9","unstructured":"Felipe, T.A.: Aquisi\u00e7\u00e3o da linguagem e escolas bil\u00edngues para surdos. Amaz\u00f4nida: revista do programa de P\u00f3s-Gradua\u00e7\u00e3o em Educa\u00e7\u00e3o da Faculdade de educa\u00e7\u00e3o da Universidade Federal do Amazonas, ano 17, n\u00ba1, Jan\u2013Jun 2012 \u2013 Manaus: Editora da UFAM, pp. 37\u201362 (2012)"},{"key":"8_CR10","volume-title":"A leitura em quest\u00e3o","author":"J Foucambert","year":"1994","unstructured":"Foucambert, J.: A leitura em quest\u00e3o. Artes M\u00e9dicas, Porto Alegre (1994)"},{"key":"8_CR11","doi-asserted-by":"crossref","unstructured":"de Lacerda, A.L., Da Silva, T.: Materiais e estrat\u00e9gias did\u00e1ticas em ambiente virtual de aprendizagem. Rev. bras. Estud. pedagog. (online), vol. 96, no. 243, maio\/ago, Bras\u00edlia, pp. 321\u2013342 (2015)","DOI":"10.1590\/S2176-6681\/337812844"},{"key":"8_CR12","unstructured":"MOODLE. https:\/\/moodle.org\/?lang=pt_brmoodle.org. Accessed on 02 Dec 2020"},{"key":"8_CR13","unstructured":"Pereira, V.C., De Albuquerque, D.C.S.H.: Construindo EAD: Primeiros Passos. In: Albuquerque, D.C.S.H., de e Pereira, V.C. (Orgs.) Cuiab\u00e1 \u2013 MT (2013)"},{"key":"8_CR14","doi-asserted-by":"crossref","unstructured":"Pivetta, E.M., Saito, D.S., Ulbricht, V.R.: Surdos e Acessibilidade: An\u00e1lise de um Ambiente Virtual de Ensino e Aprendizagem. Rev. Bras. Ed. Esp., vol. 20, no. 1, Jan\u2013Mar, Mar\u00edlia-SP, pp. 147\u2013216 (2014)","DOI":"10.1590\/S1413-65382014000100011"},{"key":"8_CR15","doi-asserted-by":"crossref","unstructured":"Ramos, D.B., de Oliveira, E.H.T., Ramos, I.M.M., Oliveira, K.M.T.: Trilhas de Aprendizagem em Ambientes Virtuais de Ensino-aprendizagem: Uma Revis\u00e3o Sistem\u00e1tica da Literatura. In: XXVII Simp\u00f3sio Brasileiro de Inform\u00e1tica na Educa\u00e7\u00e3o (SBIE), Mac\u00e9io - AL, pp. 338\u2013347 (2015)","DOI":"10.5753\/cbie.sbie.2015.338"},{"key":"8_CR16","doi-asserted-by":"crossref","unstructured":"Razet, C.: da leitura de uma hist\u00f3ria \u00e0 leitura de uma escrita. In: Razet, C., Cherem, L.P., Ramm\u00e9, V., N.S. e Olmo, P.F.C (Org.). Dossi\u00ea Especial: Did\u00e1tica sem Fronteiras. Revista X, Curitiba-PR, vol. 2, pp. 93\u2013110 (2014). http:\/\/revistas.ufpr.br\/revistax\/issue\/view\/1899","DOI":"10.5380\/rvx.v2i0.40328"},{"key":"8_CR17","doi-asserted-by":"crossref","unstructured":"Santos, F.T., Coutinho, F.J., Brito, P.H. da S.: Uma Revis\u00e3o Sistem\u00e1tica sobre softwares educacionais para o ensino de LIBRAS. In: XXVII Simp\u00f3sio Brasileiro de Inform\u00e1tica na Educa\u00e7\u00e3o (SBIE), pp. 896\u2013905, Uberl\u00e2ndia-MG (2016)","DOI":"10.5753\/cbie.sbie.2016.896"},{"key":"8_CR18","doi-asserted-by":"crossref","unstructured":"Tavares, O. de L., Reinoso, L.F., Almeida, W.R. de.: CAP-APL: Plataforma para cria\u00e7\u00e3o e uso de arquiteturas pedag\u00f3gicas para aprendizagem de Portugu\u00eas e Libras. In: XXVIII Simp\u00f3sio Brasileiro de Inform\u00e1tica na Educa\u00e7\u00e3o (SBIE), Recife-PE, pp. 466\u2013475 (2017)","DOI":"10.5753\/cbie.sbie.2017.466"}],"container-title":["Lecture Notes in Computer Science","Universal Access in Human-Computer Interaction. Access to Media, Learning and Assistive Environments"],"original-title":[],"language":"en","link":[{"URL":"https:\/\/link.springer.com\/content\/pdf\/10.1007\/978-3-030-78095-1_8","content-type":"unspecified","content-version":"vor","intended-application":"similarity-checking"}],"deposited":{"date-parts":[[2025,7,2]],"date-time":"2025-07-02T22:26:57Z","timestamp":1751495217000},"score":1,"resource":{"primary":{"URL":"https:\/\/link.springer.com\/10.1007\/978-3-030-78095-1_8"}},"subtitle":[],"short-title":[],"issued":{"date-parts":[[2021]]},"ISBN":["9783030780944","9783030780951"],"references-count":18,"URL":"https:\/\/doi.org\/10.1007\/978-3-030-78095-1_8","relation":{},"ISSN":["0302-9743","1611-3349"],"issn-type":[{"value":"0302-9743","type":"print"},{"value":"1611-3349","type":"electronic"}],"subject":[],"published":{"date-parts":[[2021]]},"assertion":[{"value":"3 July 2021","order":1,"name":"first_online","label":"First Online","group":{"name":"ChapterHistory","label":"Chapter History"}},{"value":"HCII","order":1,"name":"conference_acronym","label":"Conference Acronym","group":{"name":"ConferenceInfo","label":"Conference Information"}},{"value":"International Conference on Human-Computer Interaction","order":2,"name":"conference_name","label":"Conference Name","group":{"name":"ConferenceInfo","label":"Conference Information"}},{"value":"2021","order":5,"name":"conference_year","label":"Conference Year","group":{"name":"ConferenceInfo","label":"Conference Information"}},{"value":"24 July 2021","order":7,"name":"conference_start_date","label":"Conference Start Date","group":{"name":"ConferenceInfo","label":"Conference Information"}},{"value":"29 July 2021","order":8,"name":"conference_end_date","label":"Conference End Date","group":{"name":"ConferenceInfo","label":"Conference Information"}},{"value":"23","order":9,"name":"conference_number","label":"Conference Number","group":{"name":"ConferenceInfo","label":"Conference Information"}},{"value":"hcii2021","order":10,"name":"conference_id","label":"Conference ID","group":{"name":"ConferenceInfo","label":"Conference Information"}},{"value":"http:\/\/2021.hci.international\/","order":11,"name":"conference_url","label":"Conference URL","group":{"name":"ConferenceInfo","label":"Conference Information"}}]}}

Marta Angélica Montiel

Laura Sánchez

García

ACTESDELECTURE: Les principes de la voie directe no 100. In: Paris: Association Française pour la Lecture (2007)

de Almeida, F.J., da Silva, M.da.G.M.: Reflexões sobre tecnologias, educação e currículo: conceitos e trajetórias. In: Valente, J.A., Freire, F.M.P., Arantes, F.L. (Orgs.), pp. 122–148. NIED/UNICAMP, Campinas, SP (2018)

Interação Humano Computador

Barbosa, S.D.J., Silva, B.S.: Interação Humano Computador. Elsevier Editora Ltda, Rio de Janeiro, Brasil (2010)

Barrére, E., Vitor, M.A., Almeida, M.A. de.: Ampliação das Possibilidades de Gamificação no Moodle. In: XXVIII Simpósio Brasileiro de Informática na Educação (SBIE), Recife-PE, pp. 605–614 (2017)

Cardoso, M.E. de A., Guilhermino, D. de F.T., Neitzel, R.A.L. da S.: A acessibilidade em Web sites na ótica da inclusão dos Surdos. In: Proceedings of the 14th Brazilian Symposium on Human Factors in Computing System, Salvador-BA, artigo Nº: 46, pp. 1–4 (2015)

Cavalcante, N., Bacellar, S., Alves, A., Veiga, V., Tavares, E.: Compreensão de conteúdo multimídia na web por surdos pré-linguisticos: um estudo de caso com campanhas de saúde. In: Proceedings of the 14th Brazilian Symposium on Human Factors in Computing System, Salvador-BA, artigo Nº: 2, pp. 1–9 (2015)

Cherem, L.P., Opolz, S.F.: Alice no País da LIBRAS: uma experiência/ reflexão pedagógica de letramento para educandos surdos. Leitura: Teoria & Prática, Campinas-SP, vol. 36, no. 74, pp. 91–108 (2018)

Felipe, T. A.: Diferentes Políticas e diferentes Contextos educacionais: educação bilíngue Para educandos surdos x educação Bilíngue inclusiva. INES. Revista Espaço, Rio de Janeiro, nº 49, Jan–Jun, pp. 189–220 (2018)

Felipe, T.A.: Aquisição da linguagem e escolas bilíngues para surdos. Amazônida: revista do programa de Pós-Graduação em Educação da Faculdade de educação da Universidade Federal do Amazonas, ano 17, nº1, Jan–Jun 2012 – Manaus: Editora da UFAM, pp. 37–62 (2012)

A leitura em questão

Foucambert, J.: A leitura em questão. Artes Médicas, Porto Alegre (1994)

de Lacerda, A.L., Da Silva, T.: Materiais e estratégias didáticas em ambiente virtual de aprendizagem. Rev. bras. Estud. pedagog. (online), vol. 96, no. 243, maio/ago, Brasília, pp. 321–342 (2015)

Pereira, V.C., De Albuquerque, D.C.S.H.: Construindo EAD: Primeiros Passos. In: Albuquerque, D.C.S.H., de e Pereira, V.C. (Orgs.) Cuiabá – MT (2013)

Pivetta, E.M., Saito, D.S., Ulbricht, V.R.: Surdos e Acessibilidade: Análise de um Ambiente Virtual de Ensino e Aprendizagem. Rev. Bras. Ed. Esp., vol. 20, no. 1, Jan–Mar, Marília-SP, pp. 147–216 (2014)

Ramos, D.B., de Oliveira, E.H.T., Ramos, I.M.M., Oliveira, K.M.T.: Trilhas de Aprendizagem em Ambientes Virtuais de Ensino-aprendizagem: Uma Revisão Sistemática da Literatura. In: XXVII Simpósio Brasileiro de Informática na Educação (SBIE), Macéio - AL, pp. 338–347 (2015)

Razet, C.: da leitura de uma história à leitura de uma escrita. In: Razet, C., Cherem, L.P., Rammé, V., N.S. e Olmo, P.F.C (Org.). Dossiê Especial: Didática sem Fronteiras. Revista X, Curitiba-PR, vol. 2, pp. 93–110 (2014). http://revistas.ufpr.br/revistax/issue/view/1899

Santos, F.T., Coutinho, F.J., Brito, P.H. da S.: Uma Revisão Sistemática sobre softwares educacionais para o ensino de LIBRAS. In: XXVII Simpósio Brasileiro de Informática na Educação (SBIE), pp. 896–905, Uberlândia-MG (2016)

Tavares, O. de L., Reinoso, L.F., Almeida, W.R. de.: CAP-APL: Plataforma para criação e uso de arquiteturas pedagógicas para aprendizagem de Português e Libras. In: XXVIII Simpósio Brasileiro de Informática na Educação (SBIE), Recife-PE, pp. 466–475 (2017)
