{"status":"ok","message-type":"work","message-version":"1.0.0","message":{"indexed":{"date-parts":[[2025,3,27]],"date-time":"2025-03-27T16:40:55Z","timestamp":1743093655642,"version":"3.40.3"},"publisher-location":"Cham","reference-count":11,"publisher":"Springer International Publishing","isbn-type":[{"type":"print","value":"9783030807122"},{"type":"electronic","value":"9783030807139"}],"license":[{"start":{"date-parts":[[2021,1,1]],"date-time":"2021-01-01T00:00:00Z","timestamp":1609459200000},"content-version":"tdm","delay-in-days":0,"URL":"https:\/\/www.springer.com\/tdm"},{"start":{"date-parts":[[2021,1,1]],"date-time":"2021-01-01T00:00:00Z","timestamp":1609459200000},"content-version":"vor","delay-in-days":0,"URL":"https:\/\/www.springer.com\/tdm"}],"content-domain":{"domain":["link.springer.com"],"crossmark-restriction":false},"short-container-title":[],"published-print":{"date-parts":[[2021]]},"DOI":"10.1007\/978-3-030-80713-9_11","type":"book-chapter","created":{"date-parts":[[2021,7,7]],"date-time":"2021-07-07T10:03:47Z","timestamp":1625652227000},"page":"78-83","update-policy":"https:\/\/doi.org\/10.1007\/springer_crossmark_policy","source":"Crossref","is-referenced-by-count":0,"title":["Prevalence of Post-work Musculoskeletal Disorders in Social Workers and Secretaries of Second-Level Hospital"],"prefix":"10.1007","author":[{"given":"Gilberto","family":"Perea","sequence":"first","affiliation":[],"role":[{"role":"author","vocabulary":"crossref"}]},{"given":"Corina Flores","family":"Hern\u00e1ndez","sequence":"additional","affiliation":[],"role":[{"role":"author","vocabulary":"crossref"}]},{"given":"V\u00edctor","family":"Rodr\u00edguez","sequence":"additional","affiliation":[],"role":[{"role":"author","vocabulary":"crossref"}]},{"given":"Daniel","family":"P\u00e1ramo","sequence":"additional","affiliation":[],"role":[{"role":"author","vocabulary":"crossref"}]},{"given":"Guadalupe","family":"de los Auxilios D\u00edaz Cisneros","sequence":"additional","affiliation":[],"role":[{"role":"author","vocabulary":"crossref"}]}],"member":"297","published-online":{"date-parts":[[2021,7,8]]},"reference":[{"key":"11_CR1","unstructured":"Organizaci\u00f3n Internacional del Trabajo (OIT): Comunicado de prensa del 26 de abril, 2013 (2013). https:\/\/www.ilo.org\/global\/about-the-ilo\/newsroom\/news\/WCMS_211645\/lang--es\/index. Accessed 13 Feb 2017"},{"key":"11_CR2","unstructured":"Riihim\u00e4ki, H., Viikari, E.J.: Enciclopedia de la Organizaci\u00f3n Internacional del Trabajo: Sistema Musculoesquel\u00e9tico Espa\u00f1a. Ed. Instituto Nacional de Seguridad y Salud en el Trabajo [CD-ROM] (2014)"},{"key":"11_CR3","unstructured":"Jim\u00e9nez, M.: Relaci\u00f3n con los trastornos musculoesquel\u00e9ticos en miembros superiores de una empresa cordelera. Universidad de Carabobo, Venezuela (2014). http:\/\/riuc.bc.uc.edu.ve\/handle\/123456789\/962"},{"key":"11_CR4","unstructured":"Bernard, B.P. (ed.): U.S. Department of Health and Human Services, Centers for Disease control and Prevention, National Institute of Occupational Safety and Health. Musculoskeletal disorders and workplace factors: a critical review of epidemiologic evidence for work-related musculoskeletal disorders of the neck, upper extremity, and lower back. July 1997. DHHS (NIOSH) Publication No. 97-141 (1997). https:\/\/www.cdc.gov\/niosh\/docs\/97-141\/"},{"key":"11_CR5","unstructured":"NIOSH workers health chartbook: NIOSH Publication No. 2004-146, Washington, D.C. (2004)"},{"key":"11_CR6","unstructured":"Buckle, P., David, G.: Defining the problem. In: Magazine of the European Agency for Safety and Health at Work \u2013 3. Preventing Work-related Musculoskeletal disorders, p. 5 (2000)"},{"key":"11_CR7","unstructured":"National Research Council and the Institute of Medicine: Musculoskeletal disorders and the workplace: low back and upper extremities. Panel on Musculoskeletal Disorders and the Workplace. Commission on Behavioral and Social Sciences and Education. Washington, DC: National Academy Press (2001). https:\/\/www.nap.edu\/read\/10032\/chapter\/1"},{"key":"11_CR8","unstructured":"Commission Recommendation (EC) 3297\/2003 of 19 September 2003 concerning the European Schedule of Occupational Disease"},{"key":"11_CR9","unstructured":"Instituto Nacional de Estad\u00edstica & Geograf\u00eda (INEGI): Industria manufacturera (2017). http:\/\/cuentame.inegi.org.mx\/economia\/secundario\/manufacturera\/default.aspx?tema=E#uno. Accessed 11 Jan 2017"},{"key":"11_CR10","unstructured":"Instituto Mexicano del Seguro Social (IMSS): M\u00e9xico: Coordinaci\u00f3n de Salud en el Trabajo (2013). www.imss.gob.mx\/sites\/all\/statics\/pdf\/...\/06_SaludenelTrabajo.xls. Accessed 18 Feb 2017"},{"key":"11_CR11","unstructured":"Instituto Mexicano del Seguro Social (IMSS): Memoria estad\u00edstica (2015). http:\/\/www.imss.gob.mx\/conoce-al-imss\/memoria-estadistica-2015. Accessed 27 Dec 2017"}],"container-title":["Lecture Notes in Networks and Systems","Advances in Physical, Social &amp; Occupational Ergonomics"],"original-title":[],"language":"en","link":[{"URL":"https:\/\/link.springer.com\/content\/pdf\/10.1007\/978-3-030-80713-9_11","content-type":"unspecified","content-version":"vor","intended-application":"similarity-checking"}],"deposited":{"date-parts":[[2021,7,7]],"date-time":"2021-07-07T10:05:49Z","timestamp":1625652349000},"score":1,"resource":{"primary":{"URL":"https:\/\/link.springer.com\/10.1007\/978-3-030-80713-9_11"}},"subtitle":[],"short-title":[],"issued":{"date-parts":[[2021]]},"ISBN":["9783030807122","9783030807139"],"references-count":11,"URL":"https:\/\/doi.org\/10.1007\/978-3-030-80713-9_11","relation":{},"ISSN":["2367-3370","2367-3389"],"issn-type":[{"type":"print","value":"2367-3370"},{"type":"electronic","value":"2367-3389"}],"subject":[],"published":{"date-parts":[[2021]]},"assertion":[{"value":"8 July 2021","order":1,"name":"first_online","label":"First Online","group":{"name":"ChapterHistory","label":"Chapter History"}},{"value":"AHFE","order":1,"name":"conference_acronym","label":"Conference Acronym","group":{"name":"ConferenceInfo","label":"Conference Information"}},{"value":"International Conference on Applied Human Factors and Ergonomics","order":2,"name":"conference_name","label":"Conference Name","group":{"name":"ConferenceInfo","label":"Conference Information"}},{"value":"2021","order":5,"name":"conference_year","label":"Conference Year","group":{"name":"ConferenceInfo","label":"Conference Information"}},{"value":"25 July 2021","order":7,"name":"conference_start_date","label":"Conference Start Date","group":{"name":"ConferenceInfo","label":"Conference Information"}},{"value":"29 July 2021","order":8,"name":"conference_end_date","label":"Conference End Date","group":{"name":"ConferenceInfo","label":"Conference Information"}},{"value":"ahfe2021","order":10,"name":"conference_id","label":"Conference ID","group":{"name":"ConferenceInfo","label":"Conference Information"}},{"value":"http:\/\/2021.ahfe.org\/index.html","order":11,"name":"conference_url","label":"Conference URL","group":{"name":"ConferenceInfo","label":"Conference Information"}}]}}

Hernández

Víctor

Rodríguez

Páramo

de los Auxilios Díaz Cisneros

Organización Internacional del Trabajo (OIT): Comunicado de prensa del 26 de abril, 2013 (2013). https://www.ilo.org/global/about-the-ilo/newsroom/news/WCMS_211645/lang--es/index. Accessed 13 Feb 2017

Riihimäki, H., Viikari, E.J.: Enciclopedia de la Organización Internacional del Trabajo: Sistema Musculoesquelético España. Ed. Instituto Nacional de Seguridad y Salud en el Trabajo [CD-ROM] (2014)

Jiménez, M.: Relación con los trastornos musculoesqueléticos en miembros superiores de una empresa cordelera. Universidad de Carabobo, Venezuela (2014). http://riuc.bc.uc.edu.ve/handle/123456789/962

Instituto Nacional de Estadística & Geografía (INEGI): Industria manufacturera (2017). http://cuentame.inegi.org.mx/economia/secundario/manufacturera/default.aspx?tema=E#uno. Accessed 11 Jan 2017

Instituto Mexicano del Seguro Social (IMSS): México: Coordinación de Salud en el Trabajo (2013). www.imss.gob.mx/sites/all/statics/pdf/.../06_SaludenelTrabajo.xls. Accessed 18 Feb 2017

Instituto Mexicano del Seguro Social (IMSS): Memoria estadística (2015). http://www.imss.gob.mx/conoce-al-imss/memoria-estadistica-2015. Accessed 27 Dec 2017
