{"status":"ok","message-type":"work","message-version":"1.0.0","message":{"indexed":{"date-parts":[[2026,1,5]],"date-time":"2026-01-05T22:22:54Z","timestamp":1767651774285,"version":"3.40.3"},"publisher-location":"Cham","reference-count":20,"publisher":"Springer International Publishing","isbn-type":[{"type":"print","value":"9783030807122"},{"type":"electronic","value":"9783030807139"}],"license":[{"start":{"date-parts":[[2021,1,1]],"date-time":"2021-01-01T00:00:00Z","timestamp":1609459200000},"content-version":"tdm","delay-in-days":0,"URL":"https:\/\/www.springer.com\/tdm"},{"start":{"date-parts":[[2021,1,1]],"date-time":"2021-01-01T00:00:00Z","timestamp":1609459200000},"content-version":"vor","delay-in-days":0,"URL":"https:\/\/www.springer.com\/tdm"}],"content-domain":{"domain":["link.springer.com"],"crossmark-restriction":false},"short-container-title":[],"published-print":{"date-parts":[[2021]]},"DOI":"10.1007\/978-3-030-80713-9_18","type":"book-chapter","created":{"date-parts":[[2021,7,7]],"date-time":"2021-07-07T10:03:47Z","timestamp":1625652227000},"page":"134-148","update-policy":"https:\/\/doi.org\/10.1007\/springer_crossmark_policy","source":"Crossref","is-referenced-by-count":1,"title":["Differences in the Perception of the Quality of Work Life According to Gender in Health Care Workers"],"prefix":"10.1007","author":[{"given":"Raquel","family":"Gonz\u00e1lez-Baltazar","sequence":"first","affiliation":[],"role":[{"role":"author","vocabulary":"crossref"}]},{"given":"Silvia G.","family":"Le\u00f3n-Cort\u00e9s","sequence":"additional","affiliation":[],"role":[{"role":"author","vocabulary":"crossref"}]},{"given":"M\u00f3nica I.","family":"Contreras-Estrada","sequence":"additional","affiliation":[],"role":[{"role":"author","vocabulary":"crossref"}]},{"given":"Liliana","family":"Hidalgo-Gonz\u00e1lez","sequence":"additional","affiliation":[],"role":[{"role":"author","vocabulary":"crossref"}]},{"given":"Brenda J.","family":"Hidalgo-Gonz\u00e1lez","sequence":"additional","affiliation":[],"role":[{"role":"author","vocabulary":"crossref"}]}],"member":"297","published-online":{"date-parts":[[2021,7,8]]},"reference":[{"key":"18_CR1","unstructured":"Gonz\u00e1lez-Baltazar, R.: \u201cCalidad de vida en el trabajo\u201d Elaboraci\u00f3n y validaci\u00f3n de un instrumento en prestadores de servicios de salud. Tesis doctoral para obtener el grado de Doctora en Ciencias de la salud en el Trabajo, junio 2007. Universidad de Guadalajara (2007)"},{"key":"18_CR2","doi-asserted-by":"crossref","unstructured":"Fadda, G., Jir\u00f3n, P.: Calidad de vida y g\u00e9nero en sectores populares urbanos. Un estudio de caso en Santiago de Chile. S\u00edntesis final y conclusiones. Bolet\u00edn del Instituto de la Vivienda, Universidad de Chile, vol. 16, N\u00fam. 042, ISSN 0716-5668, Santiago de Chile, pp. 105\u2013138 (2001)","DOI":"10.5354\/0718-8358.2001.62261"},{"key":"18_CR3","unstructured":"Pichardo Arlette. Bibliograf\u00eda sobre calidad de vida y temas conexos; en (2005). http:\/\/www.cinpe.una.ac.cr\/investigacion\/proyectos\/calidad-de-vida\/bibliografia\/Bibliograf%EDa.pdf"},{"key":"18_CR4","unstructured":"Rosete, M.G., Arenas, G., Santill\u00e1n, M., Torres, M.A.: An\u00e1lisis desde la perspectiva de g\u00e9nero de los planes de estudios de las carreras de: Cirujano Dentista, enfermer\u00eda y m\u00e9dico cirujano de la Universidad Nacional Aut\u00f3noma de M\u00e9xico. Memoria Acad\u00e9mica del Primer Congreso Latinoamericano de Ciencias de la Educaci\u00f3n (2010)"},{"key":"18_CR5","unstructured":"Lamas, M.: La perspectiva de g\u00e9nero. La tarea, Revista de educaci\u00f3n y cultura de la Secci\u00f3n 47 del S.N.T.E. No. 8 (1996). http:\/\/www.latarea.com.mx\/index.htm"},{"key":"18_CR6","unstructured":"Panamerican Health Organization and World Health Organization. Towards gender equity in health sector reform policies. 18th Session of the Subcommittee on Women, Health and Development, item 5 of the agenda (1999)"},{"key":"18_CR7","unstructured":"Bover, A.: Cuidadores informales de salud del \u00e1mbito domiciliario: percepciones y estrategias de cuidado ligadas al g\u00e9nero y a la generaci\u00f3n. Tesis doctoral. Universitat de les Illes Balears, Departament de Ci\u00e8ncies de L\u2019educaci\u00f3 (2004)"},{"key":"18_CR8","unstructured":"Peraf\u00e1n, A.: Calidad de vida y g\u00e9nero, un estudio exploratorio en la ciudad de Popay\u00e1n, Colombia, en Estudios de Antropolog\u00eda Biol\u00f3gica, Vol. XIII, Ed. Instituto de Investigaciones Antropol\u00f3gicas, Universidad Nacional Aut\u00f3noma de M\u00e9xico, ISSN 1405-5066, pp. 515\u2013532 (2007)"},{"key":"18_CR9","unstructured":"G\u00e1lvez, T., Henr\u00edquez, H., Morales, G., Uribe-Echevarr\u00eda, V., Y\u00e1\u00f1ez, S.: Remuneraci\u00f3n de vendedores y vendedoras en grandes tiendas. Temas laborales nueva \u00e9poca, No. 24. Divisi\u00f3n de Estudios de la Direcci\u00f3n del Trabajo, Gobierno de Chile (2009)"},{"key":"18_CR10","doi-asserted-by":"crossref","unstructured":"Garc\u00eda, M.M., Mateo, I., Maroto, G.: El impacto de cuidar en la salud y la calidad de vida de las mujeres. Gaceta Sanitaria No. 18 (Suplemento 2) pp. 83\u201392 (2004)","DOI":"10.1157\/13061998"},{"key":"18_CR11","unstructured":"Enciso V. G\u00e9nero y Trabajo: La Enfermer\u00eda, La Ventana, N\u00fam. 6 (1997)"},{"key":"18_CR12","doi-asserted-by":"crossref","unstructured":"Ortiz-G\u00f3mez, T., Birriel-Salcedo, J., Ortega, R.: G\u00e9nero, profesiones sanitarias y salud p\u00fablica. Gaceta Sanitaria [online], ISSN 0213-9111, vol. 18, suppl.1, pp. 189\u2013194 (2004)","DOI":"10.1157\/13062525"},{"key":"18_CR13","unstructured":"World Health Organization. Gender, women and health: incorporating a gender perspective into the overall framework of WHO policies and programs, 116th Meeting of the Executive Council, item 4.4 of the agenda, report of the Secretariat (2005)"},{"issue":"19","key":"18_CR14","doi-asserted-by":"publisher","first-page":"148","DOI":"10.1016\/j.riem.2015.11.001","volume":"5","author":"M Fern\u00e1ndez-Ortega","year":"2016","unstructured":"Fern\u00e1ndez-Ortega, M., Ortiz-Montalvo, A., Ponce-Rosas, E., Fajardo-Ortiz, G., Maz\u00f3n-Ram\u00edrez, J.: Caracterizaci\u00f3n de alumnos de la carrera de Medicina. Investigaci\u00f3n en Educaci\u00f3n M\u00e9dica 5(19), 148\u2013154 (2016)","journal-title":"Investigaci\u00f3n en Educaci\u00f3n M\u00e9dica"},{"key":"18_CR15","unstructured":"Ram\u00edrez, M.A., M\u00e9ndez-Carniado, O., Nigenda, G., Vargas, M.M.: Recursos humanos en los Servicios de Salud: Una perspectiva de g\u00e9nero. Fundaci\u00f3n Mexicana para la salud, Centro de An\u00e1lisis Social y Econ\u00f3mico (2002)"},{"key":"18_CR16","doi-asserted-by":"crossref","unstructured":"Delgado, A., L\u00f3pez-Fern\u00e1ndez, L.A.: Pr\u00e1ctica profesional y g\u00e9nero en atenci\u00f3n primaria. Gaceta Sanitaria No. 18 (Suplemento 1) pp. 112\u2013117 (2004)","DOI":"10.1157\/13062259"},{"key":"18_CR17","unstructured":"Herrera, R., Cassals, M.: Algunos factores influyentes en la calidad de vida laboral de enfermer\u00eda. Revista Cubana de Enfermer\u00eda 2005 No. 21 (2005)"},{"key":"18_CR18","unstructured":"Espinoza, M.: Calidad de Vida en el Trabajo: Reflexiones en Torno a la Inseguridad y el Malestar Social. Temas laborales No. 18 (2001)"},{"key":"18_CR19","unstructured":"Gonz\u00e1lez, R., Hidalgo, G., Salazar, J.G., Preciado, M.L.: Instrumento para medir la Calidad de Vida en el Trabajo CVT-GOHISALO, Manual para su aplicaci\u00f3n e interpretaci\u00f3n. Ediciones de la Noche, Guadalajara, M\u00e9xico, ISBN 978-970-764-866-1 (2009)"},{"key":"18_CR20","unstructured":"Godinho, D., Cappellin, P.: La perspectiva de g\u00e9nero en la dimensi\u00f3n socio-laboral de los acuerdos de asociaci\u00f3n, An\u00e1lisis y propuestas Ed. Friedrich-Ebert-Stiftung, Uruguay (2009)"}],"container-title":["Lecture Notes in Networks and Systems","Advances in Physical, Social &amp; Occupational Ergonomics"],"original-title":[],"language":"en","link":[{"URL":"https:\/\/link.springer.com\/content\/pdf\/10.1007\/978-3-030-80713-9_18","content-type":"unspecified","content-version":"vor","intended-application":"similarity-checking"}],"deposited":{"date-parts":[[2023,1,3]],"date-time":"2023-01-03T05:52:27Z","timestamp":1672725147000},"score":1,"resource":{"primary":{"URL":"https:\/\/link.springer.com\/10.1007\/978-3-030-80713-9_18"}},"subtitle":[],"short-title":[],"issued":{"date-parts":[[2021]]},"ISBN":["9783030807122","9783030807139"],"references-count":20,"URL":"https:\/\/doi.org\/10.1007\/978-3-030-80713-9_18","relation":{},"ISSN":["2367-3370","2367-3389"],"issn-type":[{"type":"print","value":"2367-3370"},{"type":"electronic","value":"2367-3389"}],"subject":[],"published":{"date-parts":[[2021]]},"assertion":[{"value":"8 July 2021","order":1,"name":"first_online","label":"First Online","group":{"name":"ChapterHistory","label":"Chapter History"}},{"value":"AHFE","order":1,"name":"conference_acronym","label":"Conference Acronym","group":{"name":"ConferenceInfo","label":"Conference Information"}},{"value":"International Conference on Applied Human Factors and Ergonomics","order":2,"name":"conference_name","label":"Conference Name","group":{"name":"ConferenceInfo","label":"Conference Information"}},{"value":"2021","order":5,"name":"conference_year","label":"Conference Year","group":{"name":"ConferenceInfo","label":"Conference Information"}},{"value":"25 July 2021","order":7,"name":"conference_start_date","label":"Conference Start Date","group":{"name":"ConferenceInfo","label":"Conference Information"}},{"value":"29 July 2021","order":8,"name":"conference_end_date","label":"Conference End Date","group":{"name":"ConferenceInfo","label":"Conference Information"}},{"value":"ahfe2021","order":10,"name":"conference_id","label":"Conference ID","group":{"name":"ConferenceInfo","label":"Conference Information"}},{"value":"http:\/\/2021.ahfe.org\/index.html","order":11,"name":"conference_url","label":"Conference URL","group":{"name":"ConferenceInfo","label":"Conference Information"}}]}}

González-Baltazar

León-Cortés

Mónica I.

Hidalgo-González

González-Baltazar, R.: “Calidad de vida en el trabajo” Elaboración y validación de un instrumento en prestadores de servicios de salud. Tesis doctoral para obtener el grado de Doctora en Ciencias de la salud en el Trabajo, junio 2007. Universidad de Guadalajara (2007)

Fadda, G., Jirón, P.: Calidad de vida y género en sectores populares urbanos. Un estudio de caso en Santiago de Chile. Síntesis final y conclusiones. Boletín del Instituto de la Vivienda, Universidad de Chile, vol. 16, Núm. 042, ISSN 0716-5668, Santiago de Chile, pp. 105–138 (2001)

Pichardo Arlette. Bibliografía sobre calidad de vida y temas conexos; en (2005). http://www.cinpe.una.ac.cr/investigacion/proyectos/calidad-de-vida/bibliografia/Bibliograf%EDa.pdf

Rosete, M.G., Arenas, G., Santillán, M., Torres, M.A.: Análisis desde la perspectiva de género de los planes de estudios de las carreras de: Cirujano Dentista, enfermería y médico cirujano de la Universidad Nacional Autónoma de México. Memoria Académica del Primer Congreso Latinoamericano de Ciencias de la Educación (2010)

Lamas, M.: La perspectiva de género. La tarea, Revista de educación y cultura de la Sección 47 del S.N.T.E. No. 8 (1996). http://www.latarea.com.mx/index.htm

Bover, A.: Cuidadores informales de salud del ámbito domiciliario: percepciones y estrategias de cuidado ligadas al género y a la generación. Tesis doctoral. Universitat de les Illes Balears, Departament de Ciències de L’educació (2004)

Perafán, A.: Calidad de vida y género, un estudio exploratorio en la ciudad de Popayán, Colombia, en Estudios de Antropología Biológica, Vol. XIII, Ed. Instituto de Investigaciones Antropológicas, Universidad Nacional Autónoma de México, ISSN 1405-5066, pp. 515–532 (2007)

Gálvez, T., Henríquez, H., Morales, G., Uribe-Echevarría, V., Yáñez, S.: Remuneración de vendedores y vendedoras en grandes tiendas. Temas laborales nueva época, No. 24. División de Estudios de la Dirección del Trabajo, Gobierno de Chile (2009)

García, M.M., Mateo, I., Maroto, G.: El impacto de cuidar en la salud y la calidad de vida de las mujeres. Gaceta Sanitaria No. 18 (Suplemento 2) pp. 83–92 (2004)

Enciso V. Género y Trabajo: La Enfermería, La Ventana, Núm. 6 (1997)

Ortiz-Gómez, T., Birriel-Salcedo, J., Ortega, R.: Género, profesiones sanitarias y salud pública. Gaceta Sanitaria [online], ISSN 0213-9111, vol. 18, suppl.1, pp. 189–194 (2004)

M Fernández-Ortega

Fernández-Ortega, M., Ortiz-Montalvo, A., Ponce-Rosas, E., Fajardo-Ortiz, G., Mazón-Ramírez, J.: Caracterización de alumnos de la carrera de Medicina. Investigación en Educación Médica 5(19), 148–154 (2016)

Investigación en Educación Médica

Ramírez, M.A., Méndez-Carniado, O., Nigenda, G., Vargas, M.M.: Recursos humanos en los Servicios de Salud: Una perspectiva de género. Fundación Mexicana para la salud, Centro de Análisis Social y Económico (2002)

Delgado, A., López-Fernández, L.A.: Práctica profesional y género en atención primaria. Gaceta Sanitaria No. 18 (Suplemento 1) pp. 112–117 (2004)

Herrera, R., Cassals, M.: Algunos factores influyentes en la calidad de vida laboral de enfermería. Revista Cubana de Enfermería 2005 No. 21 (2005)

González, R., Hidalgo, G., Salazar, J.G., Preciado, M.L.: Instrumento para medir la Calidad de Vida en el Trabajo CVT-GOHISALO, Manual para su aplicación e interpretación. Ediciones de la Noche, Guadalajara, México, ISBN 978-970-764-866-1 (2009)

Godinho, D., Cappellin, P.: La perspectiva de género en la dimensión socio-laboral de los acuerdos de asociación, Análisis y propuestas Ed. Friedrich-Ebert-Stiftung, Uruguay (2009)
