{"status":"ok","message-type":"work","message-version":"1.0.0","message":{"indexed":{"date-parts":[[2025,3,26]],"date-time":"2025-03-26T19:51:22Z","timestamp":1743018682419,"version":"3.40.3"},"publisher-location":"Cham","reference-count":12,"publisher":"Springer International Publishing","isbn-type":[{"type":"print","value":"9783030807122"},{"type":"electronic","value":"9783030807139"}],"license":[{"start":{"date-parts":[[2021,1,1]],"date-time":"2021-01-01T00:00:00Z","timestamp":1609459200000},"content-version":"tdm","delay-in-days":0,"URL":"https:\/\/www.springer.com\/tdm"},{"start":{"date-parts":[[2021,1,1]],"date-time":"2021-01-01T00:00:00Z","timestamp":1609459200000},"content-version":"vor","delay-in-days":0,"URL":"https:\/\/www.springer.com\/tdm"}],"content-domain":{"domain":["link.springer.com"],"crossmark-restriction":false},"short-container-title":[],"published-print":{"date-parts":[[2021]]},"DOI":"10.1007\/978-3-030-80713-9_21","type":"book-chapter","created":{"date-parts":[[2021,7,7]],"date-time":"2021-07-07T10:03:47Z","timestamp":1625652227000},"page":"168-173","update-policy":"https:\/\/doi.org\/10.1007\/springer_crossmark_policy","source":"Crossref","is-referenced-by-count":0,"title":["Vocal Disability Index in Teachers from Ecuador"],"prefix":"10.1007","author":[{"given":"Rommel","family":"Silva","sequence":"first","affiliation":[],"role":[{"role":"author","vocabulary":"crossref"}]},{"given":"Oswaldo","family":"Jara","sequence":"additional","affiliation":[],"role":[{"role":"author","vocabulary":"crossref"}]},{"given":"Esteban","family":"Carrera","sequence":"additional","affiliation":[],"role":[{"role":"author","vocabulary":"crossref"}]},{"given":"Pablo","family":"Davila","sequence":"additional","affiliation":[],"role":[{"role":"author","vocabulary":"crossref"}]},{"given":"Jos\u00e9 Luis","family":"Sa\u00e1","sequence":"additional","affiliation":[],"role":[{"role":"author","vocabulary":"crossref"}]}],"member":"297","published-online":{"date-parts":[[2021,7,8]]},"reference":[{"key":"21_CR1","unstructured":"Begonya, T.: Anatom\u00eda Funcional de La Voz (2008)"},{"key":"21_CR2","unstructured":"Organization Mundial de la Salud: Clasificaci\u00f3n internacional de deficiencias, discapacidades y minusval\u00edas. Ginebra: Mundo Organizaci\u00f3n de la salud (1980)"},{"key":"21_CR3","unstructured":"Zubeld\u00eda, J., Elias, L., Bentorino, E., Wilder, F.: Relaci\u00f3n entre VHI (Voice Handicap Index) y valoraci\u00f3n objetiva de la perturbaci\u00f3n vocal. Rev. Faso (1), 24\u201330 (2019)"},{"issue":"1","key":"21_CR4","doi-asserted-by":"publisher","first-page":"1","DOI":"10.1016\/j.jvoice.2019.07.005","volume":"35","author":"UK Menon","year":"2021","unstructured":"Menon, U.K., Raj, M., Antony, L., Soman, S., Bhaskaran, R.: Prevalence of voice disorders in school teachers in a district in South India. J. Voice 35(1), 1\u20138 (2021). https:\/\/doi.org\/10.1016\/j.jvoice.2019.07.005","journal-title":"J. Voice"},{"issue":"3","key":"21_CR5","doi-asserted-by":"publisher","first-page":"66","DOI":"10.1044\/1058-0360.0603.66","volume":"6","author":"BH Jacobson","year":"1997","unstructured":"Jacobson, B.H., et al.: The voice handicap index (VHI): development and validation. Am. J. Speech Lang. Pathol. 6(3), 66\u201369 (1997). https:\/\/doi.org\/10.1044\/1058-0360.0603.66","journal-title":"Am. J. Speech Lang. Pathol."},{"key":"21_CR6","unstructured":"En, L., et al.: Percepci\u00f3n de la discapacidad vocal de los pacientes con disfon\u00eda funcional del programa de terapia de lenguaje en el hospital guillermo almenara (2019)"},{"issue":"9","key":"21_CR7","doi-asserted-by":"publisher","first-page":"386","DOI":"10.1016\/S0001-6519(07)74954-3","volume":"58","author":"F N\u00fa\u00f1ez-Batalla","year":"2007","unstructured":"N\u00fa\u00f1ez-Batalla, F., Corte-Santos, P., Se\u00f1aris-Gonz\u00e1lez, B., Llorente-Pend\u00e1s, J.L., G\u00f3rriz-Gil, C., Su\u00e1rez-Nieto, C.: Adaptaci\u00f3n y validaci\u00f3n del \u00edndice de incapacidad vocal (VHI-30) y su versi\u00f3n abreviada (VHI-10) al espa\u00f1ol. Acta Otorrinolaringol. Espanola 58(9), 386\u2013392 (2007). https:\/\/doi.org\/10.1016\/S0001-6519(07)74954-3","journal-title":"Acta Otorrinolaringol. Espanola"},{"key":"21_CR8","doi-asserted-by":"publisher","first-page":"1","DOI":"10.1016\/j.jvoice.2020.05.006","volume":"10","author":"H Alarouj","year":"2020","unstructured":"Alarouj, H., Althekerallah, J.M., AlAli, H., Ebrahim, M.A., Ebrahim, M.A.K.: A comparative study utilizing the voice handicap index-10 (VHI-10) in teachers and the general population of Kuwait. J. Voice 10, 1\u201310 (2020). https:\/\/doi.org\/10.1016\/j.jvoice.2020.05.006","journal-title":"J. Voice"},{"key":"21_CR9","doi-asserted-by":"crossref","unstructured":"Magdalena, U., Revollo-z\u00fa\u00f1iga, F., Hern\u00e1ndez-blanco, J.: Prevalence of voice disorders in teachers Universidad del. 17(2), 2017\u20132018 (2020)","DOI":"10.21676\/2389783X.3235"},{"issue":"9","key":"21_CR10","doi-asserted-by":"publisher","first-page":"1","DOI":"10.3390\/ijerph17093081","volume":"17","author":"Y Tao","year":"2020","unstructured":"Tao, Y., Lee, C.T.C., Hu, Y.J., Liu, Q.: Relevant work factors associated with voice disorders in early childhood teachers: a comparison between kindergarten and elementary school teachers in Yancheng, China. Int. J. Environ. Res. Public Health 17(9), 1\u201316 (2020). https:\/\/doi.org\/10.3390\/ijerph17093081","journal-title":"Int. J. Environ. Res. Public Health"},{"issue":"1","key":"21_CR11","first-page":"38","volume":"20","author":"A Matas","year":"2018","unstructured":"Matas, A.: Dise\u00f1o del formato de escalas tipo Likert: un estado de la cuesti\u00f3n. Rev. Electr\u00f3n. Invest Educ. 20(1), 38\u201347 (2018)","journal-title":"Rev. Electr\u00f3n. Invest Educ."},{"key":"21_CR12","unstructured":"Dom\u00ednguez, A., L\u00f3pez, A., N\u00fa\u00f1ez, S., Portela, I., Elia, V.: Perturbaci\u00f3n de la Voz en Docentes. 13 (2020)"}],"container-title":["Lecture Notes in Networks and Systems","Advances in Physical, Social &amp; Occupational Ergonomics"],"original-title":[],"language":"en","link":[{"URL":"https:\/\/link.springer.com\/content\/pdf\/10.1007\/978-3-030-80713-9_21","content-type":"unspecified","content-version":"vor","intended-application":"similarity-checking"}],"deposited":{"date-parts":[[2021,7,7]],"date-time":"2021-07-07T10:07:05Z","timestamp":1625652425000},"score":1,"resource":{"primary":{"URL":"https:\/\/link.springer.com\/10.1007\/978-3-030-80713-9_21"}},"subtitle":[],"short-title":[],"issued":{"date-parts":[[2021]]},"ISBN":["9783030807122","9783030807139"],"references-count":12,"URL":"https:\/\/doi.org\/10.1007\/978-3-030-80713-9_21","relation":{},"ISSN":["2367-3370","2367-3389"],"issn-type":[{"type":"print","value":"2367-3370"},{"type":"electronic","value":"2367-3389"}],"subject":[],"published":{"date-parts":[[2021]]},"assertion":[{"value":"8 July 2021","order":1,"name":"first_online","label":"First Online","group":{"name":"ChapterHistory","label":"Chapter History"}},{"value":"AHFE","order":1,"name":"conference_acronym","label":"Conference Acronym","group":{"name":"ConferenceInfo","label":"Conference Information"}},{"value":"International Conference on Applied Human Factors and Ergonomics","order":2,"name":"conference_name","label":"Conference Name","group":{"name":"ConferenceInfo","label":"Conference Information"}},{"value":"2021","order":5,"name":"conference_year","label":"Conference Year","group":{"name":"ConferenceInfo","label":"Conference Information"}},{"value":"25 July 2021","order":7,"name":"conference_start_date","label":"Conference Start Date","group":{"name":"ConferenceInfo","label":"Conference Information"}},{"value":"29 July 2021","order":8,"name":"conference_end_date","label":"Conference End Date","group":{"name":"ConferenceInfo","label":"Conference Information"}},{"value":"ahfe2021","order":10,"name":"conference_id","label":"Conference ID","group":{"name":"ConferenceInfo","label":"Conference Information"}},{"value":"http:\/\/2021.ahfe.org\/index.html","order":11,"name":"conference_url","label":"Conference URL","group":{"name":"ConferenceInfo","label":"Conference Information"}}]}}

José Luis

Saá

Begonya, T.: Anatomía Funcional de La Voz (2008)

Organization Mundial de la Salud: Clasificación internacional de deficiencias, discapacidades y minusvalías. Ginebra: Mundo Organización de la salud (1980)

Zubeldía, J., Elias, L., Bentorino, E., Wilder, F.: Relación entre VHI (Voice Handicap Index) y valoración objetiva de la perturbación vocal. Rev. Faso (1), 24–30 (2019)

En, L., et al.: Percepción de la discapacidad vocal de los pacientes con disfonía funcional del programa de terapia de lenguaje en el hospital guillermo almenara (2019)

F Núñez-Batalla

Núñez-Batalla, F., Corte-Santos, P., Señaris-González, B., Llorente-Pendás, J.L., Górriz-Gil, C., Suárez-Nieto, C.: Adaptación y validación del índice de incapacidad vocal (VHI-30) y su versión abreviada (VHI-10) al español. Acta Otorrinolaringol. Espanola 58(9), 386–392 (2007). https://doi.org/10.1016/S0001-6519(07)74954-3

Magdalena, U., Revollo-zúñiga, F., Hernández-blanco, J.: Prevalence of voice disorders in teachers Universidad del. 17(2), 2017–2018 (2020)

Matas, A.: Diseño del formato de escalas tipo Likert: un estado de la cuestión. Rev. Electrón. Invest Educ. 20(1), 38–47 (2018)

Rev. Electrón. Invest Educ.

Domínguez, A., López, A., Núñez, S., Portela, I., Elia, V.: Perturbación de la Voz en Docentes. 13 (2020)
