{"status":"ok","message-type":"work","message-version":"1.0.0","message":{"indexed":{"date-parts":[[2025,9,23]],"date-time":"2025-09-23T14:12:08Z","timestamp":1758636728914,"version":"3.40.3"},"publisher-location":"Cham","reference-count":12,"publisher":"Springer International Publishing","isbn-type":[{"type":"print","value":"9783030878719"},{"type":"electronic","value":"9783030878726"}],"license":[{"start":{"date-parts":[[2021,9,22]],"date-time":"2021-09-22T00:00:00Z","timestamp":1632268800000},"content-version":"tdm","delay-in-days":0,"URL":"https:\/\/www.springer.com\/tdm"},{"start":{"date-parts":[[2021,9,22]],"date-time":"2021-09-22T00:00:00Z","timestamp":1632268800000},"content-version":"vor","delay-in-days":0,"URL":"https:\/\/www.springer.com\/tdm"}],"content-domain":{"domain":["link.springer.com"],"crossmark-restriction":false},"short-container-title":[],"published-print":{"date-parts":[[2022]]},"DOI":"10.1007\/978-3-030-87872-6_35","type":"book-chapter","created":{"date-parts":[[2021,9,21]],"date-time":"2021-09-21T04:02:39Z","timestamp":1632196959000},"page":"356-361","update-policy":"https:\/\/doi.org\/10.1007\/springer_crossmark_policy","source":"Crossref","is-referenced-by-count":1,"title":["Social Perceptions of Science and Technology Among Students of Early Childhood and Primary Education"],"prefix":"10.1007","author":[{"given":"Roberto","family":"Garc\u00eda-Mor\u00eds","sequence":"first","affiliation":[]},{"given":"Javier","family":"Alfonso-Cend\u00f3n","sequence":"additional","affiliation":[]}],"member":"297","published-online":{"date-parts":[[2021,9,22]]},"reference":[{"key":"35_CR1","unstructured":"Puertas, F.: El papel de las mujeres en la Ciencia y la tecnolog\u00eda. Santillana (2019)"},{"key":"35_CR2","unstructured":"Ministry of Science and Innovation: Cient\u00edficas en Cifras 2021. Observatorio Mujeres, Ciencia e innovaci\u00f3n (2021)"},{"key":"35_CR3","unstructured":"Ministry of Science and Innovation: Percepci\u00f3n Social de la Ciencia y la Tecnolog\u00eda en Espa\u00f1a. Informes y Publicaciones. https:\/\/icono.fecyt.es\/informes-y-publicaciones\/percepcion-social-de-la-ciencia-y-la-tecnologia-en-espana, 10 June 2021"},{"key":"35_CR4","unstructured":"FECYT: Fundaci\u00f3n Espa\u00f1ola para la Ciencia y la Tecnolog\u00eda. https:\/\/www.fecyt.es\/. 10 June 2021"},{"key":"35_CR5","unstructured":"DigitalES: El desaf\u00edo de las vocaciones STEM. Por qu\u00e9 los j\u00f3venes espa\u00f1oles descartan los estudios de ciencia y tecnolog\u00eda. DigitalES (2019)"},{"key":"35_CR6","first-page":"91","volume":"21","author":"J Solbes","year":"2007","unstructured":"Solbes, J., Montserrat, R., Furi\u00f3, C.: El desinter\u00e9s del alumnado hacia el aprendizaje de la ciencia: implicaciones en su ense\u00f1anza. Did\u00e1ctica de las ciencias experimentales y sociales 21, 91 (2007)","journal-title":"Did\u00e1ctica de las ciencias experimentales y sociales"},{"key":"35_CR7","unstructured":"FECYT: \u00bfC\u00f3mo podemos estimular una mente cient\u00edfica? Estudio sobre vocaciones cient\u00edficas. Obra Social \u201cla Caixa\u201d, FECYT y everis (2015)"},{"key":"35_CR8","unstructured":"UNESCO: Descifrar el c\u00f3digo: la educaci\u00f3n de las ni\u00f1as y las mujeres en ciencias, tecnolog\u00eda, ingenier\u00eda y matem\u00e1ticas (STEM). UNESCO (2019)"},{"key":"35_CR9","unstructured":"Ortega, E.: De la brecha de g\u00e9nero al an\u00e1lisis interseccional de disciplinas STEM. Percepci\u00f3n social de la Ciencia y la Tecnolog\u00eda 2018. FECYT, pp. 189\u2013201 (2019)"},{"issue":"68","key":"35_CR10","first-page":"177","volume":"22","author":"S V\u00e1zquez-Cupeiro","year":"2015","unstructured":"V\u00e1zquez-Cupeiro, S.: Ciencia, estereotipos y g\u00e9nero: una revisi\u00f3n de los marcos explicativos. Convergencia 22(68), 177\u2013202 (2015)","journal-title":"Convergencia"},{"key":"35_CR11","unstructured":"G\u00f3mez-Escobar. A., Fern\u00e1ndez-C\u00e9zar, R.: \u00bfAfecta una intervenci\u00f3n did\u00e1ctica a la percepci\u00f3n del g\u00e9nero en la ciencia de futuros docentes? In: Innovaci\u00f3n Docente e Investigaci\u00f3n en Educaci\u00f3n. Avanzando el proceso de ense\u00f1anza-aprendizaje. Dykinson, pp. 123\u2013133 (2020)"},{"key":"35_CR12","unstructured":"Solbes, J.: Les empremtes de la ci\u00e8ncia. Alzira, Ed Germania (2002)"}],"container-title":["Advances in Intelligent Systems and Computing","14th International Conference on Computational Intelligence in Security for Information Systems and 12th International Conference on European Transnational Educational (CISIS 2021 and ICEUTE 2021)"],"original-title":[],"language":"en","link":[{"URL":"https:\/\/link.springer.com\/content\/pdf\/10.1007\/978-3-030-87872-6_35","content-type":"unspecified","content-version":"vor","intended-application":"similarity-checking"}],"deposited":{"date-parts":[[2022,1,22]],"date-time":"2022-01-22T07:06:20Z","timestamp":1642835180000},"score":1,"resource":{"primary":{"URL":"https:\/\/link.springer.com\/10.1007\/978-3-030-87872-6_35"}},"subtitle":[],"short-title":[],"issued":{"date-parts":[[2021,9,22]]},"ISBN":["9783030878719","9783030878726"],"references-count":12,"URL":"https:\/\/doi.org\/10.1007\/978-3-030-87872-6_35","relation":{},"ISSN":["2194-5357","2194-5365"],"issn-type":[{"type":"print","value":"2194-5357"},{"type":"electronic","value":"2194-5365"}],"subject":[],"published":{"date-parts":[[2021,9,22]]},"assertion":[{"value":"22 September 2021","order":1,"name":"first_online","label":"First Online","group":{"name":"ChapterHistory","label":"Chapter History"}},{"value":"CISIS - ICEUTE","order":1,"name":"conference_acronym","label":"Conference Acronym","group":{"name":"ConferenceInfo","label":"Conference Information"}},{"value":"Computational Intelligence in Security for Information Systems Conference","order":2,"name":"conference_name","label":"Conference Name","group":{"name":"ConferenceInfo","label":"Conference Information"}},{"value":"Bilbao","order":3,"name":"conference_city","label":"Conference City","group":{"name":"ConferenceInfo","label":"Conference Information"}},{"value":"Spain","order":4,"name":"conference_country","label":"Conference Country","group":{"name":"ConferenceInfo","label":"Conference Information"}},{"value":"2021","order":5,"name":"conference_year","label":"Conference Year","group":{"name":"ConferenceInfo","label":"Conference Information"}},{"value":"22 September 2021","order":7,"name":"conference_start_date","label":"Conference Start Date","group":{"name":"ConferenceInfo","label":"Conference Information"}},{"value":"24 September 2021","order":8,"name":"conference_end_date","label":"Conference End Date","group":{"name":"ConferenceInfo","label":"Conference Information"}},{"value":"14","order":9,"name":"conference_number","label":"Conference Number","group":{"name":"ConferenceInfo","label":"Conference Information"}},{"value":"cisis-spain2021","order":10,"name":"conference_id","label":"Conference ID","group":{"name":"ConferenceInfo","label":"Conference Information"}},{"value":"http:\/\/2021.iceuteconference.eu\/","order":11,"name":"conference_url","label":"Conference URL","group":{"name":"ConferenceInfo","label":"Conference Information"}}]}}

García-Morís

Alfonso-Cendón

Puertas, F.: El papel de las mujeres en la Ciencia y la tecnología. Santillana (2019)

Ministry of Science and Innovation: Científicas en Cifras 2021. Observatorio Mujeres, Ciencia e innovación (2021)

Ministry of Science and Innovation: Percepción Social de la Ciencia y la Tecnología en España. Informes y Publicaciones. https://icono.fecyt.es/informes-y-publicaciones/percepcion-social-de-la-ciencia-y-la-tecnologia-en-espana, 10 June 2021

FECYT: Fundación Española para la Ciencia y la Tecnología. https://www.fecyt.es/. 10 June 2021

DigitalES: El desafío de las vocaciones STEM. Por qué los jóvenes españoles descartan los estudios de ciencia y tecnología. DigitalES (2019)

Solbes, J., Montserrat, R., Furió, C.: El desinterés del alumnado hacia el aprendizaje de la ciencia: implicaciones en su enseñanza. Didáctica de las ciencias experimentales y sociales 21, 91 (2007)

Didáctica de las ciencias experimentales y sociales

FECYT: ¿Cómo podemos estimular una mente científica? Estudio sobre vocaciones científicas. Obra Social “la Caixa”, FECYT y everis (2015)

UNESCO: Descifrar el código: la educación de las niñas y las mujeres en ciencias, tecnología, ingeniería y matemáticas (STEM). UNESCO (2019)

Ortega, E.: De la brecha de género al análisis interseccional de disciplinas STEM. Percepción social de la Ciencia y la Tecnología 2018. FECYT, pp. 189–201 (2019)

S Vázquez-Cupeiro

Vázquez-Cupeiro, S.: Ciencia, estereotipos y género: una revisión de los marcos explicativos. Convergencia 22(68), 177–202 (2015)

Gómez-Escobar. A., Fernández-Cézar, R.: ¿Afecta una intervención didáctica a la percepción del género en la ciencia de futuros docentes? In: Innovación Docente e Investigación en Educación. Avanzando el proceso de enseñanza-aprendizaje. Dykinson, pp. 123–133 (2020)

Solbes, J.: Les empremtes de la ciència. Alzira, Ed Germania (2002)
