{"status":"ok","message-type":"work","message-version":"1.0.0","message":{"indexed":{"date-parts":[[2025,3,25]],"date-time":"2025-03-25T18:40:01Z","timestamp":1742928001518,"version":"3.40.3"},"publisher-location":"Cham","reference-count":34,"publisher":"Springer International Publishing","isbn-type":[{"type":"print","value":"9783030878719"},{"type":"electronic","value":"9783030878726"}],"license":[{"start":{"date-parts":[[2021,9,22]],"date-time":"2021-09-22T00:00:00Z","timestamp":1632268800000},"content-version":"tdm","delay-in-days":0,"URL":"https:\/\/www.springer.com\/tdm"},{"start":{"date-parts":[[2021,9,22]],"date-time":"2021-09-22T00:00:00Z","timestamp":1632268800000},"content-version":"vor","delay-in-days":0,"URL":"https:\/\/www.springer.com\/tdm"}],"content-domain":{"domain":["link.springer.com"],"crossmark-restriction":false},"short-container-title":[],"published-print":{"date-parts":[[2022]]},"DOI":"10.1007\/978-3-030-87872-6_37","type":"book-chapter","created":{"date-parts":[[2021,9,21]],"date-time":"2021-09-21T04:02:39Z","timestamp":1632196959000},"page":"374-383","update-policy":"https:\/\/doi.org\/10.1007\/springer_crossmark_policy","source":"Crossref","is-referenced-by-count":0,"title":["Development of Competencies Applying the Project Method. Application in Environmental Engineering"],"prefix":"10.1007","author":[{"given":"Hernando Avella","family":"Forero","sequence":"first","affiliation":[]},{"ORCID":"https:\/\/orcid.org\/0000-0003-1768-793X","authenticated-orcid":false,"given":"N\u00e9stor Rafael","family":"Perico-Granados","sequence":"additional","affiliation":[]},{"ORCID":"https:\/\/orcid.org\/0000-0002-1010-7210","authenticated-orcid":false,"given":"Pedro Mauricio Acosta","family":"Castellanos","sequence":"additional","affiliation":[]},{"ORCID":"https:\/\/orcid.org\/0000-0001-5296-0271","authenticated-orcid":false,"given":"Araceli","family":"Queiruga-Dios","sequence":"additional","affiliation":[]},{"given":"Heidy Madeleine Ar\u00e9valo","family":"Algarra","sequence":"additional","affiliation":[]}],"member":"297","published-online":{"date-parts":[[2021,9,22]]},"reference":[{"key":"37_CR1","doi-asserted-by":"crossref","unstructured":"Hern\u00e1ndez, S., Corredor, L.: Reflexiones sobre la importancia econ\u00f3mica y ambiental del manejo de residuos en el siglo XXI, Rev. Tecnol. 15(1), 57\u201376 (2016). https:\/\/dialnet.unirioja.es\/servlet\/articulo?codigo=6041529","DOI":"10.18270\/rt.v15i1.2039"},{"key":"37_CR2","unstructured":"Mundial, B.: Los desechos: un an\u00e1lisis actualizado del futuro de la gesti\u00f3n de los desechos s\u00f3lidos, Banco Mundial (2018). https:\/\/www.bancomundial.org\/es\/news\/immersive-story\/2018\/09\/20\/what-a-waste-an-updated-look-into-the-future-of-solid-waste-management"},{"key":"37_CR3","unstructured":"Heinrich B\u00f6ll Stiftung y Brealk free from Plastic. Atlas del pl\u00e1stico. Datos y cifras sobre el mundo de los pol\u00edmeros sint\u00e9ticos, 2a. Creative Commons, El Salvador (2019)"},{"key":"37_CR4","unstructured":"Revista Semana. Crisis mundial por la basura: solo el 16% de los desechos son reciclados. Revista Semana - Sostenible. 09 Jul 2019. https:\/\/sostenibilidad.semana.com\/medio-ambiente\/articulo\/crisis-mundial-por-la-basura-solo-el-16-de-los-desechos-son-reciclados\/44932."},{"key":"37_CR5","unstructured":"Monterrosa, H.: Colombia podr\u00eda aprovechar 40% de las toneladas de residuos que genera anualmente. La Republica (2019). https:\/\/www.larepublica.co\/responsabilidad-social\/colombia-podria-aprovechar-cerca-de-40-de-los-116-millones-de-toneladas-de-residuos-que-genera-al-ano-2813141. Accessed 01 Aug 2020."},{"key":"37_CR6","doi-asserted-by":"crossref","unstructured":"Revista Semana: El 78% de los hogares colombianos no recicla. revista semana - sostenible, ene. 03 (2020)","DOI":"10.36852\/2695-4427_2020_03.09"},{"key":"37_CR7","doi-asserted-by":"publisher","unstructured":"Lopez, F.: Tendencias de la educaci\u00f3n superior en el mundo y en am\u00e9rica latina y el caribe. Avalia\u00e7\u00e3o Rev. da Avalia\u00e7\u00e3o da Educ. Super. 13(2), 267\u2013291 (2006). https:\/\/doi.org\/10.1590\/S1414-40772008000200003.","DOI":"10.1590\/S1414-40772008000200003"},{"key":"37_CR8","first-page":"21","volume":"8","author":"GE Capote","year":"2016","unstructured":"Capote, G.E., Rizo, N.R., Bravo, G.: La formaci\u00f3n de ingenieros en la actualidad. una explicaci\u00f3n necesaria. Rev. Univ. y Soc. 8, 21\u201328 (2016)","journal-title":"Rev. Univ. y Soc."},{"key":"37_CR9","doi-asserted-by":"publisher","unstructured":"Perico-Granados, N., D\u00e1vila, M., Murcia, K., Arevalo, H.: Construcci\u00f3n de competencias humanas en Ingenier\u00eda. Hojas y Habl., 19, 99\u2013121 (2020). https:\/\/doi.org\/10.29151\/hojasyhablas.n19a6","DOI":"10.29151\/hojasyhablas.n19a6"},{"key":"37_CR10","unstructured":"De Zubir\u00eda, J.: La vigencia de las ideas de Alberto Merani en psicolog\u00eda y educaci\u00f3n (2018). https:\/\/fliphtml5.com\/pjcep\/qymc\/basic. Accessed 08 Dec 2020"},{"key":"37_CR11","unstructured":"Perico-Granados, N.R., Yaneth Galarza, E., Diaz Ochoa, M.L., Ar\u00e9valo Algarra, H.M., Perico-Martinez, N.R.: Gu\u00eda pr\u00e1ctica de investigaci\u00f3n en ingenier\u00eda: apoyo a la formaci\u00f3n de docentes y estudiantes. Corporaci\u00f3n Universitaria Minuto de Dios, Bogot\u00e1 UNIMINUTO (2020)"},{"key":"37_CR12","doi-asserted-by":"publisher","unstructured":"Bell, S.: Project-Based Learning for the 21st Century: Skills for the Future. Clear. House A J. Educ. Strateg. Issues Ideas 83(2), 39\u201343 (2010). https:\/\/doi.org\/10.1080\/00098650903505415","DOI":"10.1080\/00098650903505415"},{"key":"37_CR13","unstructured":"Ni\u00f1o, V.: Metodolog\u00eda de la investigaci\u00f3n. Dise\u00f1o y ejecuci\u00f3n. Ediciones de La U, Bogot\u00e1 D.C (2011)"},{"key":"37_CR14","unstructured":"Hern\u00e1ndez Sampieri, R., Fernandez, C., Baptista, M.P.: Metodolog\u00eda de la investigaci\u00f3n., Sexta edic. McGraw-Hill Education, M\u00e9xico (2014)"},{"key":"37_CR15","doi-asserted-by":"publisher","unstructured":"Castellanos, P.M.A., Queiruga-Dios, A., Encinas, A.H., Acosta, L.C.: Environmental education in environmental engineering: analysis of the situation in Colombia and Latin America, Sustainability (2020). https:\/\/doi.org\/10.3390\/su12187239","DOI":"10.3390\/su12187239"},{"key":"37_CR16","unstructured":"Piaget, J.: El criterio moral en el ni\u00f1o, traducci\u00f3n al espa\u00f1ol de Nuria Vidal. Editorial Fontanella S.A, Espa\u00f1a (1974)"},{"key":"37_CR17","doi-asserted-by":"publisher","unstructured":"Galindo, J.: Sobre la noci\u00f3n de autonom\u00eda en Jean Piaget., Educ. y Cienc. 15, 23\u201333 (2012). https:\/\/doi.org\/10.1097\/00042192-199704040-00073","DOI":"10.1097\/00042192-199704040-00073"},{"key":"37_CR18","doi-asserted-by":"publisher","unstructured":"Sieckmann, J.-R.: El concepto de autonom\u00eda, Doxa. Cuad. Filos. del Derecho. 31(31), 465\u2013483 (2008). https:\/\/doi.org\/10.14198\/doxa2008.31.28","DOI":"10.14198\/doxa2008.31.28"},{"issue":"20","key":"37_CR19","first-page":"503","volume":"2","author":"M Steven","year":"1994","unstructured":"Steven, M., Campion, M.: The knowledge, skill, and ability requirements for teamwork: implications for human resource management. J. Manage. 2(20), 503\u2013530 (1994)","journal-title":"J. Manage."},{"issue":"4","key":"37_CR20","first-page":"104","volume":"2","author":"D Aguado","year":"2010","unstructured":"Aguado, D., Arranz, V., Valera, A.: Desarrollo de la competencia transversal trabajo en equipo mediante contenidos elearning: una ayuda oara la insercion laboral. Relada 2(4), 104\u2013111 (2010)","journal-title":"Relada"},{"key":"37_CR21","doi-asserted-by":"publisher","unstructured":"Barraycoa, J., Lasaga, O.: La competencia de trabajo en equipo: m\u00e1s all\u00e1 del corta y pega. Vivat Acad., 0(111), 66\u201370 (2015). https:\/\/doi.org\/10.15178\/va.2010.111.65-69","DOI":"10.15178\/va.2010.111.65-69"},{"issue":"92","key":"37_CR22","first-page":"1741","volume":"25","author":"NR Perico-Granados","year":"2020","unstructured":"Perico-Granados, N.R., Umba, M., Tovar-Torres, C., Reyes, C.: Proyectos educativos para estudiantes de educaci\u00f3n b\u00e1sica en Colombia: estrategia de aprendizaje en matem\u00e1ticas. Rev. Venez. Gerenc. 25(92), 1741\u20131757 (2020)","journal-title":"Rev. Venez. Gerenc."},{"key":"37_CR23","unstructured":"Dewey, J.: C\u00f3mo pensamos. Nueva exposici\u00f3n de la relaci\u00f3n entre pensamiento reflexivo y proceso educativo. Paidos, Barcelona (1989)"},{"key":"37_CR24","unstructured":"S\u00e1nchez, E., L\u00f3pez, M.: El contexto actual de la formaci\u00f3n de profesionales reflexivos. Rev. Temas 7, 45\u201355 (2013). http:\/\/revistas.ustabuca.edu.co\/index.php\/TEMAS\/article\/view\/573"},{"key":"37_CR25","unstructured":"Sch\u00f6n, D.: El profesional reflexivo, c\u00f3mo piensan los profesionales cuando act\u00faan., 1 Edici\u00f3n. Paid\u00f3s, Barcelona Espa\u00f1a (1998)"},{"key":"37_CR26","unstructured":"Pati\u00f1o, H.: El pensamiento cr\u00edtico como tarea central de la educaci\u00f3n humanista, DIDAC. Univ. Iberoam., pp. 10\u201317 (2014)"},{"key":"37_CR27","unstructured":"Su\u00e1rez, J., Mart\u00edn, J., Villaveces, L., Pab\u00f3n, D.: Pensamiento cr\u00edtico y filosof\u00eda. Un di\u00e1logo con nuevas tonadas. Universidad del Norte, Barranquilla (2018)"},{"issue":"2","key":"37_CR28","first-page":"111","volume":"11","author":"O Tamayo","year":"2015","unstructured":"Tamayo, O., Zona, R., Loaiza, Y.: El pensamiento cr\u00edtico en la educaci\u00f3n. Algunas categor\u00edas centrales en su estudio. Rev. Latinoam. Estud. Educ. 11(2), 111\u2013133 (2015)","journal-title":"Rev. Latinoam. Estud. Educ."},{"key":"37_CR29","unstructured":"Cant\u00fa, L.: Roque, M.C.: Comunicaci\u00f3n para ingenieros. Grupo Editorial Patria, M\u00e9xico (2014)"},{"key":"37_CR30","unstructured":"Cid, A., Merchand, T.: La expresi\u00f3n oral y escrita, habilidad indispensable en la formaci\u00f3n de ingenieros. ANFEI (2014)"},{"issue":"26","key":"37_CR31","doi-asserted-by":"publisher","first-page":"146","DOI":"10.21500\/01247492.1289","volume":"13","author":"P Carre\u00f1o","year":"2012","unstructured":"Carre\u00f1o, P.: La comunicaci\u00f3n oral y escrita en la formaci\u00f3n de ingenieros. Pedagog. y curriculo 13(26), 146\u2013152 (2012). https:\/\/doi.org\/10.21500\/01247492.1289","journal-title":"Pedagog. y curriculo"},{"key":"37_CR32","volume-title":"Naturaleza humana y conducta","author":"J Dewey","year":"2014","unstructured":"Dewey, J.: Naturaleza humana y conducta. Fondo de cultura econ\u00f3mica, Mexico (2014)"},{"key":"37_CR33","volume-title":"Habilidades, competencias y experticias: m\u00e1s all\u00e1 del saber qu\u00e9 y el saber c\u00f3mo","author":"D Acosta","year":"2013","unstructured":"Acosta, D., Vasco, C.: Habilidades, competencias y experticias: m\u00e1s all\u00e1 del saber qu\u00e9 y el saber c\u00f3mo. Corporaci\u00f3n Universitaria Unitec, Univesidad de Manizales y Fundaci\u00f3n Centro Internacional de Educaci\u00f3n y Desar-rollo Humano (Cinde), Bogot\u00e1, D.C (2013)"},{"key":"37_CR34","unstructured":"Garcia, L., Mercado, C., Trespalacios, A.: La experticia en la planeaci\u00f3n a trav\u00e9s de la estrategia de n\u00facleos tem\u00e1ticos integradores. Universidad del Norte (2020)"}],"container-title":["Advances in Intelligent Systems and Computing","14th International Conference on Computational Intelligence in Security for Information Systems and 12th International Conference on European Transnational Educational (CISIS 2021 and ICEUTE 2021)"],"original-title":[],"language":"en","link":[{"URL":"https:\/\/link.springer.com\/content\/pdf\/10.1007\/978-3-030-87872-6_37","content-type":"unspecified","content-version":"vor","intended-application":"similarity-checking"}],"deposited":{"date-parts":[[2022,1,22]],"date-time":"2022-01-22T07:07:12Z","timestamp":1642835232000},"score":1,"resource":{"primary":{"URL":"https:\/\/link.springer.com\/10.1007\/978-3-030-87872-6_37"}},"subtitle":[],"short-title":[],"issued":{"date-parts":[[2021,9,22]]},"ISBN":["9783030878719","9783030878726"],"references-count":34,"URL":"https:\/\/doi.org\/10.1007\/978-3-030-87872-6_37","relation":{},"ISSN":["2194-5357","2194-5365"],"issn-type":[{"type":"print","value":"2194-5357"},{"type":"electronic","value":"2194-5365"}],"subject":[],"published":{"date-parts":[[2021,9,22]]},"assertion":[{"value":"22 September 2021","order":1,"name":"first_online","label":"First Online","group":{"name":"ChapterHistory","label":"Chapter History"}},{"value":"CISIS - ICEUTE","order":1,"name":"conference_acronym","label":"Conference Acronym","group":{"name":"ConferenceInfo","label":"Conference Information"}},{"value":"Computational Intelligence in Security for Information Systems Conference","order":2,"name":"conference_name","label":"Conference Name","group":{"name":"ConferenceInfo","label":"Conference Information"}},{"value":"Bilbao","order":3,"name":"conference_city","label":"Conference City","group":{"name":"ConferenceInfo","label":"Conference Information"}},{"value":"Spain","order":4,"name":"conference_country","label":"Conference Country","group":{"name":"ConferenceInfo","label":"Conference Information"}},{"value":"2021","order":5,"name":"conference_year","label":"Conference Year","group":{"name":"ConferenceInfo","label":"Conference Information"}},{"value":"22 September 2021","order":7,"name":"conference_start_date","label":"Conference Start Date","group":{"name":"ConferenceInfo","label":"Conference Information"}},{"value":"24 September 2021","order":8,"name":"conference_end_date","label":"Conference End Date","group":{"name":"ConferenceInfo","label":"Conference Information"}},{"value":"14","order":9,"name":"conference_number","label":"Conference Number","group":{"name":"ConferenceInfo","label":"Conference Information"}},{"value":"cisis-spain2021","order":10,"name":"conference_id","label":"Conference ID","group":{"name":"ConferenceInfo","label":"Conference Information"}},{"value":"http:\/\/2021.iceuteconference.eu\/","order":11,"name":"conference_url","label":"Conference URL","group":{"name":"ConferenceInfo","label":"Conference Information"}}]}}

Néstor Rafael

Heidy Madeleine Arévalo

Hernández, S., Corredor, L.: Reflexiones sobre la importancia económica y ambiental del manejo de residuos en el siglo XXI, Rev. Tecnol. 15(1), 57–76 (2016). https://dialnet.unirioja.es/servlet/articulo?codigo=6041529

Mundial, B.: Los desechos: un análisis actualizado del futuro de la gestión de los desechos sólidos, Banco Mundial (2018). https://www.bancomundial.org/es/news/immersive-story/2018/09/20/what-a-waste-an-updated-look-into-the-future-of-solid-waste-management

Heinrich Böll Stiftung y Brealk free from Plastic. Atlas del plástico. Datos y cifras sobre el mundo de los polímeros sintéticos, 2a. Creative Commons, El Salvador (2019)

Monterrosa, H.: Colombia podría aprovechar 40% de las toneladas de residuos que genera anualmente. La Republica (2019). https://www.larepublica.co/responsabilidad-social/colombia-podria-aprovechar-cerca-de-40-de-los-116-millones-de-toneladas-de-residuos-que-genera-al-ano-2813141. Accessed 01 Aug 2020.

Lopez, F.: Tendencias de la educación superior en el mundo y en américa latina y el caribe. Avaliação Rev. da Avaliação da Educ. Super. 13(2), 267–291 (2006). https://doi.org/10.1590/S1414-40772008000200003.

Capote, G.E., Rizo, N.R., Bravo, G.: La formación de ingenieros en la actualidad. una explicación necesaria. Rev. Univ. y Soc. 8, 21–28 (2016)

Perico-Granados, N., Dávila, M., Murcia, K., Arevalo, H.: Construcción de competencias humanas en Ingeniería. Hojas y Habl., 19, 99–121 (2020). https://doi.org/10.29151/hojasyhablas.n19a6

De Zubiría, J.: La vigencia de las ideas de Alberto Merani en psicología y educación (2018). https://fliphtml5.com/pjcep/qymc/basic. Accessed 08 Dec 2020

Perico-Granados, N.R., Yaneth Galarza, E., Diaz Ochoa, M.L., Arévalo Algarra, H.M., Perico-Martinez, N.R.: Guía práctica de investigación en ingeniería: apoyo a la formación de docentes y estudiantes. Corporación Universitaria Minuto de Dios, Bogotá UNIMINUTO (2020)

Niño, V.: Metodología de la investigación. Diseño y ejecución. Ediciones de La U, Bogotá D.C (2011)

Hernández Sampieri, R., Fernandez, C., Baptista, M.P.: Metodología de la investigación., Sexta edic. McGraw-Hill Education, México (2014)

Piaget, J.: El criterio moral en el niño, traducción al español de Nuria Vidal. Editorial Fontanella S.A, España (1974)

Galindo, J.: Sobre la noción de autonomía en Jean Piaget., Educ. y Cienc. 15, 23–33 (2012). https://doi.org/10.1097/00042192-199704040-00073

Sieckmann, J.-R.: El concepto de autonomía, Doxa. Cuad. Filos. del Derecho. 31(31), 465–483 (2008). https://doi.org/10.14198/doxa2008.31.28

Barraycoa, J., Lasaga, O.: La competencia de trabajo en equipo: más allá del corta y pega. Vivat Acad., 0(111), 66–70 (2015). https://doi.org/10.15178/va.2010.111.65-69

Perico-Granados, N.R., Umba, M., Tovar-Torres, C., Reyes, C.: Proyectos educativos para estudiantes de educación básica en Colombia: estrategia de aprendizaje en matemáticas. Rev. Venez. Gerenc. 25(92), 1741–1757 (2020)

Dewey, J.: Cómo pensamos. Nueva exposición de la relación entre pensamiento reflexivo y proceso educativo. Paidos, Barcelona (1989)

Sánchez, E., López, M.: El contexto actual de la formación de profesionales reflexivos. Rev. Temas 7, 45–55 (2013). http://revistas.ustabuca.edu.co/index.php/TEMAS/article/view/573

Schön, D.: El profesional reflexivo, cómo piensan los profesionales cuando actúan., 1 Edición. Paidós, Barcelona España (1998)

Patiño, H.: El pensamiento crítico como tarea central de la educación humanista, DIDAC. Univ. Iberoam., pp. 10–17 (2014)

Suárez, J., Martín, J., Villaveces, L., Pabón, D.: Pensamiento crítico y filosofía. Un diálogo con nuevas tonadas. Universidad del Norte, Barranquilla (2018)

Tamayo, O., Zona, R., Loaiza, Y.: El pensamiento crítico en la educación. Algunas categorías centrales en su estudio. Rev. Latinoam. Estud. Educ. 11(2), 111–133 (2015)

Cantú, L.: Roque, M.C.: Comunicación para ingenieros. Grupo Editorial Patria, México (2014)

Cid, A., Merchand, T.: La expresión oral y escrita, habilidad indispensable en la formación de ingenieros. ANFEI (2014)

P Carreño

Carreño, P.: La comunicación oral y escrita en la formación de ingenieros. Pedagog. y curriculo 13(26), 146–152 (2012). https://doi.org/10.21500/01247492.1289

Dewey, J.: Naturaleza humana y conducta. Fondo de cultura económica, Mexico (2014)

Habilidades, competencias y experticias: más allá del saber qué y el saber cómo

Acosta, D., Vasco, C.: Habilidades, competencias y experticias: más allá del saber qué y el saber cómo. Corporación Universitaria Unitec, Univesidad de Manizales y Fundación Centro Internacional de Educación y Desar-rollo Humano (Cinde), Bogotá, D.C (2013)

Garcia, L., Mercado, C., Trespalacios, A.: La experticia en la planeación a través de la estrategia de núcleos temáticos integradores. Universidad del Norte (2020)
