{"status":"ok","message-type":"work","message-version":"1.0.0","message":{"indexed":{"date-parts":[[2025,3,26]],"date-time":"2025-03-26T11:29:41Z","timestamp":1742988581812,"version":"3.40.3"},"publisher-location":"Cham","reference-count":14,"publisher":"Springer Nature Switzerland","isbn-type":[{"type":"print","value":"9783031221309"},{"type":"electronic","value":"9783031221316"}],"license":[{"start":{"date-parts":[[2022,1,1]],"date-time":"2022-01-01T00:00:00Z","timestamp":1640995200000},"content-version":"tdm","delay-in-days":0,"URL":"https:\/\/www.springer.com\/tdm"},{"start":{"date-parts":[[2022,1,1]],"date-time":"2022-01-01T00:00:00Z","timestamp":1640995200000},"content-version":"vor","delay-in-days":0,"URL":"https:\/\/www.springer.com\/tdm"}],"content-domain":{"domain":["link.springer.com"],"crossmark-restriction":false},"short-container-title":[],"published-print":{"date-parts":[[2022]]},"DOI":"10.1007\/978-3-031-22131-6_21","type":"book-chapter","created":{"date-parts":[[2022,11,24]],"date-time":"2022-11-24T18:52:04Z","timestamp":1669315924000},"page":"276-285","update-policy":"https:\/\/doi.org\/10.1007\/springer_crossmark_policy","source":"Crossref","is-referenced-by-count":1,"title":["Educational Quality in Virtuality During the Covid 19 Pandemic in Colombia"],"prefix":"10.1007","author":[{"given":"Henry","family":"Herrera","sequence":"first","affiliation":[]},{"given":"Alonso","family":"Barrera","sequence":"additional","affiliation":[]},{"given":"Javier","family":"Ram\u00edrez","sequence":"additional","affiliation":[]},{"given":"Marlene","family":"Ballestas","sequence":"additional","affiliation":[]},{"given":"Ingrid","family":"Ballestas","sequence":"additional","affiliation":[]},{"given":"Sonia Ethel","family":"Duran","sequence":"additional","affiliation":[]}],"member":"297","published-online":{"date-parts":[[2022,11,25]]},"reference":[{"issue":"2","key":"21_CR1","doi-asserted-by":"publisher","first-page":"75","DOI":"10.17081\/invinno.8.2.4257","volume":"8","author":"J Polo","year":"2020","unstructured":"Polo, J., Candezano, M.A., N\u00fa\u00f1ez, L.N.: Dos enfoques matem\u00e1ticos epidemiol\u00f3gicos para modelar el comportamiento de los decesos causados por el COVID-19. Invest. e Innovaci\u00f3n en Ingenier\u00edas 8(2), 75\u201386 (2020)","journal-title":"Invest. e Innovaci\u00f3n en Ingenier\u00edas"},{"issue":"1","key":"21_CR2","doi-asserted-by":"publisher","first-page":"19","DOI":"10.46734\/revcientifica.v2i1.8","volume":"3","author":"R Vel\u00e1squez","year":"2020","unstructured":"Vel\u00e1squez, R.: La educaci\u00f3n virtual en tiempos de Covid-19. Rev. Cient\u00edfica Int. 3(1), 19\u201325 (2020)","journal-title":"Rev. Cient\u00edfica Int."},{"key":"21_CR3","doi-asserted-by":"crossref","unstructured":"Castillo-Esparcia, A., Fern\u00e1ndez-Souto, A.B., Puentes-Rivera, I.: Comunicaci\u00f3n pol\u00edtica y Covid-19. Estrategias del gobierno de Espa\u00f1a. El profesional de la informaci\u00f3n (EPI), 29(4), (2020)","DOI":"10.3145\/epi.2020.jul.19"},{"key":"21_CR4","doi-asserted-by":"crossref","unstructured":"Lavander, S. M.: Comunicaci\u00f3n para el cambio de comportamientos y estrategias sanitaria del gobierno peruano frente al COVID-19. Chasqui: Revista Latinoamericana de Comunicaci\u00f3n, 1(145), 235\u2013258, (2020)","DOI":"10.16921\/chasqui.v1i145.4360"},{"key":"21_CR5","first-page":"1","volume":"21","author":"FJ Garc\u00eda-Pe\u00f1alvo","year":"2020","unstructured":"Garc\u00eda-Pe\u00f1alvo, F.J., Corell, A., Abella-Garc\u00eda, V., Grande-de-Prado, M.: Online assessment in higher education in the time of COVID-19. Educ. Knowl. Soc. 21, 1\u201326 (2020)","journal-title":"Educ. Knowl. Soc."},{"key":"21_CR6","doi-asserted-by":"publisher","unstructured":"Parra, M., Marambio, C., Ram\u00edrez, J., Su\u00e1rez, D., Herrera, H.: Educational convergence with digital technology: integrating a global society. In: Stephanidis, C., Antona, M., Ntoa, S. (eds.) HCI International 2020 Late Breaking Posters. HCII 2020. Communications in Computer and Information Science, vol. 1294, pp. 303-310. Springer, Cham (2020).https:\/\/doi.org\/10.1007\/978-3-030-60703-6_39","DOI":"10.1007\/978-3-030-60703-6_39"},{"key":"21_CR7","first-page":"195","volume":"2","author":"JR Hern\u00e1ndez","year":"2020","unstructured":"Hern\u00e1ndez, J.R., Hern\u00e1ndez, M.M., Dur\u00e1n, S., Gulliany, J.G.: Educaci\u00f3n en tecnolog\u00eda como paradigma did\u00e1ctico, innovador e inclusivo en el marco del COVID-19. SUMMA Rev. Disciplinaria En Ciencias Econ\u00f3m. Y Soc. 2, 195\u2013215 (2020)","journal-title":"SUMMA Rev. Disciplinaria En Ciencias Econ\u00f3m. Y Soc."},{"key":"21_CR8","unstructured":"Lay, N., Ram\u00edrez, J., Parra, M.: Desarrollo de conductas ciudadanas en estudiantes del octavo grado de una instituci\u00f3n educativa de Barranquilla. In: Memorias Del I Congreso Internacional En Educaci\u00f3n E Innovaci\u00f3n En Educaci\u00f3n Superior. Caracas, Venezuela (2019)"},{"issue":"38","key":"21_CR9","doi-asserted-by":"crossref","first-page":"1","DOI":"10.17081\/eduhum.22.38.3675","volume":"22","author":"W Niebles","year":"2020","unstructured":"Niebles, W., Mart\u00ednez-Bustos, P., Niebles-N\u00fa\u00f1ez, L.: Competencias matem\u00e1ticas como factor de \u00e9xito en la prueba pro en universidades de Barranquilla. Colombia. Educ. y Humanismo 22(38), 1\u201316 (2020)","journal-title":"Colombia. Educ. y Humanismo"},{"key":"21_CR10","series-title":"Lecture Notes in Computer Science","doi-asserted-by":"publisher","first-page":"417","DOI":"10.1007\/978-3-030-90328-2_27","volume-title":"HCI International 2021 - Late Breaking Papers: Cognition, Inclusion, Learning, and Culture","author":"H Herrera","year":"2021","unstructured":"Herrera, H., Barrera, A., Ballestas, M., Ballestas, I., Schnorr, C.: Virtual Classrooms for the Development of Practical Laboratories in a Colombian Higher Education Institution. In: Stephanidis, C., et al. (eds.) HCII 2021. LNCS, vol. 13096, pp. 417\u2013425. Springer, Cham (2021). https:\/\/doi.org\/10.1007\/978-3-030-90328-2_27"},{"key":"21_CR11","unstructured":"Duran, S.E., Parra, M.A., Garcia, J.E., Marceles, V.S.: Direcci\u00f3n estrat\u00e9gica del talento humano para el fomento de valores en los cuerpos policiales venezolanos. Espacios 38(32), (2017)"},{"issue":"1","key":"21_CR12","first-page":"55","volume":"5","author":"S Duran","year":"2014","unstructured":"Duran, S., Parra, M.: Diversidad Cultural para promover el desarrollo de habilidades sociales en educaci\u00f3n superior. Cultura Educ. Y Soc. 5(1), 55\u201367 (2014)","journal-title":"Cultura Educ. Y Soc."},{"issue":"83","key":"21_CR13","first-page":"430","volume":"17","author":"FA Choque","year":"2021","unstructured":"Choque, F.A.: Educaci\u00f3n y pos pandemia: tormentas y retos despu\u00e9s del Covid-19. Rev. Conrado 17(83), 430\u2013438 (2021)","journal-title":"Rev. Conrado"},{"issue":"17","key":"21_CR14","first-page":"1","volume":"11","author":"S Giannini","year":"2020","unstructured":"Giannini, S.: Covid-19 y educaci\u00f3n superior: De los efectos inmediatos al d\u00eda despu\u00e9s. Rev. Latinoa. de Educ. Comparada: RELEC 11(17), 1\u201357 (2020)","journal-title":"Rev. Latinoa. de Educ. Comparada: RELEC"}],"container-title":["Lecture Notes in Computer Science","HCI International 2022 - Late Breaking Papers. Interaction in New Media, Learning and Games"],"original-title":[],"language":"en","link":[{"URL":"https:\/\/link.springer.com\/content\/pdf\/10.1007\/978-3-031-22131-6_21","content-type":"unspecified","content-version":"vor","intended-application":"similarity-checking"}],"deposited":{"date-parts":[[2022,11,24]],"date-time":"2022-11-24T19:10:44Z","timestamp":1669317044000},"score":1,"resource":{"primary":{"URL":"https:\/\/link.springer.com\/10.1007\/978-3-031-22131-6_21"}},"subtitle":[],"short-title":[],"issued":{"date-parts":[[2022]]},"ISBN":["9783031221309","9783031221316"],"references-count":14,"URL":"https:\/\/doi.org\/10.1007\/978-3-031-22131-6_21","relation":{},"ISSN":["0302-9743","1611-3349"],"issn-type":[{"type":"print","value":"0302-9743"},{"type":"electronic","value":"1611-3349"}],"subject":[],"published":{"date-parts":[[2022]]},"assertion":[{"value":"25 November 2022","order":1,"name":"first_online","label":"First Online","group":{"name":"ChapterHistory","label":"Chapter History"}},{"value":"HCII","order":1,"name":"conference_acronym","label":"Conference Acronym","group":{"name":"ConferenceInfo","label":"Conference Information"}},{"value":"International Conference on Human-Computer Interaction","order":2,"name":"conference_name","label":"Conference Name","group":{"name":"ConferenceInfo","label":"Conference Information"}},{"value":"2022","order":5,"name":"conference_year","label":"Conference Year","group":{"name":"ConferenceInfo","label":"Conference Information"}},{"value":"26 June 2022","order":7,"name":"conference_start_date","label":"Conference Start Date","group":{"name":"ConferenceInfo","label":"Conference Information"}},{"value":"1 July 2022","order":8,"name":"conference_end_date","label":"Conference End Date","group":{"name":"ConferenceInfo","label":"Conference Information"}},{"value":"24","order":9,"name":"conference_number","label":"Conference Number","group":{"name":"ConferenceInfo","label":"Conference Information"}},{"value":"hcii2022","order":10,"name":"conference_id","label":"Conference ID","group":{"name":"ConferenceInfo","label":"Conference Information"}},{"value":"https:\/\/2022.hci.international\/index.html","order":11,"name":"conference_url","label":"Conference URL","group":{"name":"ConferenceInfo","label":"Conference Information"}}]}}

Ramírez

Polo, J., Candezano, M.A., Núñez, L.N.: Dos enfoques matemáticos epidemiológicos para modelar el comportamiento de los decesos causados por el COVID-19. Invest. e Innovación en Ingenierías 8(2), 75–86 (2020)

Invest. e Innovación en Ingenierías

R Velásquez

Velásquez, R.: La educación virtual en tiempos de Covid-19. Rev. Científica Int. 3(1), 19–25 (2020)

Rev. Científica Int.

Castillo-Esparcia, A., Fernández-Souto, A.B., Puentes-Rivera, I.: Comunicación política y Covid-19. Estrategias del gobierno de España. El profesional de la información (EPI), 29(4), (2020)

Lavander, S. M.: Comunicación para el cambio de comportamientos y estrategias sanitaria del gobierno peruano frente al COVID-19. Chasqui: Revista Latinoamericana de Comunicación, 1(145), 235–258, (2020)

FJ García-Peñalvo

García-Peñalvo, F.J., Corell, A., Abella-García, V., Grande-de-Prado, M.: Online assessment in higher education in the time of COVID-19. Educ. Knowl. Soc. 21, 1–26 (2020)

Parra, M., Marambio, C., Ramírez, J., Suárez, D., Herrera, H.: Educational convergence with digital technology: integrating a global society. In: Stephanidis, C., Antona, M., Ntoa, S. (eds.) HCI International 2020 Late Breaking Posters. HCII 2020. Communications in Computer and Information Science, vol. 1294, pp. 303-310. Springer, Cham (2020).https://doi.org/10.1007/978-3-030-60703-6_39

JR Hernández

Hernández, J.R., Hernández, M.M., Durán, S., Gulliany, J.G.: Educación en tecnología como paradigma didáctico, innovador e inclusivo en el marco del COVID-19. SUMMA Rev. Disciplinaria En Ciencias Económ. Y Soc. 2, 195–215 (2020)

SUMMA Rev. Disciplinaria En Ciencias Económ. Y Soc.

Lay, N., Ramírez, J., Parra, M.: Desarrollo de conductas ciudadanas en estudiantes del octavo grado de una institución educativa de Barranquilla. In: Memorias Del I Congreso Internacional En Educación E Innovación En Educación Superior. Caracas, Venezuela (2019)

Niebles, W., Martínez-Bustos, P., Niebles-Núñez, L.: Competencias matemáticas como factor de éxito en la prueba pro en universidades de Barranquilla. Colombia. Educ. y Humanismo 22(38), 1–16 (2020)

Duran, S.E., Parra, M.A., Garcia, J.E., Marceles, V.S.: Dirección estratégica del talento humano para el fomento de valores en los cuerpos policiales venezolanos. Espacios 38(32), (2017)

Duran, S., Parra, M.: Diversidad Cultural para promover el desarrollo de habilidades sociales en educación superior. Cultura Educ. Y Soc. 5(1), 55–67 (2014)

Choque, F.A.: Educación y pos pandemia: tormentas y retos después del Covid-19. Rev. Conrado 17(83), 430–438 (2021)

Giannini, S.: Covid-19 y educación superior: De los efectos inmediatos al día después. Rev. Latinoa. de Educ. Comparada: RELEC 11(17), 1–57 (2020)
