{"status":"ok","message-type":"work","message-version":"1.0.0","message":{"indexed":{"date-parts":[[2026,4,30]],"date-time":"2026-04-30T01:28:12Z","timestamp":1777512492952,"version":"3.51.4"},"publisher-location":"Cham","reference-count":29,"publisher":"Springer International Publishing","isbn-type":[{"value":"9783031447204","type":"print"},{"value":"9783031447211","type":"electronic"}],"license":[{"start":{"date-parts":[[2024,1,1]],"date-time":"2024-01-01T00:00:00Z","timestamp":1704067200000},"content-version":"tdm","delay-in-days":0,"URL":"https:\/\/www.springernature.com\/gp\/researchers\/text-and-data-mining"},{"start":{"date-parts":[[2024,1,1]],"date-time":"2024-01-01T00:00:00Z","timestamp":1704067200000},"content-version":"vor","delay-in-days":0,"URL":"https:\/\/www.springernature.com\/gp\/researchers\/text-and-data-mining"}],"content-domain":{"domain":["link.springer.com"],"crossmark-restriction":false},"short-container-title":[],"published-print":{"date-parts":[[2024]]},"DOI":"10.1007\/978-3-031-44721-1_24","type":"book-chapter","created":{"date-parts":[[2024,1,1]],"date-time":"2024-01-01T02:05:07Z","timestamp":1704074707000},"page":"327-341","update-policy":"https:\/\/doi.org\/10.1007\/springer_crossmark_policy","source":"Crossref","is-referenced-by-count":1,"title":["The Evolution of Education in Amazonian Indigenous Communities: A Post-Covid Perspective"],"prefix":"10.1007","author":[{"given":"Aldrin","family":"Esp\u00edn-Le\u00f3n","sequence":"first","affiliation":[]},{"given":"Mar\u00eda Luisa","family":"Pertegal-Felices","sequence":"additional","affiliation":[]},{"given":"Antonio","family":"Jimeno-Morenilla","sequence":"additional","affiliation":[]},{"given":"Rafael","family":"Molina-Carmona","sequence":"additional","affiliation":[]}],"member":"297","published-online":{"date-parts":[[2024,1,1]]},"reference":[{"key":"24_CR1","doi-asserted-by":"publisher","first-page":"167","DOI":"10.24265\/turpatrim.2000.n1.11","volume":"1","author":"C B\u00e1kula","year":"2000","unstructured":"B\u00e1kula, C.: Reflexiones en torno al patrimonio cultural. Rev. Turismo Patrimonio. 1, 167\u2013174 (2000)","journal-title":"Rev. Turismo Patrimonio."},{"key":"24_CR2","doi-asserted-by":"crossref","unstructured":"Urz\u00faa, A., Vera-Villarroel, P., Caqueo-Ur\u00edzar, A., Polanco-Carrasco, R.: La Psicolog\u00eda en la prevenci\u00f3n y manejo del COVID-19. Aportes desde la evidencia inicial. Terapia Psicol. 38, 103\u2013118 (2020)","DOI":"10.4067\/S0718-48082020000100103"},{"key":"24_CR3","doi-asserted-by":"publisher","first-page":"185","DOI":"10.1016\/j.ijsu.2020.04.018","volume":"78","author":"M Nicola","year":"2020","unstructured":"Nicola, M., Alsafi, Z., Sohrabi, C., Kerwan, A., Al-Jabir, A., Iosifidis, C., Agha, M., Agha, R.: The socio-economic implications of the coronavirus pandemic (COVID-19): a review. Int. J. Surg. 78, 185\u2013193 (2020)","journal-title":"Int. J. Surg."},{"key":"24_CR4","first-page":"108","volume":"11","author":"EM Onyema","year":"2020","unstructured":"Onyema, E.M., Eucheria, N.C., Obafemi, F.A., Sen, S., Atonye, F.G., Sharma, A., Alsayed, A.O.: Impact of coronavirus pandemic on education. J. Educ. Pract.Pract. 11, 108\u2013121 (2020)","journal-title":"J. Educ. Pract.Pract."},{"key":"24_CR5","doi-asserted-by":"publisher","unstructured":"Hanushek, E.A., Woessmann, L.: The economic impacts of learning losses. OECD Education Working Papers, Paris (2020). https:\/\/doi.org\/10.1787\/21908d74-en","DOI":"10.1787\/21908d74-en"},{"key":"24_CR6","unstructured":"Bank, W.: The COVID-19 Pandemic: Shocks to Education and Policy Responses (2020)"},{"key":"24_CR7","unstructured":"Schleicher, A.: The Impact of COVID-19 on Education Insights from Education at a Glance 2020. Retrieved from oecd. org website: https:\/\/www.oecd.org\/education\/the-impact-of-covid-19-on-education-insights-education-at-a-glance-2020.pdf (2020)"},{"key":"24_CR8","doi-asserted-by":"publisher","DOI":"10.2196\/20737","volume":"6","author":"X Chen","year":"2020","unstructured":"Chen, X., Zhang, S.X., Jahanshahi, A.A., Alvarez-Risco, A., Dai, H., Li, J., Ibarra, V.G.: Belief in a COVID-19 conspiracy theory as a predictor of mental health and well-being of health care workers in Ecuador: cross-sectional survey study. JMIR Public Health Surveill.Surveill. 6, e20737 (2020)","journal-title":"JMIR Public Health Surveill.Surveill."},{"key":"24_CR9","doi-asserted-by":"publisher","unstructured":"Rivadeneira, M.I., Wilhelmi, M.A.: Realidades situadas en tiempos de COVID-19: Pueblos ind\u00edgenas amaz\u00f3nicos Waorani frente a la pandemia y el extractivismo en el Ecuador. Rev. Catalana Dret Ambiental. 11 (2020) https:\/\/doi.org\/10.17345\/rcda2940","DOI":"10.17345\/rcda2940"},{"key":"24_CR10","unstructured":"Santos, P.: El empleo ind\u00edgena en el Ecuador, una mirada a su situaci\u00f3n y estado de \u00e1nimo laboral. An\u00e1lisis, Rev Coyuntural (2012)"},{"key":"24_CR11","unstructured":"Censos-Ecuador, I.N.: Las cifras del pueblo ind\u00edgena: una mirada desde el censo de poblaci\u00f3n y vivienda 2010. Instituto Nacional de Estad\u00edstica y Censos (INEC) (2010)"},{"key":"24_CR12","unstructured":"Conforti, M.E.: Educaci\u00f3n no formal y patrimonio arqueol\u00f3gico. Su articulaci\u00f3n y conceptualizaci\u00f3n. Intersecciones Antropolog\u00eda. 11, 103\u2013114 (2010)"},{"key":"24_CR13","doi-asserted-by":"crossref","unstructured":"Fern\u00e1ndez, B., Sep\u00falveda, B.: Pueblos ind\u00edgenas, saberes y descolonizaci\u00f3n: procesos interculturales en Am\u00e9rica Latina. Polis. Rev. Latinoam. (2014)","DOI":"10.4067\/S0718-65682014000200001"},{"key":"24_CR14","doi-asserted-by":"publisher","unstructured":"Esp\u00edn-Le\u00f3n, A., Jimeno-Morenilla, A., Pertegal-Felices, M.L., Azor\u00edn-L\u00f3pez, J.: Quantification of cultural identity through artificial intelligence: a case study on the Waorani Amazonian ethnicity. Soft Comput. 11045\u201311057 (2019). https:\/\/doi.org\/10.1007\/s00500-019-04469-3","DOI":"10.1007\/s00500-019-04469-3"},{"key":"24_CR15","volume-title":"La Sociedad del Riesgo Global","author":"U Beck","year":"2002","unstructured":"Beck, U., Rey, J.A.: La Sociedad del Riesgo Global. Siglo Veintiuno, Madrid (2002)"},{"key":"24_CR16","volume-title":"Smart Cities: Issues and Challenges: Mapping Political, Social and Economic Risks and Threats","author":"A Visvizi","year":"2019","unstructured":"Visvizi, A., Lytras, M.: Smart Cities: Issues and Challenges: Mapping Political, Social and Economic Risks and Threats. Elsevier, Amsterdam (2019)"},{"key":"24_CR17","doi-asserted-by":"publisher","DOI":"10.1016\/j.chb.2021.106923","volume":"124","author":"M Kashef","year":"2021","unstructured":"Kashef, M., Visvizi, A., Troisi, O.: Smart city as a smart service system: human-computer interaction and smart city surveillance systems. Comput. Hum. Behav.. Hum. Behav. 124, 106923 (2021)","journal-title":"Comput. Hum. Behav.. Hum. Behav."},{"key":"24_CR18","unstructured":"Vivieros, de C.: Perspectivismo y multinaturalismo en la Am\u00e9rica ind\u00edgena. In: Tierra Adentro: Territorio Ind\u00edgena y Percepci\u00f3n del Entorno, pp. 225\u2013254. International Work Group for Indigenous Affairs, Lima (2004)"},{"key":"24_CR19","doi-asserted-by":"crossref","unstructured":"Espinosa de Rivero, O.: Ciudad e identidad cultural.? C\u00f3mo se relacionan con lo urbano los ind\u00edgenas amaz\u00f3nicos peruanos en el siglo XXI? Bull. Inst. Fr. d\u2019\u00e9tudes Andines 47\u201359 (2009)","DOI":"10.4000\/bifea.2799"},{"key":"24_CR20","unstructured":"Gasch\u00e9, J., Haudricourt, V.F.: El dif\u00edcil reto de una educaci\u00f3n ind\u00edgena amaz\u00f3nica: alcances y abandonos. Interculturalidad, Soc. Multicultural Educ. Intercultural 119\u2013158 (2002)"},{"key":"24_CR21","unstructured":"Escobar, M.\u00c1., Lewin, M.A.: Aprendizaje basado en proyectos: una alternativa para la comunidad waorani del Ecuador. Rev. Inclusiones 59\u201374 (2018)"},{"key":"24_CR22","unstructured":"Stavenhagen, R.: La cuesti\u00f3n \u00e9tnica. Mexico (2001)"},{"key":"24_CR23","doi-asserted-by":"publisher","unstructured":"Esp\u00edn-Le\u00f3n, A., Jimeno-Morenilla, A., Pertegal-Felices, M.L., Azor\u00edn-L\u00f3pez, J.: Identification of Factors of Indigenous Ethnic Identity: A Case Study on the Waorani Amazonian Ethnicity. In: Visvizi, A., Lytras, M.D. (eds.) Research & Innovation Forum 2019, pp. 515\u2013524. Springer International Publishing, Cham (2019). https:\/\/doi.org\/10.1007\/978-3-030-30809-4_47","DOI":"10.1007\/978-3-030-30809-4_47"},{"key":"24_CR24","doi-asserted-by":"publisher","unstructured":"Pertegal-Felices, M.L., Esp\u00edn-Le\u00f3n, A., Jimeno-Morenilla, A.: Dise\u00f1o de un instrumento para medir identidad cultural ind\u00edgena: caso de estudio sobre la nacionalidad amaz\u00f3nica Waorani. Rev. Estud. Sociales 51\u201373 (2020). https:\/\/doi.org\/10.7440\/res71.2020.05","DOI":"10.7440\/res71.2020.05"},{"key":"24_CR25","volume-title":"Introducci\u00f3n a la investigaci\u00f3n cualitativa","author":"U Flick","year":"2007","unstructured":"Flick, U.: Introducci\u00f3n a la investigaci\u00f3n cualitativa. Morata, Madrid (2007)"},{"key":"24_CR26","volume-title":"Quantitative Methods for Public Administration: Techniques and Applications","author":"S Welch","year":"1988","unstructured":"Welch, S., Comer, J.: Quantitative Methods for Public Administration: Techniques and Applications. Boston Houghton Mifflin Harcourt P, Boston (1988)"},{"key":"24_CR27","unstructured":"George, D., Mallery, M.: Using SPSS for Windows Step by Step: A Simple Guide and Reference (2003)"},{"key":"24_CR28","unstructured":"Geertz, C.: Juego profundo: an\u00e1lisis de una pelea de gallos en Bali. Lima (1973)"},{"key":"24_CR29","unstructured":"Alaminos, A.: Tema 2 El muestreo en la investigaci\u00f3n social. Elaboraci\u00f3n, An\u00e1lisis e Interpretaci\u00f3n de Encuestas, Cuestionarios y Escalas de Opini\u00f3n, pp. 41\u201367 (2006)"}],"container-title":["Springer Proceedings in Complexity","Research and Innovation Forum 2023"],"original-title":[],"language":"en","link":[{"URL":"https:\/\/link.springer.com\/content\/pdf\/10.1007\/978-3-031-44721-1_24","content-type":"unspecified","content-version":"vor","intended-application":"similarity-checking"}],"deposited":{"date-parts":[[2024,2,22]],"date-time":"2024-02-22T07:35:55Z","timestamp":1708587355000},"score":1,"resource":{"primary":{"URL":"https:\/\/link.springer.com\/10.1007\/978-3-031-44721-1_24"}},"subtitle":[],"short-title":[],"issued":{"date-parts":[[2024]]},"ISBN":["9783031447204","9783031447211"],"references-count":29,"URL":"https:\/\/doi.org\/10.1007\/978-3-031-44721-1_24","relation":{},"ISSN":["2213-8684","2213-8692"],"issn-type":[{"value":"2213-8684","type":"print"},{"value":"2213-8692","type":"electronic"}],"subject":[],"published":{"date-parts":[[2024]]},"assertion":[{"value":"1 January 2024","order":1,"name":"first_online","label":"First Online","group":{"name":"ChapterHistory","label":"Chapter History"}},{"value":"RIIFORUM","order":1,"name":"conference_acronym","label":"Conference Acronym","group":{"name":"ConferenceInfo","label":"Conference Information"}},{"value":"The International Research & Innovation Forum","order":2,"name":"conference_name","label":"Conference Name","group":{"name":"ConferenceInfo","label":"Conference Information"}},{"value":"Krak\u00f3w","order":3,"name":"conference_city","label":"Conference City","group":{"name":"ConferenceInfo","label":"Conference Information"}},{"value":"Greece","order":4,"name":"conference_country","label":"Conference Country","group":{"name":"ConferenceInfo","label":"Conference Information"}},{"value":"2023","order":5,"name":"conference_year","label":"Conference Year","group":{"name":"ConferenceInfo","label":"Conference Information"}},{"value":"12 April 2023","order":7,"name":"conference_start_date","label":"Conference Start Date","group":{"name":"ConferenceInfo","label":"Conference Information"}},{"value":"14 April 2023","order":8,"name":"conference_end_date","label":"Conference End Date","group":{"name":"ConferenceInfo","label":"Conference Information"}},{"value":"riiforum2023","order":10,"name":"conference_id","label":"Conference ID","group":{"name":"ConferenceInfo","label":"Conference Information"}},{"value":"https:\/\/rii-forum.org\/","order":11,"name":"conference_url","label":"Conference URL","group":{"name":"ConferenceInfo","label":"Conference Information"}}]}}

Espín-León

María Luisa

C Bákula

Bákula, C.: Reflexiones en torno al patrimonio cultural. Rev. Turismo Patrimonio. 1, 167–174 (2000)

Urzúa, A., Vera-Villarroel, P., Caqueo-Urízar, A., Polanco-Carrasco, R.: La Psicología en la prevención y manejo del COVID-19. Aportes desde la evidencia inicial. Terapia Psicol. 38, 103–118 (2020)

Rivadeneira, M.I., Wilhelmi, M.A.: Realidades situadas en tiempos de COVID-19: Pueblos indígenas amazónicos Waorani frente a la pandemia y el extractivismo en el Ecuador. Rev. Catalana Dret Ambiental. 11 (2020) https://doi.org/10.17345/rcda2940

Santos, P.: El empleo indígena en el Ecuador, una mirada a su situación y estado de ánimo laboral. Análisis, Rev Coyuntural (2012)

Censos-Ecuador, I.N.: Las cifras del pueblo indígena: una mirada desde el censo de población y vivienda 2010. Instituto Nacional de Estadística y Censos (INEC) (2010)

Conforti, M.E.: Educación no formal y patrimonio arqueológico. Su articulación y conceptualización. Intersecciones Antropología. 11, 103–114 (2010)

Fernández, B., Sepúlveda, B.: Pueblos indígenas, saberes y descolonización: procesos interculturales en América Latina. Polis. Rev. Latinoam. (2014)

Espín-León, A., Jimeno-Morenilla, A., Pertegal-Felices, M.L., Azorín-López, J.: Quantification of cultural identity through artificial intelligence: a case study on the Waorani Amazonian ethnicity. Soft Comput. 11045–11057 (2019). https://doi.org/10.1007/s00500-019-04469-3

Vivieros, de C.: Perspectivismo y multinaturalismo en la América indígena. In: Tierra Adentro: Territorio Indígena y Percepción del Entorno, pp. 225–254. International Work Group for Indigenous Affairs, Lima (2004)

Espinosa de Rivero, O.: Ciudad e identidad cultural.? Cómo se relacionan con lo urbano los indígenas amazónicos peruanos en el siglo XXI? Bull. Inst. Fr. d’études Andines 47–59 (2009)

Gasché, J., Haudricourt, V.F.: El difícil reto de una educación indígena amazónica: alcances y abandonos. Interculturalidad, Soc. Multicultural Educ. Intercultural 119–158 (2002)

Escobar, M.Á., Lewin, M.A.: Aprendizaje basado en proyectos: una alternativa para la comunidad waorani del Ecuador. Rev. Inclusiones 59–74 (2018)

Stavenhagen, R.: La cuestión étnica. Mexico (2001)

Espín-León, A., Jimeno-Morenilla, A., Pertegal-Felices, M.L., Azorín-López, J.: Identification of Factors of Indigenous Ethnic Identity: A Case Study on the Waorani Amazonian Ethnicity. In: Visvizi, A., Lytras, M.D. (eds.) Research & Innovation Forum 2019, pp. 515–524. Springer International Publishing, Cham (2019). https://doi.org/10.1007/978-3-030-30809-4_47

Pertegal-Felices, M.L., Espín-León, A., Jimeno-Morenilla, A.: Diseño de un instrumento para medir identidad cultural indígena: caso de estudio sobre la nacionalidad amazónica Waorani. Rev. Estud. Sociales 51–73 (2020). https://doi.org/10.7440/res71.2020.05

Introducción a la investigación cualitativa

Flick, U.: Introducción a la investigación cualitativa. Morata, Madrid (2007)

Geertz, C.: Juego profundo: análisis de una pelea de gallos en Bali. Lima (1973)

Alaminos, A.: Tema 2 El muestreo en la investigación social. Elaboración, Análisis e Interpretación de Encuestas, Cuestionarios y Escalas de Opinión, pp. 41–67 (2006)

Kraków
