{"status":"ok","message-type":"work","message-version":"1.0.0","message":{"indexed":{"date-parts":[[2025,3,25]],"date-time":"2025-03-25T20:39:55Z","timestamp":1742935195215,"version":"3.40.3"},"publisher-location":"Cham","reference-count":18,"publisher":"Springer Nature Switzerland","isbn-type":[{"type":"print","value":"9783031488573"},{"type":"electronic","value":"9783031488580"}],"license":[{"start":{"date-parts":[[2023,12,20]],"date-time":"2023-12-20T00:00:00Z","timestamp":1703030400000},"content-version":"tdm","delay-in-days":0,"URL":"https:\/\/www.springernature.com\/gp\/researchers\/text-and-data-mining"},{"start":{"date-parts":[[2023,12,20]],"date-time":"2023-12-20T00:00:00Z","timestamp":1703030400000},"content-version":"vor","delay-in-days":0,"URL":"https:\/\/www.springernature.com\/gp\/researchers\/text-and-data-mining"}],"content-domain":{"domain":["link.springer.com"],"crossmark-restriction":false},"short-container-title":[],"published-print":{"date-parts":[[2024]]},"DOI":"10.1007\/978-3-031-48858-0_1","type":"book-chapter","created":{"date-parts":[[2023,12,19]],"date-time":"2023-12-19T06:02:43Z","timestamp":1702965763000},"page":"3-13","update-policy":"https:\/\/doi.org\/10.1007\/springer_crossmark_policy","source":"Crossref","is-referenced-by-count":0,"title":["Systematic Review of Technological Methods of Evaluation of Executive Functions"],"prefix":"10.1007","author":[{"ORCID":"https:\/\/orcid.org\/0000-0001-5614-1994","authenticated-orcid":false,"given":"Carlos","family":"Ramos-Galarza","sequence":"first","affiliation":[]},{"ORCID":"https:\/\/orcid.org\/0009-0008-1076-4879","authenticated-orcid":false,"given":"Patricia","family":"Garc\u00eda-Cruz","sequence":"additional","affiliation":[]},{"ORCID":"https:\/\/orcid.org\/0000-0002-9712-1305","authenticated-orcid":false,"given":"M\u00f3nica","family":"Bola\u00f1os-Pasquel","sequence":"additional","affiliation":[]}],"member":"297","published-online":{"date-parts":[[2023,12,20]]},"reference":[{"key":"1_CR1","unstructured":"Ramos-Galarza, C., et al.: Fundamental concepts in the neuropsychological theory Conceptos fundamentales en la teor\u00eda neuropsicol\u00f3gica]. Revista Ecuatoriana de Neurolog\u00eda 26(1), 53\u201360 (2017)"},{"key":"1_CR2","doi-asserted-by":"crossref","unstructured":"Ramos-Galarza, C., Jad\u00e1n-Guerrero, J., G\u00f3mez-Garc\u00eda, A.: Relationship between academic performance and the self-report of the executive performance of ecuadorian teenagers. Avances en Psicolog\u00eda Latinoam. 36(2), 405\u2013417 (2018)","DOI":"10.12804\/revistas.urosario.edu.co\/apl\/a.5481"},{"key":"1_CR3","doi-asserted-by":"crossref","unstructured":"Ramos-Galarza, C., Acosta-Rodas, P., Bola\u00f1os-Pasquel, M., Lepe-Mart\u00ednez, N.: The role of executive functions in academic performance and behaviour of university students. J. Appl. Res. High. Educ. 12(3), 444\u2013445 (2020)","DOI":"10.1108\/JARHE-10-2018-0221"},{"key":"1_CR4","unstructured":"Beserra-Lagos, D., Lepe-Mart\u00ednez, N., Ramos-Galarza, C.: The executive functions of the frontal lobe and its association with the academic performance of students in higher education. Rev. Ecuatoriana de Neurol. 27(3), 51\u201356 (2018)"},{"key":"1_CR5","unstructured":"Ramos-Galarza, C., Benavides-Endara, P., Bola\u00f1os-Pasquel, M., Fonseca-Bautista, S., Ramos, D.: Scale of clinical observation to valuate the third functional unit of the Luria theory: EOCL-1. Rev. Ecuatoriana de Neurol. 28(2), 83\u201391 (2019)"},{"key":"1_CR6","doi-asserted-by":"crossref","unstructured":"Silva-Barrag\u00e1n, M., Ramos-Galarza, C.: Etiology of brain damage: a neuropsychological contribution in its theoretical construction (First part). Rev. Ecuatoriana de Neurol. 30(1), 154\u2013165 (2021)","DOI":"10.46997\/revecuatneurol30100154"},{"key":"1_CR7","doi-asserted-by":"crossref","unstructured":"Ramos-Galarza, C., Cruz-C\u00e1rdenas, J., Bola\u00f1os-Pasquel, M., Acosta-Rodas, P.: Factorial structure of the EOCL-1 scale to asess executive functions. Front. Psychol. 12(585145), 1\u201314 (2021)","DOI":"10.3389\/fpsyg.2021.585145"},{"key":"1_CR8","unstructured":"Ramos-Galarza, C., Bola\u00f1os-Pasquel, M., Garc\u00eda-G\u00f3mez, A., Mart\u00ednez Siiarez, P., Jad\u00e1n-Guerrero, J.: Efeco scale for assessing executive functions in self-report format. Rev. Iberoamericana de Diagnostico y Evaluacion Psicologica 51(1), 83\u201393 (2019)"},{"key":"1_CR9","unstructured":"Ramos-Galarza, C., et al.: Evaluaci\u00f3n de las Habilidades de la Corteza Prefrontal: La Escala Efeco II-VC y II VR. Rev. Ecuatoriana de Neurol. 27(3), 36\u201343 (2018)"},{"key":"1_CR10","doi-asserted-by":"crossref","unstructured":"Matusz, E., et al.: Dissociating statistically determined normal cognitive abilities and mild cognitive impairment subtypes with DCTclock. J. Int. Neuropsychological Soc. 29(2), 148-158 (2023)","DOI":"10.1017\/S1355617722000091"},{"key":"1_CR11","doi-asserted-by":"crossref","unstructured":"Souillard-Mandar, W., Penney, D., Schaible, B., Pascual-Leone, A., Au, R., Davis, R.: DCTclock: clinically-interpretable and automated artificial intelligence analysis of drawing behavior for capturing cognition. Front. Digital Health 3(15), 750661 (2021)","DOI":"10.3389\/fdgth.2021.750661"},{"key":"1_CR12","doi-asserted-by":"crossref","unstructured":"Berg, V., Rogers, S.L., McMahon, M., Garrett, M., Manley, D.: A novel approach to measure executive functions in students: an evaluation of two child-friendly apps. Front. Psychol. 11(1), 1702 (2020)","DOI":"10.3389\/fpsyg.2020.01702"},{"key":"1_CR13","unstructured":"Borgnis, F., Baglio, F., Riva, G., Cipresso, P.: A virtual reality tool for the assessment of the executive functions. Ann. Rev. Cybertherapy Telemed. 1(1), 247\u2013250 (2020)"},{"key":"1_CR14","unstructured":"Raspelli, S., et al.: A neuro vr-based version of the multiple errands test for the assessment of executive functions: a possible approach. J. Cyber Therapy Rehabil. 2(4), 299\u2013314 (2009)"},{"key":"1_CR15","doi-asserted-by":"crossref","unstructured":"Borgnis, F., et al.: A psychometric tool for evaluating executive functions in parkinson\u2019s disease. J. Clin. Med. 11(5), 1153 (2022)","DOI":"10.3390\/jcm11051153"},{"key":"1_CR16","doi-asserted-by":"crossref","unstructured":"Bell, M., Weinstein, A., Pittman, B., Gorman y, R., Abujelala, M.: The activate test of embodied cognition (ATEC): reliability, concurrent validity and discriminant validity in a community sample of children using cognitively demanding physical tasks related to executive functioning. Child Neuropsychlogy 7, 973\u2013983, 27 (2021)","DOI":"10.1080\/09297049.2021.1923686"},{"key":"1_CR17","doi-asserted-by":"crossref","unstructured":"Scarpina, F., D\u00b4agata y, F., Mauro, A.: Difference between young and old adults\u2019 performance on the psychology experiment building language (PEBL) test battery: what is the role of familiarity with technology in cognitive performance?. Assessment 28(6), 1\u201315 (2020)","DOI":"10.1177\/1073191120918010"},{"key":"1_CR18","doi-asserted-by":"crossref","unstructured":"Ramos-Galarza, C.: Adaptation of victoria stroop test in ecuadorians students. Revista Iberoamericana de Diagnostico y Evaluacion Psicologica 2(44), 57\u201364 (2017)","DOI":"10.21865\/RIDEP44.2.05"}],"container-title":["Communications in Computer and Information Science","Advanced Research in Technologies, Information, Innovation and Sustainability"],"original-title":[],"language":"en","link":[{"URL":"https:\/\/link.springer.com\/content\/pdf\/10.1007\/978-3-031-48858-0_1","content-type":"unspecified","content-version":"vor","intended-application":"similarity-checking"}],"deposited":{"date-parts":[[2023,12,19]],"date-time":"2023-12-19T06:08:45Z","timestamp":1702966125000},"score":1,"resource":{"primary":{"URL":"https:\/\/link.springer.com\/10.1007\/978-3-031-48858-0_1"}},"subtitle":[],"short-title":[],"issued":{"date-parts":[[2023,12,20]]},"ISBN":["9783031488573","9783031488580"],"references-count":18,"URL":"https:\/\/doi.org\/10.1007\/978-3-031-48858-0_1","relation":{},"ISSN":["1865-0929","1865-0937"],"issn-type":[{"type":"print","value":"1865-0929"},{"type":"electronic","value":"1865-0937"}],"subject":[],"published":{"date-parts":[[2023,12,20]]},"assertion":[{"value":"20 December 2023","order":1,"name":"first_online","label":"First Online","group":{"name":"ChapterHistory","label":"Chapter History"}},{"value":"ARTIIS","order":1,"name":"conference_acronym","label":"Conference Acronym","group":{"name":"ConferenceInfo","label":"Conference Information"}},{"value":"International Conference on Advanced Research in Technologies, Information, Innovation and Sustainability","order":2,"name":"conference_name","label":"Conference Name","group":{"name":"ConferenceInfo","label":"Conference Information"}},{"value":"Madrid","order":3,"name":"conference_city","label":"Conference City","group":{"name":"ConferenceInfo","label":"Conference Information"}},{"value":"Spain","order":4,"name":"conference_country","label":"Conference Country","group":{"name":"ConferenceInfo","label":"Conference Information"}},{"value":"2023","order":5,"name":"conference_year","label":"Conference Year","group":{"name":"ConferenceInfo","label":"Conference Information"}},{"value":"18 October 2023","order":7,"name":"conference_start_date","label":"Conference Start Date","group":{"name":"ConferenceInfo","label":"Conference Information"}},{"value":"20 October 2023","order":8,"name":"conference_end_date","label":"Conference End Date","group":{"name":"ConferenceInfo","label":"Conference Information"}},{"value":"artiis2023","order":10,"name":"conference_id","label":"Conference ID","group":{"name":"ConferenceInfo","label":"Conference Information"}},{"value":"http:\/\/artiis.org","order":11,"name":"conference_url","label":"Conference URL","group":{"name":"ConferenceInfo","label":"Conference Information"}}]}}

García-Cruz

Mónica

Bolaños-Pasquel

Ramos-Galarza, C., et al.: Fundamental concepts in the neuropsychological theory Conceptos fundamentales en la teoría neuropsicológica]. Revista Ecuatoriana de Neurología 26(1), 53–60 (2017)

Ramos-Galarza, C., Jadán-Guerrero, J., Gómez-García, A.: Relationship between academic performance and the self-report of the executive performance of ecuadorian teenagers. Avances en Psicología Latinoam. 36(2), 405–417 (2018)

Ramos-Galarza, C., Acosta-Rodas, P., Bolaños-Pasquel, M., Lepe-Martínez, N.: The role of executive functions in academic performance and behaviour of university students. J. Appl. Res. High. Educ. 12(3), 444–445 (2020)

Beserra-Lagos, D., Lepe-Martínez, N., Ramos-Galarza, C.: The executive functions of the frontal lobe and its association with the academic performance of students in higher education. Rev. Ecuatoriana de Neurol. 27(3), 51–56 (2018)

Ramos-Galarza, C., Benavides-Endara, P., Bolaños-Pasquel, M., Fonseca-Bautista, S., Ramos, D.: Scale of clinical observation to valuate the third functional unit of the Luria theory: EOCL-1. Rev. Ecuatoriana de Neurol. 28(2), 83–91 (2019)

Silva-Barragán, M., Ramos-Galarza, C.: Etiology of brain damage: a neuropsychological contribution in its theoretical construction (First part). Rev. Ecuatoriana de Neurol. 30(1), 154–165 (2021)

Ramos-Galarza, C., Cruz-Cárdenas, J., Bolaños-Pasquel, M., Acosta-Rodas, P.: Factorial structure of the EOCL-1 scale to asess executive functions. Front. Psychol. 12(585145), 1–14 (2021)

Ramos-Galarza, C., Bolaños-Pasquel, M., García-Gómez, A., Martínez Siiarez, P., Jadán-Guerrero, J.: Efeco scale for assessing executive functions in self-report format. Rev. Iberoamericana de Diagnostico y Evaluacion Psicologica 51(1), 83–93 (2019)

Ramos-Galarza, C., et al.: Evaluación de las Habilidades de la Corteza Prefrontal: La Escala Efeco II-VC y II VR. Rev. Ecuatoriana de Neurol. 27(3), 36–43 (2018)
