{"status":"ok","message-type":"work","message-version":"1.0.0","message":{"indexed":{"date-parts":[[2025,3,26]],"date-time":"2025-03-26T05:54:56Z","timestamp":1742968496947,"version":"3.40.3"},"publisher-location":"Cham","reference-count":30,"publisher":"Springer Nature Switzerland","isbn-type":[{"type":"print","value":"9783031834349"},{"type":"electronic","value":"9783031834356"}],"license":[{"start":{"date-parts":[[2025,1,1]],"date-time":"2025-01-01T00:00:00Z","timestamp":1735689600000},"content-version":"tdm","delay-in-days":0,"URL":"https:\/\/www.springernature.com\/gp\/researchers\/text-and-data-mining"},{"start":{"date-parts":[[2025,1,1]],"date-time":"2025-01-01T00:00:00Z","timestamp":1735689600000},"content-version":"vor","delay-in-days":0,"URL":"https:\/\/www.springernature.com\/gp\/researchers\/text-and-data-mining"}],"content-domain":{"domain":["link.springer.com"],"crossmark-restriction":false},"short-container-title":[],"published-print":{"date-parts":[[2025]]},"DOI":"10.1007\/978-3-031-83435-6_27","type":"book-chapter","created":{"date-parts":[[2025,3,6]],"date-time":"2025-03-06T12:43:05Z","timestamp":1741264985000},"page":"363-378","update-policy":"https:\/\/doi.org\/10.1007\/springer_crossmark_policy","source":"Crossref","is-referenced-by-count":0,"title":["Visitor Perspectives on Event Marketing\u2019s Role in Local Tourism"],"prefix":"10.1007","author":[{"ORCID":"https:\/\/orcid.org\/0009-0007-5162-5472","authenticated-orcid":false,"given":"Renata Gon\u00e7alves","family":"Machado","sequence":"first","affiliation":[]},{"ORCID":"https:\/\/orcid.org\/0000-0002-6951-6422","authenticated-orcid":false,"given":"Deborah Oliveira","family":"Santos","sequence":"additional","affiliation":[]},{"ORCID":"https:\/\/orcid.org\/0000-0001-8714-4901","authenticated-orcid":false,"given":"Paula Odete","family":"Fernandes","sequence":"additional","affiliation":[]}],"member":"297","published-online":{"date-parts":[[2025,3,5]]},"reference":[{"key":"27_CR1","doi-asserted-by":"publisher","unstructured":"Oliveira, A., Gomes, R.: Turismo de eventos: Uma alternativa econ\u00f4mica para os pequenos munic\u00edpios. Revista Da Casa Da Geografia De Sobral (RCGS) 24(2), 297\u2013318 (2023). https:\/\/doi.org\/10.35701\/rcgs.v24.841","DOI":"10.35701\/rcgs.v24.841"},{"key":"27_CR2","doi-asserted-by":"publisher","unstructured":"Campillo-Alhama, C., Mart\u00ednez-Sala, A.: La estrategia de marketing tur\u00edstico de los Sitios Patrimonio Mundial atrav\u00e9s de los eventos 2.0. Pasos (Tenerife (Canary Islands)) 17(2), 425\u2013452 (2019). https:\/\/doi.org\/10.25145\/j.pasos.2019.17.029","DOI":"10.25145\/j.pasos.2019.17.029"},{"key":"27_CR3","doi-asserted-by":"publisher","unstructured":"Gayer, P.: Pol\u00edticas p\u00fablicas em turismo de eventos: instrumentos normativos de apoio ao desenvolvimento do setor. Cen\u00e1rio: Revista Interdisciplinar Em Turismo E Territ\u00f3rio 5(9), 10\u201322 (2018). https:\/\/doi.org\/10.26512\/revistacenario.v5i9.19425","DOI":"10.26512\/revistacenario.v5i9.19425"},{"key":"27_CR4","unstructured":"Moreira, V.M.d.S.: An\u00e1lise do impacto econ\u00f3mico dos eventos tur\u00edsticos do concelho de Torre de Moncorvo para o desenvolvimento local. Master\u2019s thesis, Instituto Polit\u00e9cnico de Bragan\u00e7a (2021). Reposit\u00f3rio Institucional do Instituto Polit\u00e9cnico de Bragan\u00e7a. http:\/\/hdl.handle.net\/10198\/24861"},{"key":"27_CR5","doi-asserted-by":"publisher","unstructured":"Kraus, C., Hein, N., Quadros, C., Santos, T.: Entropia da informa\u00e7\u00e3o na satisfa\u00e7\u00e3o de eventos. Turismo: Vis\u00e3o e A\u00e7\u00e3o 23(3), 516\u2013534 (2021). https:\/\/doi.org\/10.14210\/rtva.v23n3.p516-534","DOI":"10.14210\/rtva.v23n3.p516-534"},{"key":"27_CR6","doi-asserted-by":"publisher","unstructured":"Machado, S.F., Filho, R.E.: A Feira de Artesanato em Pedra Sab\u00e3o enquanto produto tur\u00edstico na perspectiva dos artes\u00e3os, Ouro Preto (MG). Revista Acad\u00eamica Observat\u00f3rio de Inova\u00e7\u00e3o do Turismo 8(1), 1\u201327 (2014). https:\/\/doi.org\/10.12660\/oit.v8n1.13535","DOI":"10.12660\/oit.v8n1.13535"},{"key":"27_CR7","unstructured":"Nakane, A.M.: Gest\u00e3o e organiza\u00e7\u00e3o de eventos. Pearson (2018)"},{"key":"27_CR8","unstructured":"C\u00e2mara Municipal de Bragan\u00e7a.: Feira das Cantarinhas e da XXXV Feira do Artesanato (2023a). https:\/\/www.cm-braganca.pt\/servicos-e-informacoes\/noticias\/noticia\/feira-das-cantarinhas-e-da-xxxv-feira-do-artesanato"},{"key":"27_CR9","doi-asserted-by":"publisher","unstructured":"Camelo, P., Costa, E., Coriolano, L.: Moda, Eventos e Turismo: Contribui\u00e7\u00f5es do Festival da Moda de Fortaleza para o turismo de eventos na capital cearense. Turismo Em An\u00e1lise 27(1), 131\u2013152 (2016). https:\/\/doi.org\/10.11606\/issn.1984-4867.v27i1p131-152","DOI":"10.11606\/issn.1984-4867.v27i1p131-152"},{"key":"27_CR10","unstructured":"Alho, L.deA.: Sazonalidade e Desenvolvimento Tur\u00edstico Sustent\u00e1vel: Da avalia\u00e7\u00e3o dos impactos \u00e0 proposta para a sua mitiga\u00e7\u00e3o \u2013 O caso de Porto Covo. Master\u2019s thesis, Universidade de \u00c9vora (2023). Reposit\u00f3rio Institucional da Universidade de \u00c9vora. https:\/\/dspace.uevora.pt\/rdpc\/handle\/10174\/34896"},{"key":"27_CR11","unstructured":"Turismo de Portugal, I.P.: Taxa de sazonalidade. TravelBI Turismo de Portugal (2023). https:\/\/travelbi.turismodeportugal.pt\/sustentabilidade\/taxa-de-sazonalidade\/"},{"key":"27_CR12","doi-asserted-by":"publisher","first-page":"73","DOI":"10.1016\/j.tourman.2017.08.002","volume":"64","author":"F Higgins-Desbiolles","year":"2018","unstructured":"Higgins-Desbiolles, F.: Event tourism and event imposition: a critical case study from Kangaroo Island, South Australia. Tour. Manag. 64, 73\u201386 (2018). https:\/\/doi.org\/10.1016\/j.tourman.2017.08.002","journal-title":"Tour. Manag."},{"key":"27_CR13","doi-asserted-by":"publisher","unstructured":"Pezzi, E., Vianna, S.L.G.: a Experi\u00eancia Tur\u00edstica e o Turismo de Experi\u00eancia: um estudo sobre as dimens\u00f5es da experi\u00eancia memor\u00e1vel. Revista Turismo Em An\u00e1lise 26(1), 165\u2013187 (2015). https:\/\/doi.org\/10.11606\/issn.1984-4867.v26i1p165-187","DOI":"10.11606\/issn.1984-4867.v26i1p165-187"},{"key":"27_CR14","doi-asserted-by":"publisher","unstructured":"Brito, G., Ferreira, L.V.F.: Carnatal: a criatividade como ferramenta propulsora do turismo de eventos. Revista De Turismo Contempor\u00e2neo 7, 47\u201368 (2019). https:\/\/doi.org\/10.21680\/2357-8211.2019v7n0ID16985","DOI":"10.21680\/2357-8211.2019v7n0ID16985"},{"key":"27_CR15","unstructured":"Wongmonta, S.: Marketing 5.0: the era of technology for humanity with a collaboration of humans and machines. Nimit Mai Rev. 4(1), 83\u201397 (2021). https:\/\/so04.tci-thaijo.org\/index.php\/nmrj\/article\/view\/252765"},{"key":"27_CR16","doi-asserted-by":"publisher","unstructured":"Lobuono, R., Gosling, M., Gon\u00e7alves, C., Medeiros, S.: Rela\u00e7\u00f5es entre Dimens\u00f5es da Experi\u00eancia, Satisfa\u00e7\u00e3o, Recomenda\u00e7\u00e3o e Inten\u00e7\u00e3o de Retornar: A Percep\u00e7\u00e3o de Participantes de Evento Cultural Resumo. Podium: Sport Leisure Tour. Rev. 5(2), 15\u201337 (2016). https:\/\/doi.org\/10.5585\/podium.v5i2.158","DOI":"10.5585\/podium.v5i2.158"},{"key":"27_CR17","unstructured":"Czajkowski, A., Czajkowski J\u00fanior, S.: Eventos: uma estrat\u00e9gia baseada em experi\u00eancias. 1st edn. Intersaberes (2017)"},{"key":"27_CR18","doi-asserted-by":"publisher","unstructured":"Queiroz, I., Pereira, F., Cunha, M.: As feiras tradicionais do Crato\/CE no contexto atual: Mudan\u00e7as e perman\u00eancias no com\u00e9rcio e no consumo local e regional. Revista Da Casa Da Geografia De Sobral 22(1), 113\u2013133 (2020). https:\/\/doi.org\/10.35701\/rcgs.v22n1.667","DOI":"10.35701\/rcgs.v22n1.667"},{"key":"27_CR19","doi-asserted-by":"publisher","unstructured":"Pereira, V., Pereira, M., Brito, T., Goulart, A., Pereira, S.: Express\u00f5es econ\u00f4micas da feira-livre: Perfil e perspectiva dos feirantes. Revista NUPEM 15(35), 205\u2013225 (2023). https:\/\/doi.org\/10.33871\/nupem.2023.15.35.205-225","DOI":"10.33871\/nupem.2023.15.35.205-225"},{"key":"27_CR20","unstructured":"Gutierriz, I.E.: O QR code como ferramenta de comunica\u00e7\u00e3o na valoriza\u00e7\u00e3o cultural: estudo intercultural entre as cidades de Bragan\u00e7a (Portugal) e Salvador (Brasil). Master\u2019s thesis, Instituto Polit\u00e9cnico de Bragan\u00e7a (2020). Reposit\u00f3rio Institucional do Instituto Polit\u00e9cnico de Bragan\u00e7a. http:\/\/hdl.handle.net\/10198\/21804"},{"key":"27_CR21","unstructured":"Martins, C.F.: As din\u00e2micas do turismo cultural - o caso dos Caretos de Podence. Master\u2019s thesis, Instituto Polit\u00e9cnico de Bragan\u00e7a (2022). Reposit\u00f3rio Institucional do Instituto Polit\u00e9cnico de Bragan\u00e7a. https:\/\/bibliotecadigital.ipb.pt\/handle\/10198\/26464"},{"key":"27_CR22","unstructured":"Turismo de Bragan\u00e7a.: Feira das Cantarinhas (2023). https:\/\/turismo.cm-braganca.pt\/feira-das-cantarinhas"},{"key":"27_CR23","unstructured":"A voz do Nordeste.: Cantarinhas Movimentam Bragan\u00e7a (2012). https:\/\/avoznordeste.files.wordpress.com\/2012\/04\/voz-do-nordeste-marc3a7o12_net1.pdf"},{"key":"27_CR24","unstructured":"C\u00e2mara Municipal de Bragan\u00e7a.: Feira das Cantarinhas & Feira do Artesanato \u2013 2023 (2023b). https:\/\/www.cm-braganca.pt\/servicos-e-informacoes\/noticias\/noticia\/feira-das-cantarinhas-feira-do-artesanato-2023"},{"key":"27_CR25","unstructured":"Fernandes, A.daS.: An\u00e1lise do impacto econ\u00f3mico dos eventos no concelho de Mirandela. Um contributo para a tomada de decis\u00e3o na gest\u00e3o dos eventos. Master\u2019s thesis, Instituto Polit\u00e9cnico de Bragan\u00e7a (2017). Reposit\u00f3rio Institucional do Instituto Polit\u00e9cnico de Bragan\u00e7a. https:\/\/bibliotecadigital.ipb.pt\/handle\/10198\/15945"},{"key":"27_CR26","unstructured":"Esteves, E.T.: Oferta e procura do sector tur\u00edstico no distrito de Bragan\u00e7a. Master\u2019s thesis, Universidade do Minho (2002). Biblioteca Digital do IPB. https:\/\/bibliotecadigital.ipb.pt\/handle\/10198\/7792"},{"key":"27_CR27","doi-asserted-by":"publisher","unstructured":"Cerqueira, A., Lopes, E., Da Silva, J.: No Backstage do Marketing da Experiencia: a Otica dos Gestores na Aplicacao de Estrategias de Branding por Meio de Acoes de Patrocinio e Desenvolvimento de Projetos e Eventos. Future Stud. Res. J. 11(1), 25 (2019). https:\/\/doi.org\/10.24023\/FutureJournal\/2175-5825\/2019.v11i1.371","DOI":"10.24023\/FutureJournal\/2175-5825\/2019.v11i1.371"},{"key":"27_CR28","doi-asserted-by":"publisher","unstructured":"Aldhaheri, A., Bach, C.: How to implement marketing 2.0 successfully. Int. J. Bus. Soc. Sci. 4, 1\u20138 (2013). https:\/\/doi.org\/10.48550\/arXiv.1308.4894","DOI":"10.48550\/arXiv.1308.4894"},{"issue":"1","key":"27_CR29","doi-asserted-by":"publisher","first-page":"12","DOI":"10.1177\/0047287510385467","volume":"51","author":"J-H Kim","year":"2010","unstructured":"Kim, J.-H., Ritchie, J.R.B., Mccormick, B.: Development of a scale to measure memorable tourism experiences. J. Travel Res. 51(1), 12\u201325 (2010). https:\/\/doi.org\/10.1177\/0047287510385467","journal-title":"J. Travel Res."},{"key":"27_CR30","unstructured":"Murray, N., Foley, A., Lynch, P.: Understanding the tourist experience concept. In: RIKON (Pesquisa em Inova\u00e7\u00e3o, Conhecimento e Redes Organizacionais) (2010). https:\/\/repository.wit.ie\/id\/eprint\/1543"}],"container-title":["Communications in Computer and Information Science","Advanced Research in Technologies, Information, Innovation and Sustainability"],"original-title":[],"language":"en","link":[{"URL":"https:\/\/link.springer.com\/content\/pdf\/10.1007\/978-3-031-83435-6_27","content-type":"unspecified","content-version":"vor","intended-application":"similarity-checking"}],"deposited":{"date-parts":[[2025,3,6]],"date-time":"2025-03-06T12:43:15Z","timestamp":1741264995000},"score":1,"resource":{"primary":{"URL":"https:\/\/link.springer.com\/10.1007\/978-3-031-83435-6_27"}},"subtitle":[],"short-title":[],"issued":{"date-parts":[[2025]]},"ISBN":["9783031834349","9783031834356"],"references-count":30,"URL":"https:\/\/doi.org\/10.1007\/978-3-031-83435-6_27","relation":{},"ISSN":["1865-0929","1865-0937"],"issn-type":[{"type":"print","value":"1865-0929"},{"type":"electronic","value":"1865-0937"}],"subject":[],"published":{"date-parts":[[2025]]},"assertion":[{"value":"5 March 2025","order":1,"name":"first_online","label":"First Online","group":{"name":"ChapterHistory","label":"Chapter History"}},{"value":"ARTIIS","order":1,"name":"conference_acronym","label":"Conference Acronym","group":{"name":"ConferenceInfo","label":"Conference Information"}},{"value":"International Conference on Advanced Research in Technologies, Information, Innovation and Sustainability","order":2,"name":"conference_name","label":"Conference Name","group":{"name":"ConferenceInfo","label":"Conference Information"}},{"value":"Santiago de Chile","order":3,"name":"conference_city","label":"Conference City","group":{"name":"ConferenceInfo","label":"Conference Information"}},{"value":"Chile","order":4,"name":"conference_country","label":"Conference Country","group":{"name":"ConferenceInfo","label":"Conference Information"}},{"value":"2024","order":5,"name":"conference_year","label":"Conference Year","group":{"name":"ConferenceInfo","label":"Conference Information"}},{"value":"20 October 2024","order":7,"name":"conference_start_date","label":"Conference Start Date","group":{"name":"ConferenceInfo","label":"Conference Information"}},{"value":"22 October 2024","order":8,"name":"conference_end_date","label":"Conference End Date","group":{"name":"ConferenceInfo","label":"Conference Information"}},{"value":"4","order":9,"name":"conference_number","label":"Conference Number","group":{"name":"ConferenceInfo","label":"Conference Information"}},{"value":"artiis2024","order":10,"name":"conference_id","label":"Conference ID","group":{"name":"ConferenceInfo","label":"Conference Information"}},{"value":"https:\/\/www.artiis.org\/","order":11,"name":"conference_url","label":"Conference URL","group":{"name":"ConferenceInfo","label":"Conference Information"}}]}}

Renata Gonçalves

Oliveira, A., Gomes, R.: Turismo de eventos: Uma alternativa econômica para os pequenos municípios. Revista Da Casa Da Geografia De Sobral (RCGS) 24(2), 297–318 (2023). https://doi.org/10.35701/rcgs.v24.841

Campillo-Alhama, C., Martínez-Sala, A.: La estrategia de marketing turístico de los Sitios Patrimonio Mundial através de los eventos 2.0. Pasos (Tenerife (Canary Islands)) 17(2), 425–452 (2019). https://doi.org/10.25145/j.pasos.2019.17.029

Gayer, P.: Políticas públicas em turismo de eventos: instrumentos normativos de apoio ao desenvolvimento do setor. Cenário: Revista Interdisciplinar Em Turismo E Território 5(9), 10–22 (2018). https://doi.org/10.26512/revistacenario.v5i9.19425

Moreira, V.M.d.S.: Análise do impacto económico dos eventos turísticos do concelho de Torre de Moncorvo para o desenvolvimento local. Master’s thesis, Instituto Politécnico de Bragança (2021). Repositório Institucional do Instituto Politécnico de Bragança. http://hdl.handle.net/10198/24861

Kraus, C., Hein, N., Quadros, C., Santos, T.: Entropia da informação na satisfação de eventos. Turismo: Visão e Ação 23(3), 516–534 (2021). https://doi.org/10.14210/rtva.v23n3.p516-534

Machado, S.F., Filho, R.E.: A Feira de Artesanato em Pedra Sabão enquanto produto turístico na perspectiva dos artesãos, Ouro Preto (MG). Revista Acadêmica Observatório de Inovação do Turismo 8(1), 1–27 (2014). https://doi.org/10.12660/oit.v8n1.13535

Nakane, A.M.: Gestão e organização de eventos. Pearson (2018)

Câmara Municipal de Bragança.: Feira das Cantarinhas e da XXXV Feira do Artesanato (2023a). https://www.cm-braganca.pt/servicos-e-informacoes/noticias/noticia/feira-das-cantarinhas-e-da-xxxv-feira-do-artesanato

Camelo, P., Costa, E., Coriolano, L.: Moda, Eventos e Turismo: Contribuições do Festival da Moda de Fortaleza para o turismo de eventos na capital cearense. Turismo Em Análise 27(1), 131–152 (2016). https://doi.org/10.11606/issn.1984-4867.v27i1p131-152

Alho, L.deA.: Sazonalidade e Desenvolvimento Turístico Sustentável: Da avaliação dos impactos à proposta para a sua mitigação – O caso de Porto Covo. Master’s thesis, Universidade de Évora (2023). Repositório Institucional da Universidade de Évora. https://dspace.uevora.pt/rdpc/handle/10174/34896

Pezzi, E., Vianna, S.L.G.: a Experiência Turística e o Turismo de Experiência: um estudo sobre as dimensões da experiência memorável. Revista Turismo Em Análise 26(1), 165–187 (2015). https://doi.org/10.11606/issn.1984-4867.v26i1p165-187

Brito, G., Ferreira, L.V.F.: Carnatal: a criatividade como ferramenta propulsora do turismo de eventos. Revista De Turismo Contemporâneo 7, 47–68 (2019). https://doi.org/10.21680/2357-8211.2019v7n0ID16985

Lobuono, R., Gosling, M., Gonçalves, C., Medeiros, S.: Relações entre Dimensões da Experiência, Satisfação, Recomendação e Intenção de Retornar: A Percepção de Participantes de Evento Cultural Resumo. Podium: Sport Leisure Tour. Rev. 5(2), 15–37 (2016). https://doi.org/10.5585/podium.v5i2.158

Czajkowski, A., Czajkowski Júnior, S.: Eventos: uma estratégia baseada em experiências. 1st edn. Intersaberes (2017)

Queiroz, I., Pereira, F., Cunha, M.: As feiras tradicionais do Crato/CE no contexto atual: Mudanças e permanências no comércio e no consumo local e regional. Revista Da Casa Da Geografia De Sobral 22(1), 113–133 (2020). https://doi.org/10.35701/rcgs.v22n1.667

Pereira, V., Pereira, M., Brito, T., Goulart, A., Pereira, S.: Expressões econômicas da feira-livre: Perfil e perspectiva dos feirantes. Revista NUPEM 15(35), 205–225 (2023). https://doi.org/10.33871/nupem.2023.15.35.205-225

Gutierriz, I.E.: O QR code como ferramenta de comunicação na valorização cultural: estudo intercultural entre as cidades de Bragança (Portugal) e Salvador (Brasil). Master’s thesis, Instituto Politécnico de Bragança (2020). Repositório Institucional do Instituto Politécnico de Bragança. http://hdl.handle.net/10198/21804

Martins, C.F.: As dinâmicas do turismo cultural - o caso dos Caretos de Podence. Master’s thesis, Instituto Politécnico de Bragança (2022). Repositório Institucional do Instituto Politécnico de Bragança. https://bibliotecadigital.ipb.pt/handle/10198/26464

Turismo de Bragança.: Feira das Cantarinhas (2023). https://turismo.cm-braganca.pt/feira-das-cantarinhas

A voz do Nordeste.: Cantarinhas Movimentam Bragança (2012). https://avoznordeste.files.wordpress.com/2012/04/voz-do-nordeste-marc3a7o12_net1.pdf

Câmara Municipal de Bragança.: Feira das Cantarinhas & Feira do Artesanato – 2023 (2023b). https://www.cm-braganca.pt/servicos-e-informacoes/noticias/noticia/feira-das-cantarinhas-feira-do-artesanato-2023

Fernandes, A.daS.: Análise do impacto económico dos eventos no concelho de Mirandela. Um contributo para a tomada de decisão na gestão dos eventos. Master’s thesis, Instituto Politécnico de Bragança (2017). Repositório Institucional do Instituto Politécnico de Bragança. https://bibliotecadigital.ipb.pt/handle/10198/15945

Esteves, E.T.: Oferta e procura do sector turístico no distrito de Bragança. Master’s thesis, Universidade do Minho (2002). Biblioteca Digital do IPB. https://bibliotecadigital.ipb.pt/handle/10198/7792

Murray, N., Foley, A., Lynch, P.: Understanding the tourist experience concept. In: RIKON (Pesquisa em Inovação, Conhecimento e Redes Organizacionais) (2010). https://repository.wit.ie/id/eprint/1543
