{"status":"ok","message-type":"work","message-version":"1.0.0","message":{"indexed":{"date-parts":[[2026,3,6]],"date-time":"2026-03-06T18:45:13Z","timestamp":1772822713488,"version":"3.50.1"},"publisher-location":"Cham","reference-count":11,"publisher":"Springer Nature Switzerland","isbn-type":[{"value":"9783032168474","type":"print"},{"value":"9783032168481","type":"electronic"}],"license":[{"start":{"date-parts":[[2026,1,1]],"date-time":"2026-01-01T00:00:00Z","timestamp":1767225600000},"content-version":"tdm","delay-in-days":0,"URL":"https:\/\/www.springernature.com\/gp\/researchers\/text-and-data-mining"},{"start":{"date-parts":[[2026,1,1]],"date-time":"2026-01-01T00:00:00Z","timestamp":1767225600000},"content-version":"vor","delay-in-days":0,"URL":"https:\/\/www.springernature.com\/gp\/researchers\/text-and-data-mining"}],"content-domain":{"domain":["link.springer.com"],"crossmark-restriction":false},"short-container-title":[],"published-print":{"date-parts":[[2026]]},"DOI":"10.1007\/978-3-032-16848-1_26","type":"book-chapter","created":{"date-parts":[[2026,3,6]],"date-time":"2026-03-06T13:07:03Z","timestamp":1772802423000},"page":"351-361","update-policy":"https:\/\/doi.org\/10.1007\/springer_crossmark_policy","source":"Crossref","is-referenced-by-count":0,"title":["Accent, Gender, and Audience Perception in Public Speaking: Cognitive Bias and Decision-Making in the Context of Climate Communication"],"prefix":"10.1007","author":[{"ORCID":"https:\/\/orcid.org\/0009-0001-5121-5621","authenticated-orcid":false,"given":"Anna","family":"Bugrina","sequence":"first","affiliation":[]}],"member":"297","published-online":{"date-parts":[[2026,4,1]]},"reference":[{"issue":"6","key":"26_CR1","doi-asserted-by":"publisher","first-page":"1093","DOI":"10.1016\/j.jesp.2010.05.025","volume":"46","author":"S Lev-Ari","year":"2010","unstructured":"Lev-Ari, S., Keysar, B.: Why don\u2019t we believe non-native speakers? The influence of accent on credibility. J. Exp. Soc. Psychol. 46(6), 1093\u20131096 (2010)","journal-title":"J. Exp. Soc. Psychol."},{"key":"26_CR2","doi-asserted-by":"crossref","unstructured":"Heald, S.L.M., Nusbaum, H.C.: Speech perception as an active cognitive process. Front. Syst. Neurosci. 8, Article 35 (2014)","DOI":"10.3389\/fnsys.2014.00035"},{"issue":"2","key":"26_CR3","doi-asserted-by":"publisher","first-page":"107","DOI":"10.6018\/ijes.591391","volume":"24","author":"S D\u00edaz Sierra","year":"2024","unstructured":"D\u00edaz Sierra, S.: Gender-based variation in the perception of Northern Irish accents in performance. Int. J. Engl. Stud. 24(2), 107\u2013125 (2024)","journal-title":"Int. J. Engl. Stud."},{"issue":"2","key":"26_CR4","doi-asserted-by":"publisher","first-page":"214","DOI":"10.1177\/1088868309359288","volume":"14","author":"A Gluszek","year":"2010","unstructured":"Gluszek, A., Dovidio, J.F.: The way they speak: a social psychological perspective on the stigma of non-native accents in communication. Pers. Soc. Psychol. Rev. 14(2), 214\u2013237 (2010)","journal-title":"Pers. Soc. Psychol. Rev."},{"key":"26_CR5","doi-asserted-by":"crossref","unstructured":"Neuhaus, T.J., Scherer, R.C., Whitfield, J.A.: Gender perception of speech: Dependence on fundamental frequency, implied vocal tract length, and source spectral tilt. J. Voice (2024)","DOI":"10.1016\/j.jvoice.2024.01.014"},{"key":"26_CR6","unstructured":"Holmberg, J., S\u00f6dersten, M., Linander, I., Nyl\u00e9n, F.: Perception of femininity and masculinity in voices. J. Voice (2024)"},{"issue":"4","key":"26_CR7","first-page":"225","volume":"17","author":"JD Mart\u00edn-Santana","year":"2014","unstructured":"Mart\u00edn-Santana, J.D., Muela-Molina, C., Reinares-Lara, E., Rodr\u00edguez-Guerra, M.: Effectiveness of radio spokesperson\u2019s gender, vocal pitch and accent and the use of music in radio advertising. BRQ Bus. Res. Q. 17(4), 225\u2013238 (2014)","journal-title":"BRQ Bus. Res. Q."},{"key":"26_CR8","unstructured":"Peperkamp, S., Dupoux, E.: Speech perception and phonology. In: van Oostendorp, M., et al. (eds.) The Blackwell Companion to Phonology. Blackwell, Oxford (2011)"},{"key":"26_CR9","first-page":"1","volume":"80","author":"L van Maastricht","year":"2016","unstructured":"van Maastricht, L., Krahmer, E., Swerts, M.: Native speaker perceptions of (non-)native prominence patterns. Speech Commun. 80, 1\u201315 (2016)","journal-title":"Speech Commun."},{"key":"26_CR10","doi-asserted-by":"crossref","unstructured":"Melguy, Y.V., Johnson, K.: What are you sinking about? Experience with unfamiliar accent produces both inhibition and facilitation during lexical processing. J. Mem. Lang. (2025)","DOI":"10.1016\/j.wocn.2025.101401"},{"key":"26_CR11","doi-asserted-by":"crossref","unstructured":"Verbeke, J., Simon, E.: Listening to accents: comprehensibility, accentedness, and intelligibility of native and non-native English speech. J. Second Lang. Pronun. (2023)","DOI":"10.1016\/j.lingua.2023.103572"}],"container-title":["Communications in Computer and Information Science","Advanced Research in Technologies, Information, Innovation and Sustainability"],"original-title":[],"language":"en","link":[{"URL":"https:\/\/link.springer.com\/content\/pdf\/10.1007\/978-3-032-16848-1_26","content-type":"unspecified","content-version":"vor","intended-application":"similarity-checking"}],"deposited":{"date-parts":[[2026,3,6]],"date-time":"2026-03-06T13:07:05Z","timestamp":1772802425000},"score":1,"resource":{"primary":{"URL":"https:\/\/link.springer.com\/10.1007\/978-3-032-16848-1_26"}},"subtitle":[],"short-title":[],"issued":{"date-parts":[[2026]]},"ISBN":["9783032168474","9783032168481"],"references-count":11,"URL":"https:\/\/doi.org\/10.1007\/978-3-032-16848-1_26","relation":{},"ISSN":["1865-0929","1865-0937"],"issn-type":[{"value":"1865-0929","type":"print"},{"value":"1865-0937","type":"electronic"}],"subject":[],"published":{"date-parts":[[2026]]},"assertion":[{"value":"1 April 2026","order":1,"name":"first_online","label":"First Online","group":{"name":"ChapterHistory","label":"Chapter History"}},{"value":"ARTIIS","order":1,"name":"conference_acronym","label":"Conference Acronym","group":{"name":"ConferenceInfo","label":"Conference Information"}},{"value":"International Conference on Advanced Research in Technologies, Information, Innovation and Sustainability","order":2,"name":"conference_name","label":"Conference Name","group":{"name":"ConferenceInfo","label":"Conference Information"}},{"value":"Cartagena de Indias","order":3,"name":"conference_city","label":"Conference City","group":{"name":"ConferenceInfo","label":"Conference Information"}},{"value":"Colombia","order":4,"name":"conference_country","label":"Conference Country","group":{"name":"ConferenceInfo","label":"Conference Information"}},{"value":"2025","order":5,"name":"conference_year","label":"Conference Year","group":{"name":"ConferenceInfo","label":"Conference Information"}},{"value":"21 October 2025","order":7,"name":"conference_start_date","label":"Conference Start Date","group":{"name":"ConferenceInfo","label":"Conference Information"}},{"value":"23 October 2025","order":8,"name":"conference_end_date","label":"Conference End Date","group":{"name":"ConferenceInfo","label":"Conference Information"}},{"value":"5","order":9,"name":"conference_number","label":"Conference Number","group":{"name":"ConferenceInfo","label":"Conference Information"}},{"value":"artiis2025","order":10,"name":"conference_id","label":"Conference ID","group":{"name":"ConferenceInfo","label":"Conference Information"}},{"value":"https:\/\/artiis.org","order":11,"name":"conference_url","label":"Conference URL","group":{"name":"ConferenceInfo","label":"Conference Information"}}]}}

S Díaz Sierra

Díaz Sierra, S.: Gender-based variation in the perception of Northern Irish accents in performance. Int. J. Engl. Stud. 24(2), 107–125 (2024)

Holmberg, J., Södersten, M., Linander, I., Nylén, F.: Perception of femininity and masculinity in voices. J. Voice (2024)

JD Martín-Santana

Martín-Santana, J.D., Muela-Molina, C., Reinares-Lara, E., Rodríguez-Guerra, M.: Effectiveness of radio spokesperson’s gender, vocal pitch and accent and the use of music in radio advertising. BRQ Bus. Res. Q. 17(4), 225–238 (2014)
