{"status":"ok","message-type":"work","message-version":"1.0.0","message":{"indexed":{"date-parts":[[2026,3,6]],"date-time":"2026-03-06T18:44:34Z","timestamp":1772822674783,"version":"3.50.1"},"publisher-location":"Cham","reference-count":27,"publisher":"Springer Nature Switzerland","isbn-type":[{"value":"9783032168474","type":"print"},{"value":"9783032168481","type":"electronic"}],"license":[{"start":{"date-parts":[[2026,1,1]],"date-time":"2026-01-01T00:00:00Z","timestamp":1767225600000},"content-version":"tdm","delay-in-days":0,"URL":"https:\/\/www.springernature.com\/gp\/researchers\/text-and-data-mining"},{"start":{"date-parts":[[2026,1,1]],"date-time":"2026-01-01T00:00:00Z","timestamp":1767225600000},"content-version":"vor","delay-in-days":0,"URL":"https:\/\/www.springernature.com\/gp\/researchers\/text-and-data-mining"}],"content-domain":{"domain":["link.springer.com"],"crossmark-restriction":false},"short-container-title":[],"published-print":{"date-parts":[[2026]]},"DOI":"10.1007\/978-3-032-16848-1_27","type":"book-chapter","created":{"date-parts":[[2026,3,6]],"date-time":"2026-03-06T13:05:53Z","timestamp":1772802353000},"page":"362-375","update-policy":"https:\/\/doi.org\/10.1007\/springer_crossmark_policy","source":"Crossref","is-referenced-by-count":0,"title":["Evaluation of the Perception of Clear Language Usage on Education: A Study Case in Higher Education"],"prefix":"10.1007","author":[{"ORCID":"https:\/\/orcid.org\/0000-0002-0058-1795","authenticated-orcid":false,"given":"Patricia Gonz\u00e1lez","family":"Elices","sequence":"first","affiliation":[]},{"ORCID":"https:\/\/orcid.org\/0000-0003-4765-5824","authenticated-orcid":false,"given":"Nieves","family":"de Mingo Izquierdo","sequence":"additional","affiliation":[]},{"ORCID":"https:\/\/orcid.org\/0000-0003-4678-8019","authenticated-orcid":false,"given":"Isaac Seoane","family":"Pujol","sequence":"additional","affiliation":[]}],"member":"297","published-online":{"date-parts":[[2026,4,1]]},"reference":[{"key":"27_CR1","unstructured":"Plain Language Association International \u2013 PLAIN. https:\/\/plainlanguagenetwork.org\/"},{"key":"27_CR2","unstructured":"Mart\u00ednez de Sousa, J.: Diccionario de redacci\u00f3n y estilo. Ediciones Trea. (2003)"},{"issue":"2","key":"27_CR3","first-page":"189","volume":"57","author":"J Redish","year":"2010","unstructured":"Redish, J.: What is information design? Techn. Commun. 57(2), 189\u2013191 (2010)","journal-title":"Techn. Commun."},{"key":"27_CR4","first-page":"45","volume":"358","author":"MV Reyz\u00e1bal","year":"2012","unstructured":"Reyz\u00e1bal, M.V.: Competencias comunicativas y ling\u00fc\u00edsticas en la educaci\u00f3n superior. Revista de Educaci\u00f3n 358, 45\u201367 (2012)","journal-title":"Revista de Educaci\u00f3n"},{"issue":"2","key":"27_CR5","first-page":"123","volume":"56","author":"A Mahdi","year":"2023","unstructured":"Mahdi, A.: Effective communication strategies in higher education. J. Educ. Res. 56(2), 123\u2013139 (2023)","journal-title":"J. Educ. Res."},{"key":"27_CR6","doi-asserted-by":"publisher","first-page":"144","DOI":"10.7203\/Normas.v13i1.27755","volume":"13","author":"S Sevo","year":"2023","unstructured":"Sevo, S.: En torno al lenguaje inclusivo en la docencia universitaria. Normas 13, 144\u2013160 (2023). https:\/\/doi.org\/10.7203\/Normas.v13i1.27755","journal-title":"Normas"},{"key":"27_CR7","doi-asserted-by":"publisher","unstructured":"Castillo S\u00e1nchez, S., y Mayo, S.: El lenguaje inclusivo como \u201cnorma\u201d de empat\u00eda e identidad: reflexiones entre docentes y futures profesores. Literatura y ling\u00fc\u00edstica (40), 377\u2013391 (2019) https:\/\/doi.org\/10.29344\/0717621x.40.2072","DOI":"10.29344\/0717621x.40.2072"},{"issue":"1","key":"27_CR8","first-page":"34","volume":"85","author":"M Navarro","year":"2021","unstructured":"Navarro, M., P\u00e9rez, L., G\u00f3mez, R.: Claridad comunicativa en la docencia universitaria. Revista Iberoamericana de Educaci\u00f3n 85(1), 34\u201350 (2021)","journal-title":"Revista Iberoamericana de Educaci\u00f3n"},{"key":"27_CR9","doi-asserted-by":"publisher","unstructured":"Chiarino, N., Altamirano, C., Curione, K., Huertas, J.A.: Percepciones de estudiantes y docentes sobre el clima motivacional en clases universitarias mediadas por tecnolog\u00eda. Revista Digital de Investigaci\u00f3n en Docencia Universitaria 18(2), e1946. (2024). Epub.https:\/\/doi.org\/10.19083\/ridu.2024.1946","DOI":"10.19083\/ridu.2024.1946"},{"key":"27_CR10","doi-asserted-by":"publisher","unstructured":"Wilczewski, M., Alon, I.: Language and communication in international student adaptation: a systematic review. J. Int. Stud. 13(1), 1\u201320 (2023). https:\/\/doi.org\/10.32674\/jis.v13i1.4567","DOI":"10.32674\/jis.v13i1.4567"},{"key":"27_CR11","doi-asserted-by":"crossref","unstructured":"Hativa, N.: Teaching for effective learning in higher education. Springer Science & Business Media (2001)","DOI":"10.1007\/978-94-010-0902-7"},{"issue":"4","key":"27_CR12","doi-asserted-by":"publisher","first-page":"689","DOI":"10.1080\/07294360.2019.1685941","volume":"39","author":"T Honicke","year":"2020","unstructured":"Honicke, T., Broadbent, J., Fuller-Tyszkiewicz, M.: Learner self-efficacy, goal orientation, and academic achievement: exploring mediating and moderating relationships. High. Educ. Res. Dev. 39(4), 689\u2013703 (2020). https:\/\/doi.org\/10.1080\/07294360.2019.1685941","journal-title":"High. Educ. Res. Dev."},{"key":"27_CR13","doi-asserted-by":"publisher","unstructured":"Saeed, S. y Zyngier, D.: how motivation influences student engagement: a qualitative case study. J. Educ. Learn. 1(2) (2012). https:\/\/doi.org\/10.5539\/jel.v1n2p252","DOI":"10.5539\/jel.v1n2p252"},{"key":"27_CR14","unstructured":"Davion, J.: The role of teachers in motivating students to learn. BU J. Graduate Stud. Educ. 9(1), 46\u201349 (2017)"},{"key":"27_CR15","unstructured":"International Organization for Standardization.\u00a0ISO 24495-1:2023 \u2013 Plain language \u2014 Part 1 (2023).\u00a0https:\/\/www.iso.org\/standard\/78907.html"},{"key":"27_CR16","doi-asserted-by":"publisher","unstructured":"Franganillo, J., y Garc\u00eda-Asensio, M.\u00aa \u00c1.: La claridad como derecho: la aporta-ci\u00f3n de la norma ISO 24495-1 hacia el lenguaje claro\u201d. Anuario ThinkEPI, vol. 18, p. e18e09 (2024). https:\/\/doi.org\/10.3145\/thinkepi.2024.e18a09","DOI":"10.3145\/thinkepi.2024.e18a09"},{"key":"27_CR17","doi-asserted-by":"crossref","unstructured":"Gordillo, A., Fl\u00f3rez, M.D.P.. Los niveles de comprensi\u00f3n lectora: hacia una enunciaci\u00f3n investigativa y reflexiva para mejorar la comprensi\u00f3n lectora en estudiantes universitarios. Actualidades pedag\u00f3gicas (53), 95\u2013107 (2009)","DOI":"10.19052\/ap.1048"},{"key":"27_CR18","doi-asserted-by":"publisher","DOI":"10.1057\/9781137385765","volume-title":"Translanguaging: language","author":"O Garc\u00eda","year":"2014","unstructured":"Garc\u00eda, O., Wei, L.: Translanguaging: language. Palgrave Macmillan, Bilingualism and Education (2014)"},{"key":"27_CR19","doi-asserted-by":"publisher","unstructured":"Irca\u00f1aupa, E.C., Murillo, R.O.: Competencias comunicativas en la educaci\u00f3n. Horizontes Revista de Investigaci\u00f3n en Ciencias de la Educaci\u00f3n, 8(32), 417\u2013430 (2024). https:\/\/doi.org\/10.33996\/revistahorizontes.v8i32.733","DOI":"10.33996\/revistahorizontes.v8i32.733"},{"key":"27_CR20","doi-asserted-by":"crossref","unstructured":"Bhat, R.A.: The impact of technology integration on student learning outcomes: a comparative study. Int. J. Soc. Sci. Educ. Econ. Agric. Res. Technol. 2(9), 592\u2013596. (2023)","DOI":"10.54443\/ijset.v2i9.218"},{"key":"27_CR21","doi-asserted-by":"publisher","unstructured":"Gonzales, V., et al.: Estrategias did\u00e1cticas para mejorar la comprensi\u00f3n lectora en los estudiantes de secundaria. Universidad, Ciencia y Tecnolog\u00eda, 29(especial), 273\u2013282 (2025). https:\/\/doi.org\/10.47460\/uct.v29ispecial.932","DOI":"10.47460\/uct.v29ispecial.932"},{"key":"27_CR22","first-page":"13","volume":"47","author":"AM Rodr\u00edguez Garc\u00eda","year":"2017","unstructured":"Rodr\u00edguez Garc\u00eda, A.M., Hinojo Lucena, M.A., \u00c1greda Montoro, M.: An\u00e1lisis del uso de v\u00eddeo-tutoriales como herramienta de inclusi\u00f3n educativa. PUBLICACIONES 47, 13\u201335 (2017)","journal-title":"PUBLICACIONES"},{"key":"27_CR23","unstructured":"Villalobos, S., et al.: Dominio del proceso de redacci\u00f3n acad\u00e9mica en estudiantes universitarios. Mendive. Revista de Educaci\u00f3n 22(2) (2024)"},{"key":"27_CR24","unstructured":"Gonz\u00e1lez, M.A., Rodr\u00edguez, J.A.: Rendimiento y calificaci\u00f3n, dos aspectos problem\u00e1ticos de la evaluaci\u00f3n en la universidad. Revista Virtual Universidad Cat\u00f3lica del Norte (30), 1\u201317 (2010). https:\/\/www.redalyc.org\/articulo.oa?id=194215432006"},{"key":"27_CR25","unstructured":"Burroughs, N., et al.: A review of the literature on teacher effectiveness and student outcomes. In OECD (Ed.) Global"},{"key":"27_CR26","doi-asserted-by":"publisher","unstructured":"Bos, W., Lankes, E.-M.. Empirische Bildungsforschung: Eine elementare Einf\u00fchrung (2nd ed.). Springer. https:\/\/doi.org\/10.1007\/978-3-658-27277-7 (2023)","DOI":"10.1007\/978-3-658-27277-7"},{"key":"27_CR27","unstructured":"Arnao, M.O.: Investigaci\u00f3n formativa y competencia comunicativa en Educaci\u00f3n Superior. [Tesis Doctoral]. Universidad de M\u00e1laga (2015)"}],"container-title":["Communications in Computer and Information Science","Advanced Research in Technologies, Information, Innovation and Sustainability"],"original-title":[],"language":"en","link":[{"URL":"https:\/\/link.springer.com\/content\/pdf\/10.1007\/978-3-032-16848-1_27","content-type":"unspecified","content-version":"vor","intended-application":"similarity-checking"}],"deposited":{"date-parts":[[2026,3,6]],"date-time":"2026-03-06T13:05:56Z","timestamp":1772802356000},"score":1,"resource":{"primary":{"URL":"https:\/\/link.springer.com\/10.1007\/978-3-032-16848-1_27"}},"subtitle":[],"short-title":[],"issued":{"date-parts":[[2026]]},"ISBN":["9783032168474","9783032168481"],"references-count":27,"URL":"https:\/\/doi.org\/10.1007\/978-3-032-16848-1_27","relation":{},"ISSN":["1865-0929","1865-0937"],"issn-type":[{"value":"1865-0929","type":"print"},{"value":"1865-0937","type":"electronic"}],"subject":[],"published":{"date-parts":[[2026]]},"assertion":[{"value":"1 April 2026","order":1,"name":"first_online","label":"First Online","group":{"name":"ChapterHistory","label":"Chapter History"}},{"value":"ARTIIS","order":1,"name":"conference_acronym","label":"Conference Acronym","group":{"name":"ConferenceInfo","label":"Conference Information"}},{"value":"International Conference on Advanced Research in Technologies, Information, Innovation and Sustainability","order":2,"name":"conference_name","label":"Conference Name","group":{"name":"ConferenceInfo","label":"Conference Information"}},{"value":"Cartagena de Indias","order":3,"name":"conference_city","label":"Conference City","group":{"name":"ConferenceInfo","label":"Conference Information"}},{"value":"Colombia","order":4,"name":"conference_country","label":"Conference Country","group":{"name":"ConferenceInfo","label":"Conference Information"}},{"value":"2025","order":5,"name":"conference_year","label":"Conference Year","group":{"name":"ConferenceInfo","label":"Conference Information"}},{"value":"21 October 2025","order":7,"name":"conference_start_date","label":"Conference Start Date","group":{"name":"ConferenceInfo","label":"Conference Information"}},{"value":"23 October 2025","order":8,"name":"conference_end_date","label":"Conference End Date","group":{"name":"ConferenceInfo","label":"Conference Information"}},{"value":"5","order":9,"name":"conference_number","label":"Conference Number","group":{"name":"ConferenceInfo","label":"Conference Information"}},{"value":"artiis2025","order":10,"name":"conference_id","label":"Conference ID","group":{"name":"ConferenceInfo","label":"Conference Information"}},{"value":"https:\/\/artiis.org","order":11,"name":"conference_url","label":"Conference URL","group":{"name":"ConferenceInfo","label":"Conference Information"}}]}}

Patricia González

Martínez de Sousa, J.: Diccionario de redacción y estilo. Ediciones Trea. (2003)

MV Reyzábal

Reyzábal, M.V.: Competencias comunicativas y lingüísticas en la educación superior. Revista de Educación 358, 45–67 (2012)

Revista de Educación

Castillo Sánchez, S., y Mayo, S.: El lenguaje inclusivo como “norma” de empatía e identidad: reflexiones entre docentes y futures profesores. Literatura y lingüística (40), 377–391 (2019) https://doi.org/10.29344/0717621x.40.2072

Navarro, M., Pérez, L., Gómez, R.: Claridad comunicativa en la docencia universitaria. Revista Iberoamericana de Educación 85(1), 34–50 (2021)

Revista Iberoamericana de Educación

Chiarino, N., Altamirano, C., Curione, K., Huertas, J.A.: Percepciones de estudiantes y docentes sobre el clima motivacional en clases universitarias mediadas por tecnología. Revista Digital de Investigación en Docencia Universitaria 18(2), e1946. (2024). Epub.https://doi.org/10.19083/ridu.2024.1946

Franganillo, J., y García-Asensio, M.ª Á.: La claridad como derecho: la aporta-ción de la norma ISO 24495-1 hacia el lenguaje claro”. Anuario ThinkEPI, vol. 18, p. e18e09 (2024). https://doi.org/10.3145/thinkepi.2024.e18a09

Gordillo, A., Flórez, M.D.P.. Los niveles de comprensión lectora: hacia una enunciación investigativa y reflexiva para mejorar la comprensión lectora en estudiantes universitarios. Actualidades pedagógicas (53), 95–107 (2009)

O García

García, O., Wei, L.: Translanguaging: language. Palgrave Macmillan, Bilingualism and Education (2014)

Ircañaupa, E.C., Murillo, R.O.: Competencias comunicativas en la educación. Horizontes Revista de Investigación en Ciencias de la Educación, 8(32), 417–430 (2024). https://doi.org/10.33996/revistahorizontes.v8i32.733

Gonzales, V., et al.: Estrategias didácticas para mejorar la comprensión lectora en los estudiantes de secundaria. Universidad, Ciencia y Tecnología, 29(especial), 273–282 (2025). https://doi.org/10.47460/uct.v29ispecial.932

AM Rodríguez García

Rodríguez García, A.M., Hinojo Lucena, M.A., Ágreda Montoro, M.: Análisis del uso de vídeo-tutoriales como herramienta de inclusión educativa. PUBLICACIONES 47, 13–35 (2017)

Villalobos, S., et al.: Dominio del proceso de redacción académica en estudiantes universitarios. Mendive. Revista de Educación 22(2) (2024)

González, M.A., Rodríguez, J.A.: Rendimiento y calificación, dos aspectos problemáticos de la evaluación en la universidad. Revista Virtual Universidad Católica del Norte (30), 1–17 (2010). https://www.redalyc.org/articulo.oa?id=194215432006

Bos, W., Lankes, E.-M.. Empirische Bildungsforschung: Eine elementare Einführung (2nd ed.). Springer. https://doi.org/10.1007/978-3-658-27277-7 (2023)

Arnao, M.O.: Investigación formativa y competencia comunicativa en Educación Superior. [Tesis Doctoral]. Universidad de Málaga (2015)
