{"status":"ok","message-type":"work","message-version":"1.0.0","message":{"indexed":{"date-parts":[[2026,2,17]],"date-time":"2026-02-17T19:09:17Z","timestamp":1771355357871,"version":"3.50.1"},"publisher-location":"Cham","reference-count":26,"publisher":"Springer Nature Switzerland","isbn-type":[{"value":"9783032172716","type":"print"},{"value":"9783032172723","type":"electronic"}],"license":[{"start":{"date-parts":[[2026,1,1]],"date-time":"2026-01-01T00:00:00Z","timestamp":1767225600000},"content-version":"tdm","delay-in-days":0,"URL":"https:\/\/www.springernature.com\/gp\/researchers\/text-and-data-mining"},{"start":{"date-parts":[[2026,1,1]],"date-time":"2026-01-01T00:00:00Z","timestamp":1767225600000},"content-version":"vor","delay-in-days":0,"URL":"https:\/\/www.springernature.com\/gp\/researchers\/text-and-data-mining"}],"content-domain":{"domain":["link.springer.com"],"crossmark-restriction":false},"short-container-title":[],"published-print":{"date-parts":[[2026]]},"DOI":"10.1007\/978-3-032-17272-3_15","type":"book-chapter","created":{"date-parts":[[2026,2,17]],"date-time":"2026-02-17T18:13:54Z","timestamp":1771352034000},"page":"180-191","update-policy":"https:\/\/doi.org\/10.1007\/springer_crossmark_policy","source":"Crossref","is-referenced-by-count":0,"title":["Beyond AI-literacy. Growing Up with an Artificial Lifetime Compeer (ALC)"],"prefix":"10.1007","author":[{"ORCID":"https:\/\/orcid.org\/0000-0002-3502-434X","authenticated-orcid":false,"given":"Laszlo Z.","family":"Karvalics","sequence":"first","affiliation":[]}],"member":"297","published-online":{"date-parts":[[2026,2,18]]},"reference":[{"key":"15_CR1","doi-asserted-by":"crossref","unstructured":"Licklider, J.C.R.: Man-computer symbiosis. IRE Transactions on Human Factors in Electronics, March, 4\u201311 (1960)","DOI":"10.1109\/THFE2.1960.4503259"},{"key":"15_CR2","unstructured":"Cybersymbiosis. https:\/\/cybersymbiosis.com\/"},{"issue":"1","key":"15_CR3","first-page":"1","volume":"E85-A","author":"N Lesh","year":"2002","unstructured":"Lesh, N., et al.: Man-computer symbiosis\u2019 revisited: Achieving natural communication and collaboration with computers. IEICE Trans. Inf. Syst. E85-A(1), 1\u20139 (2002)","journal-title":"IEICE Trans. Inf. Syst."},{"key":"15_CR4","unstructured":"Foster, I.: Human-machine symbiosis, 50 Years On. ArXiv. (2007, December 13) https:\/\/arxiv.org\/abs\/0712.2255"},{"key":"15_CR5","doi-asserted-by":"publisher","unstructured":"Case, N.: How to become a centaur? J. Des. Sci. 3.5 (2018). https:\/\/doi.org\/10.21428\/61b2215c","DOI":"10.21428\/61b2215c"},{"issue":"9","key":"15_CR6","doi-asserted-by":"publisher","first-page":"1759","DOI":"10.1080\/1369118X.2024.2311243","volume":"27","author":"S Maalsen","year":"2024","unstructured":"Maalsen, S.: Home in cybersymbiosis: Making home with digital oddkin Information. Commun. Soc. 27(9), 1759\u20131775 (2024). https:\/\/doi.org\/10.1080\/1369118X.2024.2311243","journal-title":"Commun. Soc."},{"key":"15_CR7","unstructured":"Tsukayama, H.: Mattel scraps Aristotle, a kid-focused AI device that sparked health and privacy worries. Los Angeles Times (2017, October 5). https:\/\/www.latimes.com\/business\/la-fi-mattel-aristotle-20171005-story.html"},{"key":"15_CR8","volume-title":"The man who tried to clone himself","author":"M Abrahams","year":"2006","unstructured":"Abrahams, M.: The man who tried to clone himself. Plume Books (2006)"},{"key":"15_CR9","unstructured":"Shariatmadari, D.: \u2018I hope I\u2019m wrong\u2019: The co-founder of DeepMind on how AI threatens to reshape life as we know (an interview with Mustafa Suleyman). The Guardian. (2023, September 2) https:\/\/www.theguardian.com\/books\/2023\/sep\/02\/i-hope-im-wrong-the-co-founder-of-deepmind-on-how-ai-threatens-to-reshape-life-as-we-know-it"},{"issue":"1","key":"15_CR10","doi-asserted-by":"publisher","first-page":"1","DOI":"10.4018\/IJACI.2016010103","volume":"7","author":"LM Ang","year":"2016","unstructured":"Ang, L.M.: Information communication assistive technologies for visually impaired people. Int. J. Ambient Comput. Intell. 7(1), 1\u201324 (2016)","journal-title":"Int. J. Ambient Comput. Intell."},{"issue":"2","key":"15_CR11","first-page":"1","volume":"12","author":"G Hossain","year":"2017","unstructured":"Hossain, G.: Design analytics of complex communication systems involving two different sensory disabilities. Int. J. Healthc. Inf. Syst. Inform. 12(2), 1\u201316 (2017)","journal-title":"Int. J. Healthc. Inf. Syst. Inform."},{"issue":"6","key":"15_CR12","doi-asserted-by":"publisher","first-page":"315","DOI":"10.3390\/info15060315","volume":"15","author":"G Bogdanova","year":"2024","unstructured":"Bogdanova, G., et al.: An ecosystem for the provision of digital accessibility for people with special needs. Information. 15(6), 315 (2024). https:\/\/doi.org\/10.3390\/info15060315","journal-title":"Information"},{"key":"15_CR13","unstructured":"Harrell, D.F.: AI can help shape society for the better \u2013 but humans and machines must work together. The Guardian. (2023, August 18) https:\/\/www.theguardian.com\/commentisfree\/2023\/aug\/18\/ai-society-humans-machines-culture-ethics"},{"key":"15_CR14","volume-title":"Improving Algorithmic Literacy in the UK to Support Young People\u2019s Wellbeing LSE Blog","author":"L Winstone","year":"2025","unstructured":"Winstone, L.: Improving Algorithmic Literacy in the UK to Support Young People\u2019s Wellbeing LSE Blog (2025, January 22). https:\/\/blogs.lse.ac.uk\/parenting4digitalfuture\/2025\/01\/22\/improving-algorithmic-literacy-in-the-uk-to-support-young-peoples-wellbeing\/"},{"key":"15_CR15","doi-asserted-by":"publisher","DOI":"10.1016\/j.caeai.2021.100041","volume":"2","author":"D Ng","year":"2021","unstructured":"Ng, D., et al.: Conceptualizing AI literacy: An exploratory review computers and education. Artif. Intell. 2, 100041 (2021). https:\/\/doi.org\/10.1016\/j.caeai.2021.100041","journal-title":"Artif. Intell."},{"key":"15_CR16","unstructured":"AI Literacy Framework. https:\/\/ailiteracyframework.org\/"},{"key":"15_CR17","unstructured":"Milberg, T.: Why AI literacy is now a core competency in education. World Economic Forum (2025)"},{"issue":"4","key":"15_CR18","doi-asserted-by":"publisher","first-page":"68","DOI":"10.4018\/IJMHCI.2016100104","volume":"8","author":"H Caltenco","year":"2016","unstructured":"Caltenco, H., et al.: Co-designing wearable technology together with visually impaired children. Int. J. Mob. Hum. Comput. Interact. 8(4), 68\u201384 (2016)","journal-title":"Int. J. Mob. Hum. Comput. Interact."},{"key":"15_CR19","doi-asserted-by":"publisher","DOI":"10.1353\/book.122809","volume-title":"How we can change AI\u2019s future and save our own","author":"Harding, V.: AI needs you.","year":"2024","unstructured":"Harding, V.: AI needs you.: How we can change AI\u2019s future and save our own. Princeton University Press, Princeton, Oxford (2024)"},{"issue":"1","key":"15_CR20","doi-asserted-by":"publisher","first-page":"7","DOI":"10.22503\/inftars.XII.2012.1.1","volume":"12","author":"Z Karvalics","year":"2012","unstructured":"Karvalics, Z., L.: Inform\u00e1ci\u00f3s kult\u00fara, inform\u00e1ci\u00f3s m\u0171velts\u00e9g \u2013 egy fogalomcsal\u00e1d \u00e9rtelme, terjedelme, tipol\u00f3gi\u00e1ja \u00e9s t\u00f6rt\u00e9nete (Information culture, information literacy \u2013 reason, size, tipology and history of a concept-family). Inform\u00e1ci\u00f3s T\u00e1rsadalom. 12(1), 7\u201343 (2012). https:\/\/doi.org\/10.22503\/inftars.XII.2012.1.1","journal-title":"Inform\u00e1ci\u00f3s T\u00e1rsadalom"},{"key":"15_CR21","doi-asserted-by":"publisher","DOI":"10.1155\/2022\/9479881","volume":"2022","author":"H Hao","year":"2022","unstructured":"Hao, H.: Analysis of ecological environment problems and countermeasures in ideological and political education in colleges and universities. J. Environ. Public Health. 2022, 9479881 (2022). https:\/\/doi.org\/10.1155\/2022\/9479881","journal-title":"J. Environ. Public Health"},{"key":"15_CR22","volume-title":"Radical information literacy: Reclaiming the political heart of the IL movement","author":"A Wh\u0131tworth","year":"2014","unstructured":"Wh\u0131tworth, A.: Radical information literacy: Reclaiming the political heart of the IL movement. Chandos Publishing (2014)"},{"key":"15_CR23","doi-asserted-by":"publisher","first-page":"2468","DOI":"10.1038\/s41467-020-15871-z","volume":"11","author":"N Toma\u0161ev","year":"2020","unstructured":"Toma\u0161ev, N., et al.: AI for social good: Unlocking the opportunity for positive impact. Nat. Commun. 11, 2468 (2020). https:\/\/doi.org\/10.1038\/s41467-020-15871-z","journal-title":"Nat. Commun."},{"key":"15_CR24","volume-title":"IMPROVING Lives and Protecting the Planet","author":"AI for social good","year":"2025","unstructured":"AI for social good: IMPROVING Lives and Protecting the Planet (2025). https:\/\/www.mckinsey.com\/capabilities\/quantumblack\/our-insights\/ai-for-social-good"},{"key":"15_CR25","unstructured":"Ji, J., et al.: AI alignment: A comprehensive survey. ArXiv. v6 (2025, April 4) arXiv:2310.19852"},{"key":"15_CR26","doi-asserted-by":"crossref","unstructured":"Russell, S.: Human compatible. Artificial Intelligence and the problem of control. Penguin (2020)","DOI":"10.1093\/oso\/9780198862536.003.0001"}],"container-title":["Communications in Computer and Information Science","Information Literacy in an AI-Driven World"],"original-title":[],"language":"en","link":[{"URL":"https:\/\/link.springer.com\/content\/pdf\/10.1007\/978-3-032-17272-3_15","content-type":"unspecified","content-version":"vor","intended-application":"similarity-checking"}],"deposited":{"date-parts":[[2026,2,17]],"date-time":"2026-02-17T18:13:56Z","timestamp":1771352036000},"score":1,"resource":{"primary":{"URL":"https:\/\/link.springer.com\/10.1007\/978-3-032-17272-3_15"}},"subtitle":[],"short-title":[],"issued":{"date-parts":[[2026]]},"ISBN":["9783032172716","9783032172723"],"references-count":26,"URL":"https:\/\/doi.org\/10.1007\/978-3-032-17272-3_15","relation":{},"ISSN":["1865-0929","1865-0937"],"issn-type":[{"value":"1865-0929","type":"print"},{"value":"1865-0937","type":"electronic"}],"subject":[],"published":{"date-parts":[[2026]]},"assertion":[{"value":"18 February 2026","order":1,"name":"first_online","label":"First Online","group":{"name":"ChapterHistory","label":"Chapter History"}},{"value":"ECIL","order":1,"name":"conference_acronym","label":"Conference Acronym","group":{"name":"ConferenceInfo","label":"Conference Information"}},{"value":"European Conference on Information Literacy","order":2,"name":"conference_name","label":"Conference Name","group":{"name":"ConferenceInfo","label":"Conference Information"}},{"value":"Bamberg","order":3,"name":"conference_city","label":"Conference City","group":{"name":"ConferenceInfo","label":"Conference Information"}},{"value":"Germany","order":4,"name":"conference_country","label":"Conference Country","group":{"name":"ConferenceInfo","label":"Conference Information"}},{"value":"2025","order":5,"name":"conference_year","label":"Conference Year","group":{"name":"ConferenceInfo","label":"Conference Information"}},{"value":"22 September 2025","order":7,"name":"conference_start_date","label":"Conference Start Date","group":{"name":"ConferenceInfo","label":"Conference Information"}},{"value":"25 September 2025","order":8,"name":"conference_end_date","label":"Conference End Date","group":{"name":"ConferenceInfo","label":"Conference Information"}},{"value":"9","order":9,"name":"conference_number","label":"Conference Number","group":{"name":"ConferenceInfo","label":"Conference Information"}},{"value":"ecil2025","order":10,"name":"conference_id","label":"Conference ID","group":{"name":"ConferenceInfo","label":"Conference Information"}},{"value":"https:\/\/ecil2025.ilconf.org\/","order":11,"name":"conference_url","label":"Conference URL","group":{"name":"ConferenceInfo","label":"Conference Information"}}]}}

Karvalics, Z., L.: Információs kultúra, információs műveltség – egy fogalomcsalád értelme, terjedelme, tipológiája és története (Information culture, information literacy – reason, size, tipology and history of a concept-family). Információs Társadalom. 12(1), 7–43 (2012). https://doi.org/10.22503/inftars.XII.2012.1.1

Információs Társadalom

A Whıtworth

Whıtworth, A.: Radical information literacy: Reclaiming the political heart of the IL movement. Chandos Publishing (2014)

N Tomašev

Tomašev, N., et al.: AI for social good: Unlocking the opportunity for positive impact. Nat. Commun. 11, 2468 (2020). https://doi.org/10.1038/s41467-020-15871-z
