{"status":"ok","message-type":"work","message-version":"1.0.0","message":{"indexed":{"date-parts":[[2026,2,17]],"date-time":"2026-02-17T19:09:31Z","timestamp":1771355371886,"version":"3.50.1"},"publisher-location":"Cham","reference-count":27,"publisher":"Springer Nature Switzerland","isbn-type":[{"value":"9783032172716","type":"print"},{"value":"9783032172723","type":"electronic"}],"license":[{"start":{"date-parts":[[2026,1,1]],"date-time":"2026-01-01T00:00:00Z","timestamp":1767225600000},"content-version":"tdm","delay-in-days":0,"URL":"https:\/\/www.springernature.com\/gp\/researchers\/text-and-data-mining"},{"start":{"date-parts":[[2026,1,1]],"date-time":"2026-01-01T00:00:00Z","timestamp":1767225600000},"content-version":"vor","delay-in-days":0,"URL":"https:\/\/www.springernature.com\/gp\/researchers\/text-and-data-mining"}],"content-domain":{"domain":["link.springer.com"],"crossmark-restriction":false},"short-container-title":[],"published-print":{"date-parts":[[2026]]},"DOI":"10.1007\/978-3-032-17272-3_27","type":"book-chapter","created":{"date-parts":[[2026,2,17]],"date-time":"2026-02-17T18:14:16Z","timestamp":1771352056000},"page":"327-342","update-policy":"https:\/\/doi.org\/10.1007\/springer_crossmark_policy","source":"Crossref","is-referenced-by-count":0,"title":["Information and Media Education (IME) in the Age of Generative Artificial Intelligence: Challenges and Perspectives"],"prefix":"10.1007","author":[{"ORCID":"https:\/\/orcid.org\/0000-0001-8376-0889","authenticated-orcid":false,"given":"Yolande","family":"Maury","sequence":"first","affiliation":[]}],"member":"297","published-online":{"date-parts":[[2026,2,18]]},"reference":[{"key":"27_CR1","volume-title":"Artificial Intelligence in Education: UNESCO Advances Key Competencies for Teachers and Learners","author":"UNESCO","year":"2025","unstructured":"UNESCO: Artificial Intelligence in Education: UNESCO Advances Key Competencies for Teachers and Learners. United Nations Educational, Scientific and Cultural Organization, Paris (2025) https:\/\/unesdoc.unesco.org\/ark:\/48223\/pf0000391105"},{"key":"27_CR2","volume-title":"Recommendation on the Ethics of Artificial Intelligence","author":"UNESCO","year":"2022","unstructured":"UNESCO: Recommendation on the Ethics of Artificial Intelligence. United Nations Educational, Scientific and Cultural Organization, Paris (2022) https:\/\/unesdoc.unesco.org\/ark:\/48223\/pf0000381137"},{"issue":"1","key":"27_CR3","first-page":"1","volume":"23","author":"T Trust","year":"2023","unstructured":"Trust, T., Whalen, J., Mouza, C.: Editorial: ChatGPT: Challenges, opportunities, and implications for teacher education. Contemp. Issues Technol. Teach. Educ. 23(1), 1\u201323 (2023) https:\/\/citejournal.org\/wp-content\/uploads\/2023\/02\/v23i1editorial1.pdf","journal-title":"Contemp. Issues Technol. Teach. Educ."},{"key":"27_CR4","doi-asserted-by":"publisher","first-page":"52","DOI":"10.1007\/978-3-031-53001-2_5","volume-title":"Information Experience and Information Literacy. Communications in Computer and Information Science","author":"M Flierl","year":"2024","unstructured":"Flierl, M.: Artificial intelligence and information literacy: Hazards and opportunities. In: Kurbano\u011flu, S., et al. (eds.) Information Experience and Information Literacy. Communications in Computer and Information Science, vol. 2042, pp. 52\u201363. Springer, Krak\u00f3w (2024). https:\/\/doi.org\/10.1007\/978-3-031-53001-2_5"},{"key":"27_CR5","first-page":"143","volume":"14","author":"Y Maury","year":"2017","unstructured":"Maury, Y.: Education \u00e0 et litt\u00e9ratie. Introduction. Les Cahiers de la SFSIC. 14, 143\u2013147 (2017) https:\/\/cahiers.sfsic.org\/sfsic\/index.php?id=236","journal-title":"Les Cahiers de la SFSIC"},{"issue":"2","key":"27_CR6","doi-asserted-by":"publisher","DOI":"10.3390\/educsci14020172","volume":"14","author":"F Kalota","year":"2024","unstructured":"Kalota, F.: A primer on generative artificial \u0131ntelligence. Education Sciences. 14(2), 172 (2024). https:\/\/doi.org\/10.3390\/educsci14020172","journal-title":"Education Sciences"},{"key":"27_CR7","unstructured":"Mills, K., Ruiz, P. & Lee, K.W.: AI literacy framework for learners and educators. Digital Promise. https:\/\/digitalpromise.org\/2024\/02\/21\/revealing-an-ai-literacy-framework-for-learners-and-educators (2024). Accessed 29 Jan 2026"},{"key":"27_CR8","doi-asserted-by":"publisher","DOI":"10.4324\/9781003163237","volume-title":"Paradoxes of Media and Information Literacy","author":"J Haider","year":"2022","unstructured":"Haider, J., Sundin, O.: Paradoxes of Media and Information Literacy. Routledge, London (2022)"},{"issue":"1","key":"27_CR9","doi-asserted-by":"publisher","DOI":"10.3390\/soc15010006","volume":"15","author":"M Gerlich","year":"2025","unstructured":"Gerlich, M.: AI tools in society: impacts on cognitive offloading and the future of critical thinking. Societies. 15(1), 6 (2025). https:\/\/doi.org\/10.3390\/soc15010006","journal-title":"Societies"},{"key":"27_CR10","volume-title":"The Shallows: What the Internet is Doing to our Brains (Updated)","author":"N Carr","year":"2020","unstructured":"Carr, N.: The Shallows: What the Internet is Doing to our Brains (Updated). W.W. Norton & Company, New York (2020)"},{"issue":"59","key":"27_CR11","doi-asserted-by":"publisher","first-page":"163","DOI":"10.24140\/issn.1645-7250.rle59.10","volume":"59","author":"K Mahmoudi","year":"2023","unstructured":"Mahmoudi, K.: La formule \u00abformer l\u2019esprit critique\u00bb: Signes et figures de l\u2019autorit\u00e9 dans les discours institutionnels. Revista Lus\u00f3fona de Educa\u00e7\u00e3o. 59(59), 163\u2013176 (2023) https:\/\/revistas.ulusofona.pt\/index.php\/rleducacao\/article\/view\/8829","journal-title":"Revista Lus\u00f3fona de Educa\u00e7\u00e3o"},{"key":"27_CR12","doi-asserted-by":"publisher","first-page":"51","DOI":"10.3917\/spir.066.0051","volume":"66","author":"K Mahmoudi","year":"2020","unstructured":"Mahmoudi, K.: Esprit critique et pouvoir d\u2019agir. Vers le d\u00e9veloppement d\u2019une \u00ab attitude critique \u00bb ? Spirale - Revue de Recherches en \u00c9ducation. 66, 51\u201363 (2020). https:\/\/doi.org\/10.3917\/spir.066.0051","journal-title":"Spirale - Revue de Recherches en \u00c9ducation"},{"key":"27_CR13","doi-asserted-by":"publisher","first-page":"31","DOI":"10.1057\/9781137378057_2","volume-title":"The Palgrave Handbook of Critical Thinking in Higher Education","author":"RH Ennis","year":"2015","unstructured":"Ennis, R.H.: Critical thinking: A streamlined conception. In: Davies, M., Barnett, R. (eds.) The Palgrave Handbook of Critical Thinking in Higher Education, pp. 31\u201347. Palgrave Macmillan US, New York (2015)"},{"issue":"4","key":"27_CR14","first-page":"1","volume":"24","author":"H Hollis","year":"2019","unstructured":"Hollis, H.: Information literacy and critical thinking: different concepts, shared conceptions. Proceedings of the Tenth International Conference on Conceptions of Library and Information Science, Information Research. 24(4), 1\u201312 (2019) http:\/\/www.informationr.net\/ir\/24-4\/colis\/colis1921.html","journal-title":"Proceedings of the Tenth International Conference on Conceptions of Library and Information Science, Information Research"},{"key":"27_CR15","unstructured":"Mahmoudi, K.: Formes et formule \u00ab Former l'esprit critique \u00bb. Des discours sur l'esprit critique \u00e0 la fonction critique de la culture informationnelle. Doctorat en Sciences de l'information et de la communication. Lille, France: Universit\u00e9 de Lille (2022). https:\/\/theses.hal.science\/tel-03948557"},{"key":"27_CR16","volume-title":"User Empowerment Through Media and Information Literacy Responses to the Evolution of Generative Artificial Intelligence (GAI)","author":"D Frau-Meigs","year":"2024","unstructured":"Frau-Meigs, D.: User Empowerment Through Media and Information Literacy Responses to the Evolution of Generative Artificial Intelligence (GAI). UNESCO, Paris (2024) https:\/\/unesdoc.unesco.org\/ark:\/48223\/pf0000388547"},{"key":"27_CR17","volume-title":"M\u00e9diation et nouveaux usages sociaux et \u00e9ducatifs de l\u2019information","author":"A Segui Entraygues","year":"2024","unstructured":"Segui Entraygues, A.: Quand les pratiques juv\u00e9niles de l\u2019intelligence artificielle renforcent la n\u00e9cessit\u00e9 de m\u00e9diation documentaire: quel r\u00f4le pour l\u2019EMI ? In: M\u00e9diation et nouveaux usages sociaux et \u00e9ducatifs de l\u2019information. Colloque MUSSI, Toulouse (2024) https:\/\/hal.science\/hal-04831417v1"},{"key":"27_CR18","volume-title":"EUTIC 2024, G\u00e9n\u00e9rations num\u00e9riques: complexit\u00e9, controverses, et d\u00e9fis","author":"C Capelle","year":"2024","unstructured":"Capelle, C.: Litt\u00e9ratie des donn\u00e9es et intelligence artificielle: quelle traduction des politiques publiques dans l\u2019offre de formation des enseignants ? In: EUTIC 2024, G\u00e9n\u00e9rations num\u00e9riques: complexit\u00e9, controverses, et d\u00e9fis. Universit\u00e9 de la Laguna, T\u00e9n\u00e9rife, \u00celes Canaries (2024) https:\/\/hal.science\/hal-04748083\/document"},{"key":"27_CR19","unstructured":"Conseil Sup\u00e9rieur des Programmes. Socle commun de connaissances, de comp\u00e9tences et de culture. Paris: Minist\u00e8re de l\u2019\u00c9ducation nationale, de l\u2019Enseignement sup\u00e9rieur et de la Recherche (avril 2025). https:\/\/www.s2de.fr\/2025\/04\/le-nouveau-socle-commun-de-connaissances-de-competences-et-de-culture\/"},{"key":"27_CR20","volume-title":"Armer chacun dans la guerre de l'information","author":"S Leleu-Merviel","year":"2023","unstructured":"Leleu-Merviel, S., Spillebout, V.: Armer chacun dans la guerre de l'information. Etat d'urgence. Rapport, Assembl\u00e9e Nationale, Commission des affaires culturelles et de l'\u00e9ducation, Paris (2023) https:\/\/hal.science\/hal-04072759v1"},{"key":"27_CR21","first-page":"7","volume":"20","author":"Y Maury","year":"2018","unstructured":"Maury, Y.: La nouvelle circulaire de missions des professeurs documentalistes: du choix des mots \u00e0 l\u2019ordre des priorit\u00e9s, essai de d\u00e9cryptage. M\u00e9diadoc. 20, 7\u201315 (2018) https:\/\/archivesic.ccsd.cnrs.fr\/sic_03095906\/document","journal-title":"M\u00e9diadoc"},{"key":"27_CR22","volume-title":"Enseigner et apprendre avec la recherche: les groupes th\u00e9matiques num\u00e9riques (GTnum)","author":"Eduscol","year":"2024","unstructured":"Eduscol: Enseigner et apprendre avec la recherche: les groupes th\u00e9matiques num\u00e9riques (GTnum). Eduscol, Paris (2024) https:\/\/eduscol.education.fr\/2174\/enseigner-et-apprendre-avec-la-recherche-les-groupes-thematiques-numeriques-gtnum"},{"key":"27_CR23","volume-title":"R\u00e9sultats de l\u2019enqu\u00eate enseignants \u00e9l\u00e8ves sur les usages et non-usages des IAG dans la R\u00e9gion acad\u00e9mique Grand-Est","author":"M Trestini","year":"2025","unstructured":"Trestini, M., et al.: R\u00e9sultats de l\u2019enqu\u00eate enseignants \u00e9l\u00e8ves sur les usages et non-usages des IAG dans la R\u00e9gion acad\u00e9mique Grand-Est. GTnum IA2GE de la Direction du num\u00e9rique \u00e9ducatif du MENESR, Paris (2025) https:\/\/hal.science\/hal-05062217\/document"},{"key":"27_CR24","volume-title":"Intelligence artificielle au service de l'\u00e9ducation: des mesures ambitieuses pour accompagner les usages des \u00e9l\u00e8ves et des professeurs","author":"Minist\u00e8re de l\u2019\u00c9ducation nationale, de l\u2019Enseignement sup\u00e9rieur et de la Recherche","year":"2025","unstructured":"Minist\u00e8re de l\u2019\u00c9ducation nationale, de l\u2019Enseignement sup\u00e9rieur et de la Recherche: Intelligence artificielle au service de l'\u00e9ducation: des mesures ambitieuses pour accompagner les usages des \u00e9l\u00e8ves et des professeurs. Minist\u00e8re de l'\u00c9ducation nationale, de l\u2019Enseignement sup\u00e9rieur et de la Recherche, Paris (2025) https:\/\/www.education.gouv.fr\/intelligence-artificielle-au-service-de-l-education-des-mesures-ambitieuses-pour-accompagner-les-416551"},{"issue":"4","key":"27_CR25","doi-asserted-by":"publisher","first-page":"589","DOI":"10.1080\/2159676X.2019.1628806","volume":"11","author":"V Braun","year":"2019","unstructured":"Braun, V., Clarke, V.: Reflecting on reflexive thematic analysis. Qual. Res. Sport, Exerc. Health. 11(4), 589\u2013597 (2019). https:\/\/doi.org\/10.1080\/2159676X.2019.1628806","journal-title":"Qual. Res. Sport, Exerc. Health"},{"issue":"1","key":"27_CR26","doi-asserted-by":"publisher","first-page":"92","DOI":"10.1080\/10646175.2018.1439423","volume":"30","author":"B Lawless","year":"2019","unstructured":"Lawless, B., Chen, Y.-W.: Developing a method of critical thematic analysis for qualitative communication inquiry. Howard J. Commun. 30(1), 92\u2013106 (2019). https:\/\/doi.org\/10.1080\/10646175.2018.1439423","journal-title":"Howard J. Commun."},{"key":"27_CR27","unstructured":"Bronner, G.: Les lumi\u00e8res \u00e0 \u013e\u00e8re num\u00e9rique. (janvier 2022). Paris: Rapport remis au Pr\u00e9sident de la R\u00e9publique. https:\/\/www.elysee.fr\/admin\/upload\/default\/0001\/12\/127ff0d2978ad3ebf10be0881ccf87573fc0ec11.pdf"}],"container-title":["Communications in Computer and Information Science","Information Literacy in an AI-Driven World"],"original-title":[],"language":"en","link":[{"URL":"https:\/\/link.springer.com\/content\/pdf\/10.1007\/978-3-032-17272-3_27","content-type":"unspecified","content-version":"vor","intended-application":"similarity-checking"}],"deposited":{"date-parts":[[2026,2,17]],"date-time":"2026-02-17T18:14:19Z","timestamp":1771352059000},"score":1,"resource":{"primary":{"URL":"https:\/\/link.springer.com\/10.1007\/978-3-032-17272-3_27"}},"subtitle":[],"short-title":[],"issued":{"date-parts":[[2026]]},"ISBN":["9783032172716","9783032172723"],"references-count":27,"URL":"https:\/\/doi.org\/10.1007\/978-3-032-17272-3_27","relation":{},"ISSN":["1865-0929","1865-0937"],"issn-type":[{"value":"1865-0929","type":"print"},{"value":"1865-0937","type":"electronic"}],"subject":[],"published":{"date-parts":[[2026]]},"assertion":[{"value":"18 February 2026","order":1,"name":"first_online","label":"First Online","group":{"name":"ChapterHistory","label":"Chapter History"}},{"value":"ECIL","order":1,"name":"conference_acronym","label":"Conference Acronym","group":{"name":"ConferenceInfo","label":"Conference Information"}},{"value":"European Conference on Information Literacy","order":2,"name":"conference_name","label":"Conference Name","group":{"name":"ConferenceInfo","label":"Conference Information"}},{"value":"Bamberg","order":3,"name":"conference_city","label":"Conference City","group":{"name":"ConferenceInfo","label":"Conference Information"}},{"value":"Germany","order":4,"name":"conference_country","label":"Conference Country","group":{"name":"ConferenceInfo","label":"Conference Information"}},{"value":"2025","order":5,"name":"conference_year","label":"Conference Year","group":{"name":"ConferenceInfo","label":"Conference Information"}},{"value":"22 September 2025","order":7,"name":"conference_start_date","label":"Conference Start Date","group":{"name":"ConferenceInfo","label":"Conference Information"}},{"value":"25 September 2025","order":8,"name":"conference_end_date","label":"Conference End Date","group":{"name":"ConferenceInfo","label":"Conference Information"}},{"value":"9","order":9,"name":"conference_number","label":"Conference Number","group":{"name":"ConferenceInfo","label":"Conference Information"}},{"value":"ecil2025","order":10,"name":"conference_id","label":"Conference ID","group":{"name":"ConferenceInfo","label":"Conference Information"}},{"value":"https:\/\/ecil2025.ilconf.org\/","order":11,"name":"conference_url","label":"Conference URL","group":{"name":"ConferenceInfo","label":"Conference Information"}}]}}

Flierl, M.: Artificial intelligence and information literacy: Hazards and opportunities. In: Kurbanoğlu, S., et al. (eds.) Information Experience and Information Literacy. Communications in Computer and Information Science, vol. 2042, pp. 52–63. Springer, Kraków (2024). https://doi.org/10.1007/978-3-031-53001-2_5

Maury, Y.: Education à et littératie. Introduction. Les Cahiers de la SFSIC. 14, 143–147 (2017) https://cahiers.sfsic.org/sfsic/index.php?id=236

Kalota, F.: A primer on generative artificial ıntelligence. Education Sciences. 14(2), 172 (2024). https://doi.org/10.3390/educsci14020172

Mahmoudi, K.: La formule «former l’esprit critique»: Signes et figures de l’autorité dans les discours institutionnels. Revista Lusófona de Educação. 59(59), 163–176 (2023) https://revistas.ulusofona.pt/index.php/rleducacao/article/view/8829

Revista Lusófona de Educação

Mahmoudi, K.: Esprit critique et pouvoir d’agir. Vers le développement d’une « attitude critique » ? Spirale - Revue de Recherches en Éducation. 66, 51–63 (2020). https://doi.org/10.3917/spir.066.0051

Spirale - Revue de Recherches en Éducation

Mahmoudi, K.: Formes et formule « Former l'esprit critique ». Des discours sur l'esprit critique à la fonction critique de la culture informationnelle. Doctorat en Sciences de l'information et de la communication. Lille, France: Université de Lille (2022). https://theses.hal.science/tel-03948557

Médiation et nouveaux usages sociaux et éducatifs de l’information

Segui Entraygues, A.: Quand les pratiques juvéniles de l’intelligence artificielle renforcent la nécessité de médiation documentaire: quel rôle pour l’EMI ? In: Médiation et nouveaux usages sociaux et éducatifs de l’information. Colloque MUSSI, Toulouse (2024) https://hal.science/hal-04831417v1

EUTIC 2024, Générations numériques: complexité, controverses, et défis

Capelle, C.: Littératie des données et intelligence artificielle: quelle traduction des politiques publiques dans l’offre de formation des enseignants ? In: EUTIC 2024, Générations numériques: complexité, controverses, et défis. Université de la Laguna, Ténérife, Îles Canaries (2024) https://hal.science/hal-04748083/document

Conseil Supérieur des Programmes. Socle commun de connaissances, de compétences et de culture. Paris: Ministère de l’Éducation nationale, de l’Enseignement supérieur et de la Recherche (avril 2025). https://www.s2de.fr/2025/04/le-nouveau-socle-commun-de-connaissances-de-competences-et-de-culture/

Leleu-Merviel, S., Spillebout, V.: Armer chacun dans la guerre de l'information. Etat d'urgence. Rapport, Assemblée Nationale, Commission des affaires culturelles et de l'éducation, Paris (2023) https://hal.science/hal-04072759v1

Maury, Y.: La nouvelle circulaire de missions des professeurs documentalistes: du choix des mots à l’ordre des priorités, essai de décryptage. Médiadoc. 20, 7–15 (2018) https://archivesic.ccsd.cnrs.fr/sic_03095906/document

Médiadoc

Enseigner et apprendre avec la recherche: les groupes thématiques numériques (GTnum)

Eduscol: Enseigner et apprendre avec la recherche: les groupes thématiques numériques (GTnum). Eduscol, Paris (2024) https://eduscol.education.fr/2174/enseigner-et-apprendre-avec-la-recherche-les-groupes-thematiques-numeriques-gtnum

Résultats de l’enquête enseignants élèves sur les usages et non-usages des IAG dans la Région académique Grand-Est

Trestini, M., et al.: Résultats de l’enquête enseignants élèves sur les usages et non-usages des IAG dans la Région académique Grand-Est. GTnum IA2GE de la Direction du numérique éducatif du MENESR, Paris (2025) https://hal.science/hal-05062217/document

Intelligence artificielle au service de l'éducation: des mesures ambitieuses pour accompagner les usages des élèves et des professeurs

Ministère de l’Éducation nationale, de l’Enseignement supérieur et de la Recherche

Ministère de l’Éducation nationale, de l’Enseignement supérieur et de la Recherche: Intelligence artificielle au service de l'éducation: des mesures ambitieuses pour accompagner les usages des élèves et des professeurs. Ministère de l'Éducation nationale, de l’Enseignement supérieur et de la Recherche, Paris (2025) https://www.education.gouv.fr/intelligence-artificielle-au-service-de-l-education-des-mesures-ambitieuses-pour-accompagner-les-416551

Bronner, G.: Les lumières à ľère numérique. (janvier 2022). Paris: Rapport remis au Président de la République. https://www.elysee.fr/admin/upload/default/0001/12/127ff0d2978ad3ebf10be0881ccf87573fc0ec11.pdf
