{"status":"ok","message-type":"work","message-version":"1.0.0","message":{"indexed":{"date-parts":[[2025,3,25]],"date-time":"2025-03-25T14:10:29Z","timestamp":1742911829936,"version":"3.40.3"},"publisher-location":"Cham","reference-count":11,"publisher":"Springer International Publishing","isbn-type":[{"type":"print","value":"9783319005508"},{"type":"electronic","value":"9783319005515"}],"license":[{"start":{"date-parts":[[2013,1,1]],"date-time":"2013-01-01T00:00:00Z","timestamp":1356998400000},"content-version":"tdm","delay-in-days":0,"URL":"http:\/\/www.springer.com\/tdm"}],"content-domain":{"domain":[],"crossmark-restriction":false},"short-container-title":[],"published-print":{"date-parts":[[2013]]},"DOI":"10.1007\/978-3-319-00551-5_75","type":"book-chapter","created":{"date-parts":[[2013,4,30]],"date-time":"2013-04-30T20:23:36Z","timestamp":1367353416000},"page":"633-640","source":"Crossref","is-referenced-by-count":0,"title":["Cloud-Based Platform to Labor Integration of Deaf People"],"prefix":"10.1007","author":[{"given":"Amparo","family":"Jim\u00e9nez","sequence":"first","affiliation":[],"role":[{"role":"author","vocabulary":"crossref"}]},{"given":"Amparo","family":"Casado","sequence":"additional","affiliation":[],"role":[{"role":"author","vocabulary":"crossref"}]},{"given":"Javier","family":"Bajo","sequence":"additional","affiliation":[],"role":[{"role":"author","vocabulary":"crossref"}]},{"given":"Fernando","family":"De la Prieta","sequence":"additional","affiliation":[],"role":[{"role":"author","vocabulary":"crossref"}]},{"given":"Juan Francisco","family":"De Paz","sequence":"additional","affiliation":[],"role":[{"role":"author","vocabulary":"crossref"}]}],"member":"297","reference":[{"volume-title":"La sordera. Un enfoque socio-familiar","year":"1999","key":"75_CR1","unstructured":"Calvo Prieto, J.C. (ed.): La sordera. Un enfoque socio-familiar. Amar\u00fa Ediciones, Salamanca (1999)"},{"key":"75_CR2","unstructured":"CNSE. Las personas sordas en Espa\u00f1a. Situaci\u00f3n actual. Necesidades y demandas. Confederaci\u00f3n Nacional de Sordos de Espa\u00f1a, Madrid (1996)"},{"key":"75_CR3","unstructured":"CNSE. Retos para el siglo XXI: Resoluciones del II Congreso de la Confederaci\u00f3n de Sordos de Espa\u00f1a. Confederaci\u00f3n Nacional de Sordos de Espa\u00f1a, Madrid (1998)"},{"key":"75_CR4","unstructured":"FESORCV. Minguet, A. (Coord.): Rasgos sociol\u00f3gicos y culturales de las personas sordas: una aproximaci\u00f3n a la situaci\u00f3n del colectivo de Personas Sordas en la Comunidad Valenciana. Federaci\u00f3n de Personas Sordas de la Comunidad Valenciana (FESORD C.V.), Valencia (2001)"},{"key":"75_CR5","unstructured":"FIAPAS. J\u00e1udenes (Coord.): Manual B\u00e1sico de Formaci\u00f3n Especializada sobre Discapacidad Auditiva. Confederaci\u00f3n Espa\u00f1ola de Padres y Amigos de los Sordos, Madrid (2004)"},{"key":"75_CR6","unstructured":"Levy-Leboner, C.: Gesti\u00f3n de competencias. Gesti\u00f3n 2000, Barcelona (1997)"},{"key":"75_CR7","unstructured":"Ley 5\/2002, de 19 de junio de las Cualificaciones y de la Formaci\u00f3n Profesional. Madrid: BOE del 20 de junio de (2002)"},{"issue":"3","key":"75_CR8","doi-asserted-by":"publisher","first-page":"94","DOI":"10.1038\/scientificamerican0991-94","volume":"265","author":"M. Weiser","year":"1991","unstructured":"Weiser, M.: The computer for the 21st century. Scientific American\u00a0265(3), 94\u2013104 (1991)","journal-title":"Scientific American"},{"key":"75_CR9","doi-asserted-by":"crossref","unstructured":"Reynolds, D.A.: An overview of automatic speaker recognition technology. In: 2002 IEEE International Conference on Acoustics, Speech, and Signal Processing (ICASSP), vol.\u00a04, pp. 4072\u20134075 (2002)","DOI":"10.1109\/ICASSP.2002.5745552"},{"key":"75_CR10","doi-asserted-by":"crossref","unstructured":"Mell, P., Grance, T.: The NIST definition of Cloud Computing. NIST Special Publication 800-145 (September 2011)","DOI":"10.6028\/NIST.SP.800-145"},{"issue":"4","key":"75_CR11","doi-asserted-by":"publisher","first-page":"277","DOI":"10.1007\/s13748-012-0031-9","volume":"1","author":"S. Heras","year":"2012","unstructured":"Heras, S., De la Prieta, F., Julian, V., Rodr\u00edguez, S., Botti, V., Bajo, J., Corchado, J.M.: Agreement technologies and their use in cloud computing environments. Progress in Artificial Intelligence\u00a01(4), 277\u2013290 (2012)","journal-title":"Progress in Artificial Intelligence"}],"container-title":["Advances in Intelligent Systems and Computing","Distributed Computing and Artificial Intelligence"],"original-title":[],"language":"en","link":[{"URL":"https:\/\/link.springer.com\/content\/pdf\/10.1007\/978-3-319-00551-5_75","content-type":"unspecified","content-version":"vor","intended-application":"similarity-checking"}],"deposited":{"date-parts":[[2023,2,17]],"date-time":"2023-02-17T16:35:17Z","timestamp":1676651717000},"score":1,"resource":{"primary":{"URL":"https:\/\/link.springer.com\/10.1007\/978-3-319-00551-5_75"}},"subtitle":[],"short-title":[],"issued":{"date-parts":[[2013]]},"ISBN":["9783319005508","9783319005515"],"references-count":11,"URL":"https:\/\/doi.org\/10.1007\/978-3-319-00551-5_75","relation":{},"ISSN":["2194-5357","2194-5365"],"issn-type":[{"type":"print","value":"2194-5357"},{"type":"electronic","value":"2194-5365"}],"subject":[],"published":{"date-parts":[[2013]]}}}

Jiménez

Calvo Prieto, J.C. (ed.): La sordera. Un enfoque socio-familiar. Amarú Ediciones, Salamanca (1999)

CNSE. Las personas sordas en España. Situación actual. Necesidades y demandas. Confederación Nacional de Sordos de España, Madrid (1996)

CNSE. Retos para el siglo XXI: Resoluciones del II Congreso de la Confederación de Sordos de España. Confederación Nacional de Sordos de España, Madrid (1998)

FESORCV. Minguet, A. (Coord.): Rasgos sociológicos y culturales de las personas sordas: una aproximación a la situación del colectivo de Personas Sordas en la Comunidad Valenciana. Federación de Personas Sordas de la Comunidad Valenciana (FESORD C.V.), Valencia (2001)

FIAPAS. Jáudenes (Coord.): Manual Básico de Formación Especializada sobre Discapacidad Auditiva. Confederación Española de Padres y Amigos de los Sordos, Madrid (2004)

Levy-Leboner, C.: Gestión de competencias. Gestión 2000, Barcelona (1997)

Ley 5/2002, de 19 de junio de las Cualificaciones y de la Formación Profesional. Madrid: BOE del 20 de junio de (2002)

Heras, S., De la Prieta, F., Julian, V., Rodríguez, S., Botti, V., Bajo, J., Corchado, J.M.: Agreement technologies and their use in cloud computing environments. Progress in Artificial Intelligence 1(4), 277–290 (2012)
