{"status":"ok","message-type":"work","message-version":"1.0.0","message":{"indexed":{"date-parts":[[2025,3,25]],"date-time":"2025-03-25T21:00:47Z","timestamp":1742936447439,"version":"3.40.3"},"publisher-location":"Cham","reference-count":14,"publisher":"Springer International Publishing","isbn-type":[{"type":"print","value":"9783319072265"},{"type":"electronic","value":"9783319072272"}],"license":[{"start":{"date-parts":[[2014,1,1]],"date-time":"2014-01-01T00:00:00Z","timestamp":1388534400000},"content-version":"tdm","delay-in-days":0,"URL":"http:\/\/www.springer.com\/tdm"}],"content-domain":{"domain":[],"crossmark-restriction":false},"short-container-title":[],"published-print":{"date-parts":[[2014]]},"DOI":"10.1007\/978-3-319-07227-2_21","type":"book-chapter","created":{"date-parts":[[2014,6,10]],"date-time":"2014-06-10T12:44:08Z","timestamp":1402404248000},"page":"211-220","source":"Crossref","is-referenced-by-count":2,"title":["Tool to Help the Communication for Autists"],"prefix":"10.1007","author":[{"given":"Janaina Cintra","family":"Abib","sequence":"first","affiliation":[]},{"given":"Luciana","family":"Rodrigues","sequence":"additional","affiliation":[]},{"given":"Reginaldo","family":"Gotardo","sequence":"additional","affiliation":[]}],"member":"297","reference":[{"key":"21_CR1","unstructured":"Mello, A.M.S.R.: Autismo: guia pr\u00e1tico. S\u00e3o Paulo: Corde, 104 p. (2007)"},{"key":"21_CR2","first-page":"244","volume-title":"Design e Avalia\u00e7\u00e3o de Interface Humano-Computador","author":"H.V. Rocha","year":"2003","unstructured":"Rocha, H.V., Baranauskas, M.C.C.: Design e Avalia\u00e7\u00e3o de Interface Humano-Computador, p. 244. NIED, Campinas (2003)"},{"key":"21_CR3","unstructured":"Gomes, A.N., Silva, C.B.: Software Educativo para Crian\u00e7as Autistas de N\u00edvel Severo. In: 4th International Conference on Design Research (2007)"},{"key":"21_CR4","unstructured":"Associa\u015f\u00e3o Americana De PSIQUIATRIA. DSM-IV-TR\n                  : Manual diagn\u00f3stico e estat\u00edstico de transtornos mentais. 4.ed.rev.Artmed (2002)"},{"key":"21_CR5","volume-title":"Vida Independente: Hist\u00f3ria, movimento, lideran\u00e7a, conceito, filosofia e fundamentos","author":"R.K. Sassaki","year":"2003","unstructured":"Sassaki, R.K.: Vida Independente: Hist\u00f3ria, movimento, lideran\u00e7a, conceito, filosofia e fundamentos. Reabilita\u00e7\u00e3o, emprego e terminologia. Revista Nacional de Reabilita\u00e7\u00e3o (2003)"},{"key":"21_CR6","unstructured":"Ribeiro, M.L.S.: Perspectivas da Escola Inclusiva: Algumas Reflex\u00f5es In: ______ e BAUMEL, Roseli Cec\u00edlia Rocha de Carvalho (Org.). Educa\u00e7\u00e3o Especial do querer ao fazer. Avercamp, pp. 41\u2013 51 (2003)"},{"key":"21_CR7","unstructured":"Orr\u00fa, S.E.: Autismo, Linguagem e Educa\u00e7\u00e3o. Wak Ed. Rio de Janeiro (2007)"},{"key":"21_CR8","unstructured":"OMS - ORGANIZA\u00c7\u00c3O MUNDIAL DE SA\u00daDE (coord.). Classifica\u00e7\u00e3o de Transtornos Mentais e de Comportamento da CID-10: descri\u00e7\u00f5es cl\u00ednicas e diretrizes diagn\u00f3sticas. Artes M\u00e9dicas (1993)"},{"key":"21_CR9","unstructured":"Moraes, F.F.F., Oliveira, I.S.C.M.: O autismo na perspectiva de uma educa\u00e7\u00e3o inclusiva. Dispon\u00edvel em, \n                    \n                      http:\/\/www.nead.unama.br\/site\/bibdigital\/monografias\/o_autismo_na_perspectiva_de_uma_educacao_inclusiva.pdf\n                    \n                    \n                   (Acesso em: maio 15, 2013)"},{"key":"21_CR10","unstructured":"Martins, M.R.R.: Inclus\u00e3o de alunos autistas no ensino regular: concep\u00e7\u00f5es e praticas pedag\u00f3gicas de professores regentes. Dispon\u00edvel em, \n                    \n                      http:\/\/www.bdtd.ucb.br\/tede\/tde_busca\/arquivo.php?codArquivo=692\n                    \n                    \n                   (Acesso em: Maio 17, 2013)"},{"key":"21_CR11","unstructured":"Mantoan, M.T.E.: Inclus\u00e3o escolar: caminhos, descaminhos, desafios e perspectivas.In: III Semin\u00e1rio Nacional de Forma\u00e7\u00e3o de Gestores e Educadores - Educa\u00e7\u00e3o inclusiva: direito a diversidade - Ensaios pedag\u00f3gicos. Bras\u00edlia: Minist\u00e9rio da Educa\u00e7\u00e3o, Secretaria da Educa\u00e7\u00e3o Especial, p.11\u201316 (2006)"},{"key":"21_CR12","unstructured":"Mantoan, M.T.E.: Inclus\u00e3o Escolar O que \u00e9? Por qu\u00ea? Como fazer? Moderna (2003)"},{"key":"21_CR13","unstructured":"Gauderer, E.C.: Autismo e outros atrasos do desenvolvimento: uma atualiza\u00e7\u00e3o para os que atuam na \u00e1rea; do especialistaaos pais. Minist\u00e9rio do Bem-Estar Social, Coordenadoria Nacional para Integra\u00e7\u00e3o da Pessoa Portadora deDefici\u00eancia (1993)"},{"key":"21_CR14","unstructured":"Aranha, M. S.: Paradigmas da rela\u00e7\u00e3o da sociedade com as pessoas com defici\u00eancia. In: Revista do Minist\u00e9rio P\u00fablico do Trabalho, Ano XI, n. 21 mar\u00e7o, pp. 160\u2013173 (2001)"}],"container-title":["Lecture Notes in Computer Science","Human-Computer Interaction. Applications and Services"],"original-title":[],"language":"en","link":[{"URL":"http:\/\/link.springer.com\/content\/pdf\/10.1007\/978-3-319-07227-2_21","content-type":"unspecified","content-version":"vor","intended-application":"similarity-checking"}],"deposited":{"date-parts":[[2020,2,22]],"date-time":"2020-02-22T22:54:24Z","timestamp":1582412064000},"score":1,"resource":{"primary":{"URL":"http:\/\/link.springer.com\/10.1007\/978-3-319-07227-2_21"}},"subtitle":[],"short-title":[],"issued":{"date-parts":[[2014]]},"ISBN":["9783319072265","9783319072272"],"references-count":14,"URL":"https:\/\/doi.org\/10.1007\/978-3-319-07227-2_21","relation":{},"ISSN":["0302-9743","1611-3349"],"issn-type":[{"type":"print","value":"0302-9743"},{"type":"electronic","value":"1611-3349"}],"subject":[],"published":{"date-parts":[[2014]]}}}

Mello, A.M.S.R.: Autismo: guia prático. São Paulo: Corde, 104 p. (2007)

Design e Avaliação de Interface Humano-Computador

Rocha, H.V., Baranauskas, M.C.C.: Design e Avaliação de Interface Humano-Computador, p. 244. NIED, Campinas (2003)

Gomes, A.N., Silva, C.B.: Software Educativo para Crianças Autistas de Nível Severo. In: 4th International Conference on Design Research (2007)

Associaşão Americana De PSIQUIATRIA. DSM-IV-TR
                  : Manual diagnóstico e estatístico de transtornos mentais. 4.ed.rev.Artmed (2002)

Vida Independente: História, movimento, liderança, conceito, filosofia e fundamentos

Sassaki, R.K.: Vida Independente: História, movimento, liderança, conceito, filosofia e fundamentos. Reabilitação, emprego e terminologia. Revista Nacional de Reabilitação (2003)

Ribeiro, M.L.S.: Perspectivas da Escola Inclusiva: Algumas Reflexões In: ______ e BAUMEL, Roseli Cecília Rocha de Carvalho (Org.). Educação Especial do querer ao fazer. Avercamp, pp. 41– 51 (2003)

Orrú, S.E.: Autismo, Linguagem e Educação. Wak Ed. Rio de Janeiro (2007)

OMS - ORGANIZAÇÃO MUNDIAL DE SAÚDE (coord.). Classificação de Transtornos Mentais e de Comportamento da CID-10: descrições clínicas e diretrizes diagnósticas. Artes Médicas (1993)

Moraes, F.F.F., Oliveira, I.S.C.M.: O autismo na perspectiva de uma educação inclusiva. Disponível em, 
                    
                      http://www.nead.unama.br/site/bibdigital/monografias/o_autismo_na_perspectiva_de_uma_educacao_inclusiva.pdf
                    
                    
                   (Acesso em: maio 15, 2013)

Martins, M.R.R.: Inclusão de alunos autistas no ensino regular: concepções e praticas pedagógicas de professores regentes. Disponível em, 
                    
                      http://www.bdtd.ucb.br/tede/tde_busca/arquivo.php?codArquivo=692
                    
                    
                   (Acesso em: Maio 17, 2013)

Mantoan, M.T.E.: Inclusão escolar: caminhos, descaminhos, desafios e perspectivas.In: III Seminário Nacional de Formação de Gestores e Educadores - Educação inclusiva: direito a diversidade - Ensaios pedagógicos. Brasília: Ministério da Educação, Secretaria da Educação Especial, p.11–16 (2006)

Mantoan, M.T.E.: Inclusão Escolar O que é? Por quê? Como fazer? Moderna (2003)

Gauderer, E.C.: Autismo e outros atrasos do desenvolvimento: uma atualização para os que atuam na área; do especialistaaos pais. Ministério do Bem-Estar Social, Coordenadoria Nacional para Integração da Pessoa Portadora deDeficiência (1993)

Aranha, M. S.: Paradigmas da relação da sociedade com as pessoas com deficiência. In: Revista do Ministério Público do Trabalho, Ano XI, n. 21 março, pp. 160–173 (2001)
