{"status":"ok","message-type":"work","message-version":"1.0.0","message":{"indexed":{"date-parts":[[2025,3,26]],"date-time":"2025-03-26T22:55:16Z","timestamp":1743029716597,"version":"3.40.3"},"publisher-location":"Cham","reference-count":6,"publisher":"Springer International Publishing","isbn-type":[{"type":"print","value":"9783319421018"},{"type":"electronic","value":"9783319421025"}],"license":[{"start":{"date-parts":[[2016,1,1]],"date-time":"2016-01-01T00:00:00Z","timestamp":1451606400000},"content-version":"tdm","delay-in-days":0,"URL":"http:\/\/www.springer.com\/tdm"},{"start":{"date-parts":[[2016,1,1]],"date-time":"2016-01-01T00:00:00Z","timestamp":1451606400000},"content-version":"vor","delay-in-days":0,"URL":"http:\/\/www.springer.com\/tdm"}],"content-domain":{"domain":["link.springer.com"],"crossmark-restriction":false},"short-container-title":[],"published-print":{"date-parts":[[2016]]},"DOI":"10.1007\/978-3-319-42102-5_4","type":"book-chapter","created":{"date-parts":[[2016,7,21]],"date-time":"2016-07-21T16:01:10Z","timestamp":1469116870000},"page":"37-42","update-policy":"https:\/\/doi.org\/10.1007\/springer_crossmark_policy","source":"Crossref","is-referenced-by-count":1,"title":["The Roles and Challenges of Semiotics Unraveling Big Data in the Glocal Contemporaneity Ruled by Dromocracy"],"prefix":"10.1007","author":[{"given":"Janaina","family":"Antunes","sequence":"first","affiliation":[]}],"member":"297","published-online":{"date-parts":[[2016,7,22]]},"reference":[{"key":"4_CR1","unstructured":"Antunes, J.Q.: Hist\u00f3ria da Cultura Contempor\u00e2nea: Cibercultura e Cultura Nobrow. In: Proceedings of Simp\u00f3sio Nacional de Hist\u00f3ria Cultural, Edi\u00e7\u00e3o, vol. 1, issue 5, S\u00e3o Paulo (2014)"},{"key":"4_CR2","unstructured":"Sakamoto, C.K.: Criatividade e Constru\u00e7\u00e3o da Realidade Contempor\u00e2nea. Trama Interdisciplinar, vol. 3, issue 1, pp. 86\u201396, S\u00e3o Paulo (2012)"},{"key":"4_CR3","volume-title":"Linguagens L\u00edquidas na Era da Mobilidade","author":"L Santaella","year":"2007","unstructured":"Santaella, L.: Linguagens L\u00edquidas na Era da Mobilidade. S\u00e3o Paulo, Paulus (2007)"},{"key":"4_CR4","volume-title":"Glocal: Visibilidade Medi\u00e1tica, Imagin\u00e1rio Bunker e Exist\u00eancia em Tempo Real","author":"E Trivinho","year":"2013","unstructured":"Trivinho, E.: Glocal: Visibilidade Medi\u00e1tica, Imagin\u00e1rio Bunker e Exist\u00eancia em Tempo Real. AnnaBlume, S\u00e3o Paulo (2013)"},{"key":"4_CR5","volume-title":"Velocidade e pol\u00edtica","author":"P Virilio","year":"1996","unstructured":"Virilio, P.: Velocidade e pol\u00edtica. Esta\u00e7\u00e3o Liberdade, S\u00e3o Paulo (1996)"},{"key":"4_CR6","volume-title":"O Espa\u00e7o Cr\u00edtico","author":"P Virilio","year":"2014","unstructured":"Virilio, P.: O Espa\u00e7o Cr\u00edtico. Editora 34, S\u00e3o Paulo (2014)"}],"container-title":["IFIP Advances in Information and Communication Technology","Socially Aware Organisations and Technologies. Impact and Challenges"],"original-title":[],"language":"en","link":[{"URL":"http:\/\/link.springer.com\/content\/pdf\/10.1007\/978-3-319-42102-5_4","content-type":"unspecified","content-version":"vor","intended-application":"similarity-checking"}],"deposited":{"date-parts":[[2020,7,28]],"date-time":"2020-07-28T11:21:05Z","timestamp":1595935265000},"score":1,"resource":{"primary":{"URL":"http:\/\/link.springer.com\/10.1007\/978-3-319-42102-5_4"}},"subtitle":[],"short-title":[],"issued":{"date-parts":[[2016]]},"ISBN":["9783319421018","9783319421025"],"references-count":6,"URL":"https:\/\/doi.org\/10.1007\/978-3-319-42102-5_4","relation":{},"ISSN":["1868-4238","1868-422X"],"issn-type":[{"type":"print","value":"1868-4238"},{"type":"electronic","value":"1868-422X"}],"subject":[],"published":{"date-parts":[[2016]]},"assertion":[{"value":"22 July 2016","order":1,"name":"first_online","label":"First Online","group":{"name":"ChapterHistory","label":"Chapter History"}},{"value":"ICISO","order":1,"name":"conference_acronym","label":"Conference Acronym","group":{"name":"ConferenceInfo","label":"Conference Information"}},{"value":"International Conference on Informatics and Semiotics in Organisations","order":2,"name":"conference_name","label":"Conference Name","group":{"name":"ConferenceInfo","label":"Conference Information"}},{"value":"Campinas","order":3,"name":"conference_city","label":"Conference City","group":{"name":"ConferenceInfo","label":"Conference Information"}},{"value":"Brazil","order":4,"name":"conference_country","label":"Conference Country","group":{"name":"ConferenceInfo","label":"Conference Information"}},{"value":"2016","order":5,"name":"conference_year","label":"Conference Year","group":{"name":"ConferenceInfo","label":"Conference Information"}},{"value":"1 August 2016","order":7,"name":"conference_start_date","label":"Conference Start Date","group":{"name":"ConferenceInfo","label":"Conference Information"}},{"value":"3 August 2016","order":8,"name":"conference_end_date","label":"Conference End Date","group":{"name":"ConferenceInfo","label":"Conference Information"}},{"value":"17","order":9,"name":"conference_number","label":"Conference Number","group":{"name":"ConferenceInfo","label":"Conference Information"}},{"value":"iciso2016","order":10,"name":"conference_id","label":"Conference ID","group":{"name":"ConferenceInfo","label":"Conference Information"}},{"value":"This content has been made available to all.","name":"free","label":"Free to read"}]}}

Antunes, J.Q.: História da Cultura Contemporânea: Cibercultura e Cultura Nobrow. In: Proceedings of Simpósio Nacional de História Cultural, Edição, vol. 1, issue 5, São Paulo (2014)

Sakamoto, C.K.: Criatividade e Construção da Realidade Contemporânea. Trama Interdisciplinar, vol. 3, issue 1, pp. 86–96, São Paulo (2012)

Linguagens Líquidas na Era da Mobilidade

Santaella, L.: Linguagens Líquidas na Era da Mobilidade. São Paulo, Paulus (2007)

Glocal: Visibilidade Mediática, Imaginário Bunker e Existência em Tempo Real

Trivinho, E.: Glocal: Visibilidade Mediática, Imaginário Bunker e Existência em Tempo Real. AnnaBlume, São Paulo (2013)

Velocidade e política

Virilio, P.: Velocidade e política. Estação Liberdade, São Paulo (1996)

O Espaço Crítico

Virilio, P.: O Espaço Crítico. Editora 34, São Paulo (2014)
