{"status":"ok","message-type":"work","message-version":"1.0.0","message":{"indexed":{"date-parts":[[2026,3,5]],"date-time":"2026-03-05T22:24:43Z","timestamp":1772749483383,"version":"3.50.1"},"publisher-location":"Cham","reference-count":22,"publisher":"Springer International Publishing","isbn-type":[{"value":"9783319586991","type":"print"},{"value":"9783319587004","type":"electronic"}],"license":[{"start":{"date-parts":[[2017,1,1]],"date-time":"2017-01-01T00:00:00Z","timestamp":1483228800000},"content-version":"tdm","delay-in-days":0,"URL":"https:\/\/www.springer.com\/tdm"},{"start":{"date-parts":[[2017,1,1]],"date-time":"2017-01-01T00:00:00Z","timestamp":1483228800000},"content-version":"vor","delay-in-days":0,"URL":"https:\/\/www.springer.com\/tdm"}],"content-domain":{"domain":["link.springer.com"],"crossmark-restriction":false},"short-container-title":[],"published-print":{"date-parts":[[2017]]},"DOI":"10.1007\/978-3-319-58700-4_34","type":"book-chapter","created":{"date-parts":[[2017,5,16]],"date-time":"2017-05-16T06:13:09Z","timestamp":1494915189000},"page":"419-435","update-policy":"https:\/\/doi.org\/10.1007\/springer_crossmark_policy","source":"Crossref","is-referenced-by-count":11,"title":["Media Use of Persons with Disabilities"],"prefix":"10.1007","author":[{"given":"Anne","family":"Haage","sequence":"first","affiliation":[]},{"given":"Ingo K.","family":"Bosse","sequence":"additional","affiliation":[]}],"member":"297","published-online":{"date-parts":[[2017,5,17]]},"reference":[{"key":"34_CR1","unstructured":"Bosse, I., Hasebrink, U.: Mediennutzung von Menschen mit Behinderungen. Forschungsbericht, Berlin (2016)"},{"key":"34_CR2","unstructured":"United Nations: Convention on the Rights of Persons with Disabilities. New York (2006)"},{"key":"34_CR3","unstructured":"Bosse, I.: Teilhabe in einer digitalen Gesellschaft \u2013 Wie Medien Inklusionsprozesse bef\u00f6rdern k\u00f6nnen (2016). http:\/\/www.bpb.de\/gesellschaft\/medien\/medienpolitik\/172759\/medien-und-inklusion"},{"key":"34_CR4","unstructured":"Ofcom: Television access services report 2015, London (2015). https:\/\/www.ofcom.org.uk\/__data\/assets\/pdf_file\/0029\/71669\/access-report-2015.pdf"},{"key":"34_CR5","unstructured":"Committee on the Rights of Persons with Disabilities: Concluding observations on the initial report of Germany (2015)"},{"key":"34_CR6","unstructured":"Berger, A., Caspers, T., et al.: Web 2.0\/barrierefrei. Eine Studie zur Nutzung von Web 2.0 Anwendungen durch Menschen mit Behinderung, Bonn (2010)"},{"key":"34_CR7","unstructured":"Funke, G.: Wie Sondersch\u00fcler fernsehen. Das Fernsehen im Alltag von lernbehinderten Jugendlichen und Sch\u00fclern mit Erziehungsschwierigkeiten; eine repr\u00e4sentative Studie f\u00fcr NRW, 1. Aufl. Tectum, Marburg (2007)"},{"key":"34_CR8","doi-asserted-by":"crossref","unstructured":"Haferkamp, N.: Physische und psychische Einschr\u00e4nkungen. In: W\u00fcnsch, C., Schramm, H., Gehrau, V., et al. (eds.) Handbuch Medienrezeption, 1. Auflage. Nomos-Verl.-Ges. (2014)","DOI":"10.5771\/9783845260389_337"},{"key":"34_CR9","unstructured":"Institut f\u00fcr Rundfunktechnik (IRT), Rundfunk Berlin-Brandenburg: Online-Umfrage zur Sprachverst\u00e4ndlichkeit von TV-Produktionen f\u00fcr H\u00f6rgesch\u00e4digte, Berlin (2015)"},{"key":"34_CR10","doi-asserted-by":"crossref","unstructured":"Zaynel, N.: Wie Kinder und Jugendliche mit Down-Syndrom fernsehen. Medien+Erziehung 57(4), 50\u201355 (2013)","DOI":"10.21240\/merz\/2013.4.18"},{"key":"34_CR11","unstructured":"Zaynel, N.: Be independent, go online! How German children and adolescents with Down\u2019s Syndrome use the internet (2016). http:\/\/blogs.lse.ac.uk\/parenting4digitalfuture\/2016\/02\/17\/be-independent-go-online-how-german-children-and-adolescents-with-downs-syndrome-use-the-internet\/"},{"key":"34_CR12","unstructured":"World Health Organization (WHO): Internationale Klassifikation der Funktionsf\u00e4higkeit, Behinderung und Gesundheit (ICF), Genf (2005)"},{"key":"34_CR13","unstructured":"Mayerle, M.: \u201cWoher hat er die Idee?\u201d. Selbstbestimmte Teilhabe von Menschen mit Lernschwierigkeiten durch Mediennutzung. Abschlussbericht der Begleitforschung im PIKSL-Labor. ZPE-Schriftenreihe, vol 40. Universit\u00e4t Gesamthochschule Siegen Zentrum f. Planung u. Evaluation Sozialer Dienste, Siegen (2014)"},{"issue":"2","key":"34_CR14","doi-asserted-by":"publisher","first-page":"125","DOI":"10.3109\/13668250.2016.1153052","volume":"41","author":"S Caton","year":"2016","unstructured":"Caton, S., Chapman, M.: The use of social media and persons with intellectual disability. A systematic review and thematic analysis. J. Intellect. Dev. Disabil. 41(2), 125\u2013139 (2016). doi:10.3109\/13668250.2016.1153052","journal-title":"J. Intellect. Dev. Disabil."},{"issue":"4","key":"34_CR15","first-page":"183","volume":"39","author":"J Kuhl","year":"2013","unstructured":"Kuhl, J., Euker, N., Koch, A.: Evaluation eines Diagnoseverfahrens zur Erfassung der Lesekompetenz im weiteren und engeren Sinne von Menschen mit geistiger Behinderung. Heilp\u00e4dagogische Forschung 39(4), 183\u2013198 (2013)","journal-title":"Heilp\u00e4dagogische Forschung"},{"key":"34_CR16","unstructured":"Engel, B., Breunig, C.: Massenkommunikation 2015: Mediennutzung im Intermediavergleich. Ergebnisse der ARD\/ZDF-Langzeitstudie. Media-Perspektiven 7\u20138, 310\u2013322 (2015)"},{"key":"34_CR17","unstructured":"Media Perspektiven: Daten zur Mediensituation in Deutschland, Frankfurt am Main (2015)"},{"key":"34_CR18","unstructured":"Krupp, M.: Massenkommunikation IX. Eine Langzeitstudie zur Mediennutzung und Medienbewertung 1964\u20132015. Schriftenreihe Media-Perspektiven, vol 22. Nomos, Baden-Baden (2016)"},{"key":"34_CR19","unstructured":"RBB Fernsehen. http:\/\/www.rbb-online.de\/fernsehen\/untertitel_angebot\/themen\/personalisierbare-UT-in-HbbTV.html Accessed. 10 Feb 2017"},{"key":"34_CR20","unstructured":"Ofcom: Disabled consumers\u2019 use of communications service. A consumer Experience report, London (2015)"},{"key":"34_CR21","unstructured":"Robert Koch-Institut: Daten und Fakten: Ergebnisse der Studie \u201cGesundheit in Deutschland aktuell 2012\u201d, Berlin (2014)"},{"issue":"9","key":"34_CR22","first-page":"3","volume":"20","author":"K Ellis","year":"2015","unstructured":"Ellis, K., Kent, M.: Accessible television: the new frontier in disability media studies brings together industry innovation, government legislation and online activism. First Monday 20(9), 3 (2015)","journal-title":"First Monday"}],"container-title":["Lecture Notes in Computer Science","Universal Access in Human\u2013Computer Interaction. Human and Technological Environments"],"original-title":[],"language":"en","link":[{"URL":"https:\/\/link.springer.com\/content\/pdf\/10.1007\/978-3-319-58700-4_34","content-type":"unspecified","content-version":"vor","intended-application":"similarity-checking"}],"deposited":{"date-parts":[[2025,6,18]],"date-time":"2025-06-18T16:37:39Z","timestamp":1750264659000},"score":1,"resource":{"primary":{"URL":"https:\/\/link.springer.com\/10.1007\/978-3-319-58700-4_34"}},"subtitle":[],"short-title":[],"issued":{"date-parts":[[2017]]},"ISBN":["9783319586991","9783319587004"],"references-count":22,"URL":"https:\/\/doi.org\/10.1007\/978-3-319-58700-4_34","relation":{},"ISSN":["0302-9743","1611-3349"],"issn-type":[{"value":"0302-9743","type":"print"},{"value":"1611-3349","type":"electronic"}],"subject":[],"published":{"date-parts":[[2017]]},"assertion":[{"value":"17 May 2017","order":1,"name":"first_online","label":"First Online","group":{"name":"ChapterHistory","label":"Chapter History"}},{"value":"UAHCI","order":1,"name":"conference_acronym","label":"Conference Acronym","group":{"name":"ConferenceInfo","label":"Conference Information"}},{"value":"International Conference on Universal Access in Human-Computer Interaction","order":2,"name":"conference_name","label":"Conference Name","group":{"name":"ConferenceInfo","label":"Conference Information"}},{"value":"Vancouver","order":3,"name":"conference_city","label":"Conference City","group":{"name":"ConferenceInfo","label":"Conference Information"}},{"value":"Canada","order":4,"name":"conference_country","label":"Conference Country","group":{"name":"ConferenceInfo","label":"Conference Information"}},{"value":"2017","order":5,"name":"conference_year","label":"Conference Year","group":{"name":"ConferenceInfo","label":"Conference Information"}},{"value":"9 July 2017","order":7,"name":"conference_start_date","label":"Conference Start Date","group":{"name":"ConferenceInfo","label":"Conference Information"}},{"value":"14 July 2017","order":8,"name":"conference_end_date","label":"Conference End Date","group":{"name":"ConferenceInfo","label":"Conference Information"}},{"value":"11","order":9,"name":"conference_number","label":"Conference Number","group":{"name":"ConferenceInfo","label":"Conference Information"}},{"value":"uahci2017","order":10,"name":"conference_id","label":"Conference ID","group":{"name":"ConferenceInfo","label":"Conference Information"}},{"value":"http:\/\/2017.hci.international\/uahci","order":11,"name":"conference_url","label":"Conference URL","group":{"name":"ConferenceInfo","label":"Conference Information"}},{"value":"This content has been made available to all.","name":"free","label":"Free to read"}]}}

Bosse, I.: Teilhabe in einer digitalen Gesellschaft – Wie Medien Inklusionsprozesse befördern können (2016). http://www.bpb.de/gesellschaft/medien/medienpolitik/172759/medien-und-inklusion

Funke, G.: Wie Sonderschüler fernsehen. Das Fernsehen im Alltag von lernbehinderten Jugendlichen und Schülern mit Erziehungsschwierigkeiten; eine repräsentative Studie für NRW, 1. Aufl. Tectum, Marburg (2007)

Haferkamp, N.: Physische und psychische Einschränkungen. In: Wünsch, C., Schramm, H., Gehrau, V., et al. (eds.) Handbuch Medienrezeption, 1. Auflage. Nomos-Verl.-Ges. (2014)

Institut für Rundfunktechnik (IRT), Rundfunk Berlin-Brandenburg: Online-Umfrage zur Sprachverständlichkeit von TV-Produktionen für Hörgeschädigte, Berlin (2015)

World Health Organization (WHO): Internationale Klassifikation der Funktionsfähigkeit, Behinderung und Gesundheit (ICF), Genf (2005)

Mayerle, M.: “Woher hat er die Idee?”. Selbstbestimmte Teilhabe von Menschen mit Lernschwierigkeiten durch Mediennutzung. Abschlussbericht der Begleitforschung im PIKSL-Labor. ZPE-Schriftenreihe, vol 40. Universität Gesamthochschule Siegen Zentrum f. Planung u. Evaluation Sozialer Dienste, Siegen (2014)

Kuhl, J., Euker, N., Koch, A.: Evaluation eines Diagnoseverfahrens zur Erfassung der Lesekompetenz im weiteren und engeren Sinne von Menschen mit geistiger Behinderung. Heilpädagogische Forschung 39(4), 183–198 (2013)

Heilpädagogische Forschung
