{"status":"ok","message-type":"work","message-version":"1.0.0","message":{"indexed":{"date-parts":[[2025,7,5]],"date-time":"2025-07-05T10:10:07Z","timestamp":1751710207766,"version":"3.41.0"},"publisher-location":"Cham","reference-count":10,"publisher":"Springer International Publishing","isbn-type":[{"type":"print","value":"9783319942766"},{"type":"electronic","value":"9783319942773"}],"license":[{"start":{"date-parts":[[2018,1,1]],"date-time":"2018-01-01T00:00:00Z","timestamp":1514764800000},"content-version":"tdm","delay-in-days":0,"URL":"http:\/\/www.springer.com\/tdm"}],"content-domain":{"domain":["link.springer.com"],"crossmark-restriction":false},"short-container-title":[],"published-print":{"date-parts":[[2018]]},"DOI":"10.1007\/978-3-319-94277-3_67","type":"book-chapter","created":{"date-parts":[[2018,6,25]],"date-time":"2018-06-25T17:30:46Z","timestamp":1529947846000},"page":"435-438","update-policy":"https:\/\/doi.org\/10.1007\/springer_crossmark_policy","source":"Crossref","is-referenced-by-count":5,"title":["Digital Inclusion Through Accessible Technologies"],"prefix":"10.1007","author":[{"given":"Susanne","family":"Dirks","sequence":"first","affiliation":[]},{"given":"Christian","family":"B\u00fchler","sequence":"additional","affiliation":[]},{"given":"Cordula","family":"Edler","sequence":"additional","affiliation":[]}],"member":"297","published-online":{"date-parts":[[2018,6,26]]},"reference":[{"key":"67_CR1","unstructured":"B\u00fchler, C., Scheer, B.: Barrierefreie Informationstechnik. In: Diehl, E., Degener, T. (eds.) Handbuch Behindertenrechtskonvention. Teilhabe als Menschenrecht \u2013 Inklusion als gesellschaftliche Aufgabe, vol. 1506, pp. 197\u2013203. BpB-Schriftenreihe, Bonn (2016)"},{"key":"67_CR2","series-title":"Lecture Notes in Computer Science","doi-asserted-by":"publisher","first-page":"17","DOI":"10.1007\/978-3-319-08596-8_4","volume-title":"Computers Helping People with Special Needs","author":"C B\u00fchler","year":"2014","unstructured":"B\u00fchler, C., Pelka, B.: Empowerment by digital media of people with disabilities. In: Miesenberger, K., Fels, D., Archambault, D., Pe\u0148\u00e1z, P., Zagler, W. (eds.) ICCHP 2014. LNCS, vol. 8547, pp. 17\u201324. Springer, Cham (2014). https:\/\/doi.org\/10.1007\/978-3-319-08596-8_4"},{"key":"67_CR3","unstructured":"Digital Inclusion Survey. https:\/\/digitalinclusion.umd.edu\/content\/what-digital-inclusion"},{"key":"67_CR4","unstructured":"Digital Inclusion for a better EU society. https:\/\/ec.europa.eu\/digital-single-market\/en\/digital-inclusion-better-eu-society"},{"key":"67_CR5","unstructured":"Raja, D.S.: Bridging the Disability Divide through Digital Technologies. Background Paper Digital Dividends, World Development Report (2016). http:\/\/pubdocs.worldbank.org\/en\/123481461249337484\/WDR16-BP-Bridging-the-Disability-Divide-through-Digital-Technology-RAJA.pdf"},{"key":"67_CR6","doi-asserted-by":"crossref","unstructured":"Edler, C.: E-Inklusion und Cognitive Accessibility, Menschen mit kognitiven Behinderungen nutzen Tablets im Alltag. In: Merz Medien und Erziehung, M\u00fcnchen, vol. 59, no. 4 (2015)","DOI":"10.21240\/merz\/2015.4.18"},{"key":"67_CR7","doi-asserted-by":"publisher","first-page":"18","DOI":"10.1016\/j.poetic.2016.08.003","volume":"58","author":"K Dobransky","year":"2016","unstructured":"Dobransky, K., Hargittai, E.: Unrealized potential: exploring the digital disability divide. Poetics 58, 18\u201328 (2016)","journal-title":"Poetics"},{"issue":"3","key":"67_CR8","doi-asserted-by":"publisher","first-page":"376","DOI":"10.3390\/fi5030376","volume":"5","author":"D Chadwick","year":"2013","unstructured":"Chadwick, D., Wesson, C., Fullwood, C.: Internet access by people with intellectual disabilities: inequalities and opportunities. Future Internet 5(3), 376\u2013397 (2013)","journal-title":"Future Internet"},{"key":"67_CR9","series-title":"Lecture Notes in Computer Science","doi-asserted-by":"publisher","first-page":"227","DOI":"10.1007\/978-3-319-41267-2_31","volume-title":"Computers Helping People with Special Needs","author":"C B\u00fchler","year":"2016","unstructured":"B\u00fchler, C., Dirks, S., Nietzio, A.: Easy access to social media: introducing the mediata-app. In: Miesenberger, K., B\u00fchler, C., Penaz, P. (eds.) ICCHP 2016. LNCS, vol. 9759, pp. 227\u2013233. Springer, Cham (2016). https:\/\/doi.org\/10.1007\/978-3-319-41267-2_31"},{"key":"67_CR10","first-page":"813","volume":"242","author":"S Dirks","year":"2017","unstructured":"Dirks, S., B\u00fchler, C.: Participation and autonomy for users with ABI through easy social media access. Stud. Health Technol. Inform. 242, 813\u2013819 (2017). Harnessing the Power of Technology to Improve Lives","journal-title":"Stud. Health Technol. Inform."}],"container-title":["Lecture Notes in Computer Science","Computers Helping People with Special Needs"],"original-title":[],"language":"en","link":[{"URL":"https:\/\/link.springer.com\/content\/pdf\/10.1007\/978-3-319-94277-3_67","content-type":"unspecified","content-version":"vor","intended-application":"similarity-checking"}],"deposited":{"date-parts":[[2025,7,5]],"date-time":"2025-07-05T09:31:50Z","timestamp":1751707910000},"score":1,"resource":{"primary":{"URL":"https:\/\/link.springer.com\/10.1007\/978-3-319-94277-3_67"}},"subtitle":["Introduction to the Special Thematic Session"],"short-title":[],"issued":{"date-parts":[[2018]]},"ISBN":["9783319942766","9783319942773"],"references-count":10,"URL":"https:\/\/doi.org\/10.1007\/978-3-319-94277-3_67","relation":{},"ISSN":["0302-9743","1611-3349"],"issn-type":[{"type":"print","value":"0302-9743"},{"type":"electronic","value":"1611-3349"}],"subject":[],"published":{"date-parts":[[2018]]},"assertion":[{"value":"26 June 2018","order":1,"name":"first_online","label":"First Online","group":{"name":"ChapterHistory","label":"Chapter History"}},{"value":"ICCHP","order":1,"name":"conference_acronym","label":"Conference Acronym","group":{"name":"ConferenceInfo","label":"Conference Information"}},{"value":"International Conference on Computers Helping People with Special Needs","order":2,"name":"conference_name","label":"Conference Name","group":{"name":"ConferenceInfo","label":"Conference Information"}},{"value":"Linz","order":3,"name":"conference_city","label":"Conference City","group":{"name":"ConferenceInfo","label":"Conference Information"}},{"value":"Austria","order":4,"name":"conference_country","label":"Conference Country","group":{"name":"ConferenceInfo","label":"Conference Information"}},{"value":"2018","order":5,"name":"conference_year","label":"Conference Year","group":{"name":"ConferenceInfo","label":"Conference Information"}},{"value":"11 July 2018","order":7,"name":"conference_start_date","label":"Conference Start Date","group":{"name":"ConferenceInfo","label":"Conference Information"}},{"value":"13 July 2018","order":8,"name":"conference_end_date","label":"Conference End Date","group":{"name":"ConferenceInfo","label":"Conference Information"}},{"value":"16","order":9,"name":"conference_number","label":"Conference Number","group":{"name":"ConferenceInfo","label":"Conference Information"}},{"value":"icchp2018","order":10,"name":"conference_id","label":"Conference ID","group":{"name":"ConferenceInfo","label":"Conference Information"}},{"value":"http:\/\/www.icchp.org\/","order":11,"name":"conference_url","label":"Conference URL","group":{"name":"ConferenceInfo","label":"Conference Information"}}]}}

Bühler

Bühler, C., Scheer, B.: Barrierefreie Informationstechnik. In: Diehl, E., Degener, T. (eds.) Handbuch Behindertenrechtskonvention. Teilhabe als Menschenrecht – Inklusion als gesellschaftliche Aufgabe, vol. 1506, pp. 197–203. BpB-Schriftenreihe, Bonn (2016)

C Bühler

Bühler, C., Pelka, B.: Empowerment by digital media of people with disabilities. In: Miesenberger, K., Fels, D., Archambault, D., Peňáz, P., Zagler, W. (eds.) ICCHP 2014. LNCS, vol. 8547, pp. 17–24. Springer, Cham (2014). https://doi.org/10.1007/978-3-319-08596-8_4

Edler, C.: E-Inklusion und Cognitive Accessibility, Menschen mit kognitiven Behinderungen nutzen Tablets im Alltag. In: Merz Medien und Erziehung, München, vol. 59, no. 4 (2015)

Bühler, C., Dirks, S., Nietzio, A.: Easy access to social media: introducing the mediata-app. In: Miesenberger, K., Bühler, C., Penaz, P. (eds.) ICCHP 2016. LNCS, vol. 9759, pp. 227–233. Springer, Cham (2016). https://doi.org/10.1007/978-3-319-41267-2_31

Dirks, S., Bühler, C.: Participation and autonomy for users with ABI through easy social media access. Stud. Health Technol. Inform. 242, 813–819 (2017). Harnessing the Power of Technology to Improve Lives
