{"status":"ok","message-type":"work","message-version":"1.0.0","message":{"indexed":{"date-parts":[[2025,4,10]],"date-time":"2025-04-10T15:28:06Z","timestamp":1744298886848,"version":"3.40.3"},"publisher-location":"Cham","reference-count":20,"publisher":"Springer International Publishing","isbn-type":[{"type":"print","value":"9783319942766"},{"type":"electronic","value":"9783319942773"}],"license":[{"start":{"date-parts":[[2018,1,1]],"date-time":"2018-01-01T00:00:00Z","timestamp":1514764800000},"content-version":"tdm","delay-in-days":0,"URL":"http:\/\/www.springer.com\/tdm"}],"content-domain":{"domain":["link.springer.com"],"crossmark-restriction":false},"short-container-title":[],"published-print":{"date-parts":[[2018]]},"DOI":"10.1007\/978-3-319-94277-3_70","type":"book-chapter","created":{"date-parts":[[2018,6,25]],"date-time":"2018-06-25T17:30:46Z","timestamp":1529947846000},"page":"454-461","update-policy":"https:\/\/doi.org\/10.1007\/springer_crossmark_policy","source":"Crossref","is-referenced-by-count":4,"title":["Strengthening Participatory Action Research Approach to Develop a Personalized Mobile Application for Young Adults with Intellectual Disabilities"],"prefix":"10.1007","author":[{"ORCID":"https:\/\/orcid.org\/0000-0001-5768-1159","authenticated-orcid":false,"given":"Julia S.","family":"Louw","sequence":"first","affiliation":[]}],"member":"297","published-online":{"date-parts":[[2018,6,26]]},"reference":[{"issue":"1","key":"70_CR1","first-page":"191","volume":"13","author":"J Bergold","year":"2012","unstructured":"Bergold, J., Thomas, S.: Participatory research methods: a methodological approach in motion. Forum: Qual. Soc. Res. 13(1), 191\u2013222 (2012)","journal-title":"Forum: Qual. Soc. Res."},{"key":"70_CR2","unstructured":"Blackman, A., Fairey, T.: The PhotoVoice Manual: A Guide to Designing and Running Participatory Photographic Projects, London, United Kingdom (2007)"},{"issue":"7","key":"70_CR3","doi-asserted-by":"publisher","first-page":"999","DOI":"10.1080\/09687599.2014.886556","volume":"29","author":"TMI Cumming","year":"2014","unstructured":"Cumming, T.M.I., Strnadova, J., Knox, M., Parmenter, T.: Mobile technology in inclusive research: tools of empowerment. Disabil. Soc. 29(7), 999\u20131012 (2014)","journal-title":"Disabil. Soc."},{"issue":"4","key":"70_CR4","doi-asserted-by":"publisher","first-page":"497","DOI":"10.1080\/09687599.2016.1179172","volume":"31","author":"S Darcy","year":"2016","unstructured":"Darcy, S., Maxwell, H., Green, J.: Disability citizenship and independence through mobile technology? A study exploring adoption and use of a mobile technology platform. Disabil. Soc. 31(4), 497\u2013519 (2016)","journal-title":"Disabil. Soc."},{"key":"70_CR5","series-title":"CCIS","doi-asserted-by":"publisher","first-page":"823","DOI":"10.1007\/978-3-319-23766-4_65","volume-title":"Creativity in Intelligent Technologies and Data Science","author":"J Dekelver","year":"2015","unstructured":"Dekelver, J., Kultsova, M., Shabalina, O., Borblik, J., Pidoprigora, A., Romanenko, R., et al.: Design of mobile applications for people with intellectual disabilities. In: Kravets, A., Shcherbakov, M., Kultsova, M., Shabalina, O. (eds.) Creativity in Intelligent Technologies and Data Science. CCIS, vol. 535, pp. 823\u2013836. Springer, Cham (2015). https:\/\/doi.org\/10.1007\/978-3-319-23766-4_65"},{"key":"70_CR6","unstructured":"Denzin, N., Lincoln, Y.: Introduction: The Discipline and Practice of Qualitative research. The Landscape of Qualitative Research. Theories and Issues, pp. 1\u201345 (2003)"},{"key":"70_CR7","doi-asserted-by":"crossref","unstructured":"Ellis, K., Goggin, G.: Disability, locative media, and complex ubiquity. In: Ekman, U., Bolter, J.D., Diaz, L., Sondergaard, M., Engberg, M. (eds.) Ubiquitous Computing, Complexity and Culture, pp. 272\u2013287. Routledge, New York (2015)","DOI":"10.4324\/9781315781129-30"},{"key":"70_CR8","doi-asserted-by":"publisher","unstructured":"Goggin, G.: Disability and mobile internet. First Monday, 20(9) (2015). http:\/\/firstmonday.org\/ojs\/index.php\/fm\/article\/view\/6171\/4906. https:\/\/doi.org\/10.5210\/fm.v20i9.6171","DOI":"10.5210\/fm.v20i9.6171"},{"key":"70_CR9","doi-asserted-by":"publisher","unstructured":"Jaeger, P.: Disability, human rights, and social justice: the ongoing struggle for online accessibility and equality. First Monday, 20(9) (2015). http:\/\/firstmonday.org\/ojs\/index.php\/fm\/article\/view\/6164\/4898. https:\/\/doi.org\/10.5210\/fm.v20i9.6164","DOI":"10.5210\/fm.v20i9.6164"},{"key":"70_CR10","first-page":"269","volume":"242","author":"JS Louw","year":"2017","unstructured":"Louw, J.S.: E-inclusion: social inclusion of young adults with intellectual disabilities-a participatory design. Stud. Health Technol. Inform. 242, 269\u2013272 (2017)","journal-title":"Stud. Health Technol. Inform."},{"issue":"2","key":"70_CR11","doi-asserted-by":"publisher","first-page":"255","DOI":"10.1080\/09687599.2013.800469","volume":"29","author":"T Overmars-Marx","year":"2014","unstructured":"Overmars-Marx, T., Thom\u00e9se, F., Verdonschot, M., Meininger, H.: Advancing social inclusion in the neighbourhood for people with an intellectual disability: an exploration of the literature. Disabil. Soc. 29(2), 255\u2013274 (2014)","journal-title":"Disabil. Soc."},{"issue":"1","key":"70_CR12","doi-asserted-by":"publisher","first-page":"19","DOI":"10.1111\/j.1468-3148.2007.00361.x","volume":"21","author":"S Parsons","year":"2008","unstructured":"Parsons, S., Daniels, H., Porter, J., Robertson, C.: Resources, staff beliefs and organisational culture: factors in the use of information and communication technology for adults with intellectual disabilities. J. Appl. Res. Intellect. Disabil. 21(1), 19\u201333 (2008)","journal-title":"J. Appl. Res. Intellect. Disabil."},{"key":"70_CR13","unstructured":"Powers, M., Freedman, D., Pitner, R.: A Photovoice Facilitator\u2019s Manual, South Carolina, United States (2012)"},{"key":"70_CR14","volume-title":"Handbook on Quality of Life for Human Service Practitioners","author":"RL Schalock","year":"2002","unstructured":"Schalock, R.L., Verdugo, M.A.: Handbook on Quality of Life for Human Service Practitioners. American Association on Mental Retardation, Washington, DC (2002)"},{"issue":"3","key":"70_CR15","doi-asserted-by":"publisher","first-page":"303","DOI":"10.1080\/09687591003701215","volume":"25","author":"S S\u00f6derstr\u00f6m","year":"2010","unstructured":"S\u00f6derstr\u00f6m, S., Ytterhus, B.: The use and non-use of assistive technologies from the world of information and communication technology by visually impaired young people: a walk on the tightrope of peer inclusion. Disabil. Soc. 25(3), 303\u2013315 (2010)","journal-title":"Disabil. Soc."},{"key":"70_CR16","unstructured":"UNICEF: Children and Young People with Disabilities Fact Sheet (2013)"},{"key":"70_CR17","unstructured":"United Nations Convention on the Rights of Persons with Disabilities (UNCRPD) (2006). http:\/\/www.un.org\/disabilities\/convention\/conventionfull.shtml. Accessed 12 Jan 2018"},{"issue":"2014","key":"70_CR18","first-page":"75","volume":"35","author":"MA Verdugo","year":"2013","unstructured":"Verdugo, M.A., Gomez, L.E., Arias, B., Navas, P., Schalock, R.: Measuring quality of life in people with intellectual and multiple disabilities: validation of the San Mart\u0131n scale. Res. Dev. Disabil. 35(2014), 75\u201386 (2013)","journal-title":"Res. Dev. Disabil."},{"key":"70_CR19","doi-asserted-by":"publisher","DOI":"10.4135\/9781412985383","volume-title":"Participatory Action Research","author":"W Whyte","year":"1991","unstructured":"Whyte, W.: Participatory Action Research. Sage Publications Inc., Thousand Oaks (1991)"},{"key":"70_CR20","unstructured":"World Health Organization (WHO): The GATE Initiative: Equipping, Enabling and Empowering. Improving Access to Assistive Technology for Everyone, Everywhere (2016)"}],"container-title":["Lecture Notes in Computer Science","Computers Helping People with Special Needs"],"original-title":[],"language":"en","link":[{"URL":"https:\/\/link.springer.com\/content\/pdf\/10.1007\/978-3-319-94277-3_70","content-type":"unspecified","content-version":"vor","intended-application":"similarity-checking"}],"deposited":{"date-parts":[[2023,12,13]],"date-time":"2023-12-13T11:09:16Z","timestamp":1702465756000},"score":1,"resource":{"primary":{"URL":"https:\/\/link.springer.com\/10.1007\/978-3-319-94277-3_70"}},"subtitle":[],"short-title":[],"issued":{"date-parts":[[2018]]},"ISBN":["9783319942766","9783319942773"],"references-count":20,"URL":"https:\/\/doi.org\/10.1007\/978-3-319-94277-3_70","relation":{},"ISSN":["0302-9743","1611-3349"],"issn-type":[{"type":"print","value":"0302-9743"},{"type":"electronic","value":"1611-3349"}],"subject":[],"published":{"date-parts":[[2018]]},"assertion":[{"value":"26 June 2018","order":1,"name":"first_online","label":"First Online","group":{"name":"ChapterHistory","label":"Chapter History"}},{"value":"ICCHP","order":1,"name":"conference_acronym","label":"Conference Acronym","group":{"name":"ConferenceInfo","label":"Conference Information"}},{"value":"International Conference on Computers Helping People with Special Needs","order":2,"name":"conference_name","label":"Conference Name","group":{"name":"ConferenceInfo","label":"Conference Information"}},{"value":"Linz","order":3,"name":"conference_city","label":"Conference City","group":{"name":"ConferenceInfo","label":"Conference Information"}},{"value":"Austria","order":4,"name":"conference_country","label":"Conference Country","group":{"name":"ConferenceInfo","label":"Conference Information"}},{"value":"2018","order":5,"name":"conference_year","label":"Conference Year","group":{"name":"ConferenceInfo","label":"Conference Information"}},{"value":"11 July 2018","order":7,"name":"conference_start_date","label":"Conference Start Date","group":{"name":"ConferenceInfo","label":"Conference Information"}},{"value":"13 July 2018","order":8,"name":"conference_end_date","label":"Conference End Date","group":{"name":"ConferenceInfo","label":"Conference Information"}},{"value":"16","order":9,"name":"conference_number","label":"Conference Number","group":{"name":"ConferenceInfo","label":"Conference Information"}},{"value":"icchp2018","order":10,"name":"conference_id","label":"Conference ID","group":{"name":"ConferenceInfo","label":"Conference Information"}},{"value":"http:\/\/www.icchp.org\/","order":11,"name":"conference_url","label":"Conference URL","group":{"name":"ConferenceInfo","label":"Conference Information"}}]}}

Overmars-Marx, T., Thomése, F., Verdonschot, M., Meininger, H.: Advancing social inclusion in the neighbourhood for people with an intellectual disability: an exploration of the literature. Disabil. Soc. 29(2), 255–274 (2014)

S Söderström

Söderström, S., Ytterhus, B.: The use and non-use of assistive technologies from the world of information and communication technology by visually impaired young people: a walk on the tightrope of peer inclusion. Disabil. Soc. 25(3), 303–315 (2010)

Verdugo, M.A., Gomez, L.E., Arias, B., Navas, P., Schalock, R.: Measuring quality of life in people with intellectual and multiple disabilities: validation of the San Martın scale. Res. Dev. Disabil. 35(2014), 75–86 (2013)
