{"status":"ok","message-type":"work","message-version":"1.0.0","message":{"indexed":{"date-parts":[[2025,3,26]],"date-time":"2025-03-26T20:10:37Z","timestamp":1743019837792,"version":"3.40.3"},"publisher-location":"Cham","reference-count":20,"publisher":"Springer International Publishing","isbn-type":[{"type":"print","value":"9783030160272"},{"type":"electronic","value":"9783030160289"}],"license":[{"start":{"date-parts":[[2019,1,1]],"date-time":"2019-01-01T00:00:00Z","timestamp":1546300800000},"content-version":"tdm","delay-in-days":0,"URL":"http:\/\/www.springer.com\/tdm"}],"content-domain":{"domain":["link.springer.com"],"crossmark-restriction":false},"short-container-title":[],"published-print":{"date-parts":[[2019]]},"DOI":"10.1007\/978-3-030-16028-9_28","type":"book-chapter","created":{"date-parts":[[2019,4,13]],"date-time":"2019-04-13T03:03:39Z","timestamp":1555124619000},"page":"319-326","update-policy":"https:\/\/doi.org\/10.1007\/springer_crossmark_policy","source":"Crossref","is-referenced-by-count":8,"title":["Biological and Socio-Demographic Predictors of Elderly Quality of Life Living in the Community in Baixo-Alentejo, Portugal"],"prefix":"10.1007","author":[{"ORCID":"https:\/\/orcid.org\/0000-0001-6017-6874","authenticated-orcid":false,"given":"Margarida","family":"Goes","sequence":"first","affiliation":[]},{"ORCID":"https:\/\/orcid.org\/0000-0002-7554-8041","authenticated-orcid":false,"given":"Manuel Jos\u00e9","family":"Lopes","sequence":"additional","affiliation":[]},{"ORCID":"https:\/\/orcid.org\/0000-0001-8687-4291","authenticated-orcid":false,"given":"Henrique","family":"Oliveira","sequence":"additional","affiliation":[]},{"ORCID":"https:\/\/orcid.org\/0000-0001-6975-612X","authenticated-orcid":false,"given":"C\u00e9sar","family":"Fonseca","sequence":"additional","affiliation":[]},{"ORCID":"https:\/\/orcid.org\/0000-0002-7664-8597","authenticated-orcid":false,"given":"David","family":"Mendes","sequence":"additional","affiliation":[]}],"member":"297","published-online":{"date-parts":[[2019,4,14]]},"reference":[{"key":"28_CR1","unstructured":"PORDATA Homepage. \n                    https:\/\/www.pordata.pt\/en\/Europe\/Ageing+index-1609\n                    \n                  . Accessed 12 Apr 2018"},{"key":"28_CR2","unstructured":"INE Homepage \u201cProjections of resident population in Portugal\u201d. \n                    https:\/\/www.ine.pt\/xportal\/xmain?xpid=INE&xpgid=ine_destaques&DESTAQUESdest_boui=277695619&DESTAQUESmodo=2&xlang=en\n                    \n                  . Accessed 12 Apr 2018"},{"key":"28_CR3","unstructured":"INE Homepage. \n                    https:\/\/www.ine.pt\/clientFiles\/WkZJKJAmW3dyY43UAN6B7-aY_57871.xls\n                    \n                  . Accessed 12 Apr 2018"},{"key":"28_CR4","unstructured":"WHO Quality of Life Assessment Group.: What quality of life?\/The WHOQOL Group. World Health Forum 17(4), 354\u2013356 (1996)"},{"key":"28_CR5","unstructured":"Canavarro, M., et al: WHOQOL dispon\u00edvel para Portugal: Desenvolvimento dos instrumentos de Avalia\u00e7\u00e3o da Qualidade de Vida da Organiza\u00e7\u00e3o Mundial de Sa\u00fade (WHOQOL-100 e WHOQOL-BREF). In: Canavarro, M.C., Serra, A.V. (eds.) Qualidade de vida e sa\u00fade: Uma abordagem na perspectiva da Organiza\u00e7\u00e3o Mundial de Sa\u00fade, pp. 171\u2013190. Funda\u00e7\u00e3o Calouste Gulbenkian, Lisboa (2010)"},{"issue":"4","key":"28_CR6","doi-asserted-by":"publisher","first-page":"400","DOI":"10.18471\/rbe.v29i4.11857","volume":"29","author":"R Angelim","year":"2015","unstructured":"Angelim, R., et al.: An\u00e1lise da Qualidade de Vida por meio do WHOQOL: An\u00e1lise bibliom\u00e9trica da produ\u00e7\u00e3o de Enfermagem. Revista Baiana de Enfermagem 29(4), 400\u2013410 (2015)","journal-title":"Revista Baiana de Enfermagem"},{"key":"28_CR7","volume-title":"Epidemiologia b\u00e1sica","author":"R Bonita","year":"2010","unstructured":"Bonita, R., Beaglehole, R., Kjellstr\u00f6m, T.: Epidemiologia b\u00e1sica, 2nd edn. Livraria Santos Editora Com\u00e9rcio e Importa\u00e7\u00e3o, S\u00e3o Paulo (2010)","edition":"2"},{"key":"28_CR8","unstructured":"Lemeshow, S., et al.: Adequacy of Sample Size in Health Studies. \n                    http:\/\/apps.who.int\/iris\/bitstream\/10665\/41607\/1\/0471925179_eng.pdf\n                    \n                  . Accessed 12 Apr 2018"},{"key":"28_CR9","unstructured":"Canavarro, M., et al.: WHOQOL-BREF (Vers\u00e3o em Portugu\u00eas de Portugal do Instrumento Abreviado de Avalia\u00e7\u00e3o da Qualidade de Vida da Organiza\u00e7\u00e3o Mundial de Sa\u00fade). \n                    http:\/\/www.fpce.uc.pt\/saude\/WHOQOL_Bref.html\n                    \n                  . Accessed 10 Mar 2016"},{"key":"28_CR10","unstructured":"Mar\u00f4co, J.: An\u00e1lise Estat\u00edstica com o SPSS Statistics, 7th edn. Report Number, Lisbon (2018)"},{"key":"28_CR11","volume-title":"An\u00e1lise de Dados para Ci\u00eancias Sociais","author":"M Pestana","year":"2014","unstructured":"Pestana, M., Gageiro, J.: An\u00e1lise de Dados para Ci\u00eancias Sociais, 6th edn. Edi\u00e7\u00f5es S\u00cdLABO, Lisboa (2014)","edition":"6"},{"issue":"5","key":"28_CR12","first-page":"368","volume":"34","author":"S Ferrell","year":"1991","unstructured":"Ferrell, S., Howley, A.: Adult literacy in rural areas. J. Read. 34(5), 368\u2013372 (1991). \n                    http:\/\/www.jstor.org\/stable\/40032077\n                    \n                  . Accessed 2018\/04\/12","journal-title":"J. Read."},{"issue":"3","key":"28_CR13","first-page":"1430","volume":"11","author":"L Rodrigues","year":"2017","unstructured":"Rodrigues, L., et al.: Quality of life of elderly people of the community and associated factors. J. Nurs. UFPE 11(3), 1430\u20131483 (2017). \n                    https:\/\/periodicos.ufpe.br\/revistas\/revistaenfermagem\/article\/view\/13985\n                    \n                  . Accessed 12 Apr 2018","journal-title":"J. Nurs. UFPE"},{"issue":"11","key":"28_CR14","doi-asserted-by":"publisher","first-page":"3347","DOI":"10.1590\/1413-812320152111.14822015","volume":"21","author":"M Paiva","year":"2016","unstructured":"Paiva, M., Pegorari, M., Nascimento, J., Santos, A.: Fatores associados \u00e0 qualidade de vida de idosos comunit\u00e1rios. Ci\u00eancia & Sa\u00fade Coletiva 21(11), 3347\u20133356 (2016)","journal-title":"Ci\u00eancia & Sa\u00fade Coletiva"},{"issue":"1","key":"28_CR15","first-page":"40-53","volume":"6","author":"D Nicodemo","year":"2010","unstructured":"Nicodemo, D., Godoi, M.: Juventude dos anos 60\u201370 e envelhecimento: estudo de casos sobre. Revista Ci\u00eancia em Extens\u00e3o 6(1), 40\u201353 (2010)","journal-title":"Revista Ci\u00eancia em Extens\u00e3o"},{"issue":"1","key":"28_CR16","doi-asserted-by":"publisher","first-page":"27","DOI":"10.1590\/S0101-81082006000100005","volume":"28","author":"R Pereira","year":"2006","unstructured":"Pereira, R., et al.: Contribui\u00e7\u00e3o dos dom\u00ednios f\u00edsico, social, psicol\u00f3gico e ambiental para a qualidade de vida global de idosos. Revista de Psiquiatria do Rio Grande do Sul 28(1), 27\u201338 (2006)","journal-title":"Revista de Psiquiatria do Rio Grande do Sul"},{"issue":"Spec.","key":"28_CR17","doi-asserted-by":"publisher","first-page":"52","DOI":"10.1590\/S0104-11692013000700008","volume":"21","author":"M Lopes","year":"2013","unstructured":"Lopes, M., et al.: Evaluation of elderly persons\u2019 functionality and care needs. Revista Latino-Americana de Enfermagem 21(Spec.), 52\u201360 (2013)","journal-title":"Revista Latino-Americana de Enfermagem"},{"issue":"2012","key":"28_CR18","first-page":"169","volume":"8","author":"M Carta","year":"2018","unstructured":"Carta, M., et al.: Quality of life and urban\/rural living: preliminary results of a community survey in Italy. Clin. Pract. Epidemiol. Mental Health CP EMH 8(2012), 169\u2013174 (2018)","journal-title":"Clin. Pract. Epidemiol. Mental Health CP EMH"},{"key":"28_CR19","unstructured":"World Health Organization Homepage \u201cGlobal Health Observatory (GHO) data\u201d. \n                    http:\/\/www.who.int\/gho\/mortality_burden_disease\/en\/"},{"key":"28_CR20","unstructured":"Gameiro, G., et al.: Factores Sociais e Demogr\u00e1ficos de variabilidade da Qualidade de Vida na popula\u00e7\u00e3o geral. In: Canavarro, M.C., Serra, A.V. (eds.) Qualidade de vida e sa\u00fade: Uma abordagem na perspectiva da Organiza\u00e7\u00e3o Mundial de Sa\u00fade, pp. 251\u2013268. Funda\u00e7\u00e3o Calouste Gulbenkian, Lisboa (2010)"}],"container-title":["Communications in Computer and Information Science","Gerontechnology"],"original-title":[],"language":"en","link":[{"URL":"http:\/\/link.springer.com\/content\/pdf\/10.1007\/978-3-030-16028-9_28","content-type":"unspecified","content-version":"vor","intended-application":"similarity-checking"}],"deposited":{"date-parts":[[2019,5,21]],"date-time":"2019-05-21T00:18:36Z","timestamp":1558397916000},"score":1,"resource":{"primary":{"URL":"http:\/\/link.springer.com\/10.1007\/978-3-030-16028-9_28"}},"subtitle":[],"short-title":[],"issued":{"date-parts":[[2019]]},"ISBN":["9783030160272","9783030160289"],"references-count":20,"URL":"https:\/\/doi.org\/10.1007\/978-3-030-16028-9_28","relation":{},"ISSN":["1865-0929","1865-0937"],"issn-type":[{"type":"print","value":"1865-0929"},{"type":"electronic","value":"1865-0937"}],"subject":[],"published":{"date-parts":[[2019]]},"assertion":[{"value":"14 April 2019","order":1,"name":"first_online","label":"First Online","group":{"name":"ChapterHistory","label":"Chapter History"}},{"value":"Conflict of Interest: The authors declare that they have no conflict of interest.","order":1,"name":"Ethics","group":{"name":"EthicsHeading","label":"Compliance with Ethical Standards"}},{"value":"Ethical Approval: The research ethics committee of the Unidade Local de Sa\u00fade of Baixo Alentejo (ULSBA) approved the study protocol including study design, interview questionnaires, and informed consent.","order":2,"name":"Ethics","group":{"name":"EthicsHeading","label":"Ethics"}},{"value":"Informed Consent: Informed consent was obtained from all the 351 participants.","order":3,"name":"Ethics","group":{"name":"EthicsHeading","label":"Ethics"}},{"value":"IWoG","order":1,"name":"conference_acronym","label":"Conference Acronym","group":{"name":"ConferenceInfo","label":"Conference Information"}},{"value":"International Workshop on Gerontechnology","order":2,"name":"conference_name","label":"Conference Name","group":{"name":"ConferenceInfo","label":"Conference Information"}},{"value":"C\u00e1ceres","order":3,"name":"conference_city","label":"Conference City","group":{"name":"ConferenceInfo","label":"Conference Information"}},{"value":"Spain","order":4,"name":"conference_country","label":"Conference Country","group":{"name":"ConferenceInfo","label":"Conference Information"}},{"value":"2018","order":5,"name":"conference_year","label":"Conference Year","group":{"name":"ConferenceInfo","label":"Conference Information"}},{"value":"14 December 2018","order":7,"name":"conference_start_date","label":"Conference Start Date","group":{"name":"ConferenceInfo","label":"Conference Information"}},{"value":"17 December 2018","order":8,"name":"conference_end_date","label":"Conference End Date","group":{"name":"ConferenceInfo","label":"Conference Information"}},{"value":"1","order":9,"name":"conference_number","label":"Conference Number","group":{"name":"ConferenceInfo","label":"Conference Information"}},{"value":"iwog2018","order":10,"name":"conference_id","label":"Conference ID","group":{"name":"ConferenceInfo","label":"Conference Information"}},{"value":"http:\/\/4ie.spilab.es\/workshop\/","order":11,"name":"conference_url","label":"Conference URL","group":{"name":"ConferenceInfo","label":"Conference Information"}}]}}

Manuel José

César

Canavarro, M., et al: WHOQOL disponível para Portugal: Desenvolvimento dos instrumentos de Avaliação da Qualidade de Vida da Organização Mundial de Saúde (WHOQOL-100 e WHOQOL-BREF). In: Canavarro, M.C., Serra, A.V. (eds.) Qualidade de vida e saúde: Uma abordagem na perspectiva da Organização Mundial de Saúde, pp. 171–190. Fundação Calouste Gulbenkian, Lisboa (2010)

Angelim, R., et al.: Análise da Qualidade de Vida por meio do WHOQOL: Análise bibliométrica da produção de Enfermagem. Revista Baiana de Enfermagem 29(4), 400–410 (2015)

Epidemiologia básica

Bonita, R., Beaglehole, R., Kjellström, T.: Epidemiologia básica, 2nd edn. Livraria Santos Editora Comércio e Importação, São Paulo (2010)

Canavarro, M., et al.: WHOQOL-BREF (Versão em Português de Portugal do Instrumento Abreviado de Avaliação da Qualidade de Vida da Organização Mundial de Saúde). 
                    http://www.fpce.uc.pt/saude/WHOQOL_Bref.html
                    
                  . Accessed 10 Mar 2016

Marôco, J.: Análise Estatística com o SPSS Statistics, 7th edn. Report Number, Lisbon (2018)

Análise de Dados para Ciências Sociais

Pestana, M., Gageiro, J.: Análise de Dados para Ciências Sociais, 6th edn. Edições SÍLABO, Lisboa (2014)

Paiva, M., Pegorari, M., Nascimento, J., Santos, A.: Fatores associados à qualidade de vida de idosos comunitários. Ciência & Saúde Coletiva 21(11), 3347–3356 (2016)

Ciência & Saúde Coletiva

Nicodemo, D., Godoi, M.: Juventude dos anos 60–70 e envelhecimento: estudo de casos sobre. Revista Ciência em Extensão 6(1), 40–53 (2010)

Revista Ciência em Extensão

Pereira, R., et al.: Contribuição dos domínios físico, social, psicológico e ambiental para a qualidade de vida global de idosos. Revista de Psiquiatria do Rio Grande do Sul 28(1), 27–38 (2006)

Gameiro, G., et al.: Factores Sociais e Demográficos de variabilidade da Qualidade de Vida na população geral. In: Canavarro, M.C., Serra, A.V. (eds.) Qualidade de vida e saúde: Uma abordagem na perspectiva da Organização Mundial de Saúde, pp. 251–268. Fundação Calouste Gulbenkian, Lisboa (2010)

Ethical Approval: The research ethics committee of the Unidade Local de Saúde of Baixo Alentejo (ULSBA) approved the study protocol including study design, interview questionnaires, and informed consent.

Cáceres
