{"status":"ok","message-type":"work","message-version":"1.0.0","message":{"indexed":{"date-parts":[[2025,4,22]],"date-time":"2025-04-22T06:29:09Z","timestamp":1745303349007,"version":"3.37.3"},"publisher-location":"Cham","reference-count":13,"publisher":"Springer International Publishing","isbn-type":[{"type":"print","value":"9783030309374"},{"type":"electronic","value":"9783030309381"}],"license":[{"start":{"date-parts":[[2019,9,20]],"date-time":"2019-09-20T00:00:00Z","timestamp":1568937600000},"content-version":"tdm","delay-in-days":0,"URL":"http:\/\/www.springer.com\/tdm"}],"content-domain":{"domain":["link.springer.com"],"crossmark-restriction":false},"short-container-title":[],"published-print":{"date-parts":[[2020]]},"DOI":"10.1007\/978-3-030-30938-1_38","type":"book-chapter","created":{"date-parts":[[2019,9,19]],"date-time":"2019-09-19T10:02:57Z","timestamp":1568887377000},"page":"478-486","update-policy":"https:\/\/doi.org\/10.1007\/springer_crossmark_policy","source":"Crossref","is-referenced-by-count":2,"title":["Analysis of the Regulations that Affect Energy Efficiency with Respect to Consumption of HVAC System for Residential Buildings in Southern Spain and Portugal"],"prefix":"10.1007","author":[{"ORCID":"https:\/\/orcid.org\/0000-0002-7652-5730","authenticated-orcid":false,"given":"David","family":"Mar\u00edn-Garc\u00eda","sequence":"first","affiliation":[]},{"ORCID":"https:\/\/orcid.org\/0000-0003-0716-8589","authenticated-orcid":false,"given":"David","family":"Bienvenido-Huertas","sequence":"additional","affiliation":[]},{"ORCID":"https:\/\/orcid.org\/0000-0002-1413-3811","authenticated-orcid":false,"given":"Enrique","family":"Nieto-Juli\u00e1n","sequence":"additional","affiliation":[]},{"ORCID":"https:\/\/orcid.org\/0000-0002-2186-6159","authenticated-orcid":false,"given":"Juan Jos\u00e9","family":"Moyano Campos","sequence":"additional","affiliation":[]},{"ORCID":"https:\/\/orcid.org\/0000-0002-3042-0802","authenticated-orcid":false,"given":"Miguel Jos\u00e9","family":"Oliveira","sequence":"additional","affiliation":[]},{"ORCID":"https:\/\/orcid.org\/0000-0002-2056-6453","authenticated-orcid":false,"given":"F\u00e1tima","family":"Farinha","sequence":"additional","affiliation":[]}],"member":"297","published-online":{"date-parts":[[2019,9,20]]},"reference":[{"key":"38_CR1","unstructured":"Ministerio de Fomento. C\u00f3digo T\u00e9cnico de la Edificaci\u00f3n (CTE) Documento B\u00e1sico de Ahorro de Energ\u00eda (DB-HE). Gobierno de Espa\u00f1a (2013)"},{"key":"38_CR2","unstructured":"The European Parliament and of the Council: DIRECTIVE 2010\/31 of 19 May 2010 on the energy efficiency of buildings (recast) (2018)"},{"key":"38_CR3","unstructured":"UNE-EN ISO 13790:2011: Energetic efficiency of the buildings. Calculation of energy consumption for heating and cooling of spaces. ISO 13790:2008 (2011)"},{"key":"38_CR4","unstructured":"REH, 2013: Regulamento de Desempenho Energ\u00e9tico de Edif\u00edcios de Habita\u00e7\u00e3o. Di\u00e1rio da Rep\u00fablica, I S\u00e9rie - A, Decreto-Lei n\u00ba 118\/2013, agosto, Lisboa (2013)"},{"key":"38_CR5","unstructured":"UNI\/TS 11300-1: Thermal energy requirements of the building for winter and summer air conditioning (2014)"},{"key":"38_CR6","unstructured":"Decreto-Lei n.\u00ba 118\/2013.\u00a0Di\u00e1rio da Rep\u00fablica n.\u00ba 159\/2013, S\u00e9rie I de 2013\u201308-20. Minist\u00e9rio da Economia e do Emprego.\u00a0P\u00e1ginas:4988 \u2013 5005 (2013). \n                  https:\/\/data.dre.pt\/eli\/dec-lei\/118\/2013\/08\/20\/p\/dre\/pt\/html\n                  \n                . Accessed 20 Apr 2019"},{"key":"38_CR7","unstructured":"Aipex: Aspectos m\u00e1s importantes para el c\u00e1lculo en cuanto al Sistema de Certifica\u00e7\u00e3o Energ\u00e9tica. Decreto Lei n\u00ba 118\/2013 de 20 de agosto - actualiza\u00e7\u00e3o. \n                  http:\/\/www.aipex.es\/bioclimatico_po.php?s=2#\n                  \n                . Accessed 20 Apr 2019"},{"key":"38_CR8","unstructured":"Ram\u00edrez Perea, P.: Los n\u00fameros gordos de la demanda de climatizaci\u00f3n en viviendas (2013). \n                  http:\/\/issuu.com\/rpp.arquitectos\/docs\/20131231_numeros_gordos_demanda_cli\/1\n                  \n                . Accessed 20 Apr 2019"},{"key":"38_CR9","doi-asserted-by":"publisher","first-page":"2222","DOI":"10.3390\/en11092222","volume":"11","author":"D Bienvenido-Huertas","year":"2018","unstructured":"Bienvenido-Huertas, D., Qui\u00f1ones, J.A.F., Moyano, J., Rodr\u00edguez-Jim\u00e9nez, C.E.: Patents analysis of thermal bridges in slab fronts and their effect on energy demand. Energies 11, 2222 (2018). \n                  https:\/\/doi.org\/10.3390\/en11092222\n                  \n                . Accessed 20 Apr 2019","journal-title":"Energies"},{"key":"38_CR10","unstructured":"Gil Messias, S.: Necessidades nominais de energia em edif\u00edcios de habita\u00e7\u00e3o: compara\u00e7\u00e3o entre as metodologias do RCCTE, REH e modelo. Universidade de Lisboa Faculdade de Ci\u00eancias Departamento de Engenharia Geogr\u00e1fica, Geof\u00edsica e Energia 5r1c. \n                  http:\/\/repositorio.ul.pt\/bitstream\/10451\/16107\/1\/ulfc112498_tm_Silvana_Letras.pdf\n                  \n                . Accessed 20 Apr 2019"},{"key":"38_CR11","unstructured":"Matos Silva, C., Gomes, M.G.: T\u00e9rmica de edificios (parte 3). Mestrado em engenharia civil disciplina de conforto ambiental em edificios. \n                  http:\/\/fenix.tecnico.ulisboa.pt\/downloadFile\/3779580639351\/Termica3%20REH.pdf\n                  \n                . Accessed 20 Apr 2019"},{"key":"38_CR12","unstructured":"Gonz\u00e1lez Cant\u00f3, B., Mata Espinar, S.: Comparativa del c\u00e1lculo y de la demanda t\u00e9rmica entre las normativas de Espa\u00f1a, Francia, Italia y Portugal. Ponencia Foro Clima CYPE Ingenieros, S.A. \n                  https:\/\/www.caloryfrio.com\/category\/87-informes.html?download=848\n                  \n                . Accessed 20 Apr 2019"},{"key":"38_CR13","unstructured":"Iribarren Robledo, P.: Indicadores y metodolog\u00eda de la certificaci\u00f3n energ\u00e9tica en Espa\u00f1a y Europa. Universidad de Valladolid. Escuela de Ingenier\u00edas Industriales. TFC. Grado Ingenier\u00eda Mec\u00e1nica (2018). \n                  http:\/\/uvadoc.uva.es\/bitstream\/10324\/31494\/1\/TFG-I-930.pdf\n                  \n                . Accessed 20 Apr 2019"}],"container-title":["INCREaSE 2019"],"original-title":[],"language":"en","link":[{"URL":"http:\/\/link.springer.com\/content\/pdf\/10.1007\/978-3-030-30938-1_38","content-type":"unspecified","content-version":"vor","intended-application":"similarity-checking"}],"deposited":{"date-parts":[[2019,9,19]],"date-time":"2019-09-19T10:08:37Z","timestamp":1568887717000},"score":1,"resource":{"primary":{"URL":"http:\/\/link.springer.com\/10.1007\/978-3-030-30938-1_38"}},"subtitle":[],"short-title":[],"issued":{"date-parts":[[2019,9,20]]},"ISBN":["9783030309374","9783030309381"],"references-count":13,"URL":"https:\/\/doi.org\/10.1007\/978-3-030-30938-1_38","relation":{},"subject":[],"published":{"date-parts":[[2019,9,20]]},"assertion":[{"value":"20 September 2019","order":1,"name":"first_online","label":"First Online","group":{"name":"ChapterHistory","label":"Chapter History"}},{"value":"INCREaSE","order":1,"name":"conference_acronym","label":"Conference Acronym","group":{"name":"ConferenceInfo","label":"Conference Information"}},{"value":"International Congress on Engineering and Sustainability in the XXI Century","order":2,"name":"conference_name","label":"Conference Name","group":{"name":"ConferenceInfo","label":"Conference Information"}},{"value":"Faro","order":3,"name":"conference_city","label":"Conference City","group":{"name":"ConferenceInfo","label":"Conference Information"}},{"value":"Portugal","order":4,"name":"conference_country","label":"Conference Country","group":{"name":"ConferenceInfo","label":"Conference Information"}},{"value":"2019","order":5,"name":"conference_year","label":"Conference Year","group":{"name":"ConferenceInfo","label":"Conference Information"}},{"value":"9 October 2019","order":7,"name":"conference_start_date","label":"Conference Start Date","group":{"name":"ConferenceInfo","label":"Conference Information"}},{"value":"11 October 2019","order":8,"name":"conference_end_date","label":"Conference End Date","group":{"name":"ConferenceInfo","label":"Conference Information"}},{"value":"increase2019","order":10,"name":"conference_id","label":"Conference ID","group":{"name":"ConferenceInfo","label":"Conference Information"}}]}}

Marín-García

Nieto-Julián

Juan José

Miguel José

Fátima

Ministerio de Fomento. Código Técnico de la Edificación (CTE) Documento Básico de Ahorro de Energía (DB-HE). Gobierno de España (2013)

REH, 2013: Regulamento de Desempenho Energético de Edifícios de Habitação. Diário da República, I Série - A, Decreto-Lei nº 118/2013, agosto, Lisboa (2013)

Decreto-Lei n.º 118/2013. Diário da República n.º 159/2013, Série I de 2013–08-20. Ministério da Economia e do Emprego. Páginas:4988 – 5005 (2013). 
                  https://data.dre.pt/eli/dec-lei/118/2013/08/20/p/dre/pt/html
                  
                . Accessed 20 Apr 2019

Aipex: Aspectos más importantes para el cálculo en cuanto al Sistema de Certificação Energética. Decreto Lei nº 118/2013 de 20 de agosto - actualização. 
                  http://www.aipex.es/bioclimatico_po.php?s=2#
                  
                . Accessed 20 Apr 2019

Ramírez Perea, P.: Los números gordos de la demanda de climatización en viviendas (2013). 
                  http://issuu.com/rpp.arquitectos/docs/20131231_numeros_gordos_demanda_cli/1
                  
                . Accessed 20 Apr 2019

Bienvenido-Huertas, D., Quiñones, J.A.F., Moyano, J., Rodríguez-Jiménez, C.E.: Patents analysis of thermal bridges in slab fronts and their effect on energy demand. Energies 11, 2222 (2018). 
                  https://doi.org/10.3390/en11092222
                  
                . Accessed 20 Apr 2019

Gil Messias, S.: Necessidades nominais de energia em edifícios de habitação: comparação entre as metodologias do RCCTE, REH e modelo. Universidade de Lisboa Faculdade de Ciências Departamento de Engenharia Geográfica, Geofísica e Energia 5r1c. 
                  http://repositorio.ul.pt/bitstream/10451/16107/1/ulfc112498_tm_Silvana_Letras.pdf
                  
                . Accessed 20 Apr 2019

Matos Silva, C., Gomes, M.G.: Térmica de edificios (parte 3). Mestrado em engenharia civil disciplina de conforto ambiental em edificios. 
                  http://fenix.tecnico.ulisboa.pt/downloadFile/3779580639351/Termica3%20REH.pdf
                  
                . Accessed 20 Apr 2019

González Cantó, B., Mata Espinar, S.: Comparativa del cálculo y de la demanda térmica entre las normativas de España, Francia, Italia y Portugal. Ponencia Foro Clima CYPE Ingenieros, S.A. 
                  https://www.caloryfrio.com/category/87-informes.html?download=848
                  
                . Accessed 20 Apr 2019

Iribarren Robledo, P.: Indicadores y metodología de la certificación energética en España y Europa. Universidad de Valladolid. Escuela de Ingenierías Industriales. TFC. Grado Ingeniería Mecánica (2018). 
                  http://uvadoc.uva.es/bitstream/10324/31494/1/TFG-I-930.pdf
                  
                . Accessed 20 Apr 2019
