{"status":"ok","message-type":"work","message-version":"1.0.0","message":{"indexed":{"date-parts":[[2025,3,26]],"date-time":"2025-03-26T05:44:13Z","timestamp":1742967853326,"version":"3.40.3"},"publisher-location":"Cham","reference-count":15,"publisher":"Springer International Publishing","isbn-type":[{"type":"print","value":"9783030414856"},{"type":"electronic","value":"9783030414863"}],"license":[{"start":{"date-parts":[[2020,1,1]],"date-time":"2020-01-01T00:00:00Z","timestamp":1577836800000},"content-version":"tdm","delay-in-days":0,"URL":"http:\/\/www.springer.com\/tdm"}],"content-domain":{"domain":["link.springer.com"],"crossmark-restriction":false},"short-container-title":[],"published-print":{"date-parts":[[2020]]},"DOI":"10.1007\/978-3-030-41486-3_59","type":"book-chapter","created":{"date-parts":[[2020,2,20]],"date-time":"2020-02-20T21:03:49Z","timestamp":1582232629000},"page":"549-556","update-policy":"https:\/\/doi.org\/10.1007\/springer_crossmark_policy","source":"Crossref","is-referenced-by-count":0,"title":["Differences on Work Demands, Work Organization and Health COPSOQ II Dimensions Between Workers from Different Hierarchical Levels in a Portuguese Municipality from 2015 Until 2019"],"prefix":"10.1007","author":[{"given":"Camila A.","family":"Ribeiro","sequence":"first","affiliation":[]},{"ORCID":"https:\/\/orcid.org\/0000-0003-2950-5208","authenticated-orcid":false,"given":"Teresa P.","family":"Cotrim","sequence":"additional","affiliation":[]},{"given":"V\u00edtor","family":"Reis","sequence":"additional","affiliation":[]},{"given":"Maria Jo\u00e3o","family":"Guerreiro","sequence":"additional","affiliation":[]},{"given":"Susana","family":"Candeias","sequence":"additional","affiliation":[]},{"given":"Ana Sofia","family":"Janicas","sequence":"additional","affiliation":[]},{"given":"Margarida","family":"Costa","sequence":"additional","affiliation":[]}],"member":"297","published-online":{"date-parts":[[2020,2,21]]},"reference":[{"issue":"6","key":"59_CR1","doi-asserted-by":"publisher","first-page":"450","DOI":"10.1539\/joh.13-0021-OA","volume":"55","author":"K Ahola","year":"2013","unstructured":"Ahola, K., Salminen, S., Toppinen-Tanner, S., Koskinen, A., V\u00e4\u00e4n\u00e4nen, A.: Occupational burnout and severe injuries: An eight-year prospective cohort study among finnish forest industry workers. J. Occup. Health 55(6), 450\u2013457 (2013). \nhttps:\/\/doi.org\/10.1539\/joh.13-0021-OA","journal-title":"J. Occup. Health"},{"issue":"3","key":"59_CR2","doi-asserted-by":"publisher","first-page":"241","DOI":"10.5271\/sjweh.3625","volume":"43","author":"Hermann Burr","year":"2017","unstructured":"Burr, H., Pohrt, A., Rugulies, R., Holtermann, A., Hasselhorn, H M.: Does age modify the association between physical work demands and deterioration of self-rated general health? Scand. J. Work Environ. Health (c), 0\u201310 (2017). \nhttps:\/\/doi.org\/10.5271\/sjweh.3625","journal-title":"Scandinavian Journal of Work, Environment & Health"},{"key":"59_CR3","unstructured":"Dejours, C., Abdoucheli, E., Jayet, C.: Psicodin\u00e2mica do trabalho, 1a Edi\u00e7\u00e3o. Psicologia do trabalho 2. Trabalho: aspectos psicol\u00f3gicos (2014). ISBN: 978-85-224-1061-3"},{"key":"59_CR4","unstructured":"EU-OSHA: Work-related stress. European Agency for Safety and Health at Work, 2001\u20132002 (2006)"},{"issue":"3","key":"59_CR5","doi-asserted-by":"publisher","first-page":"183","DOI":"10.1136\/oemed-2017-104452","volume":"75","author":"Maria Fleischmann","year":"2017","unstructured":"Fleischmann, M., Carr, E., Stansfeld, S.A., Xue, B., Head, J.: Can favourable psychosocial working conditions in midlife moderate the risk of work exit for chronically ill workers? A 20-year follow-up of the Whitehall II study. Occup. Environ. Med. (2017). \nhttps:\/\/doi.org\/10.1136\/oemed-2017-104452","journal-title":"Occupational and Environmental Medicine"},{"issue":"1","key":"59_CR6","doi-asserted-by":"publisher","first-page":"57","DOI":"10.1007\/s00420-017-1261-8","volume":"91","author":"BM Havermans","year":"2018","unstructured":"Havermans, B.M., Boot, C.R.L., Hoekstra, T., Houtman, I.L.D., Brouwers, E.P.M., Anema, J.R., van der Beek, A.J.: The association between exposure to psychosocial work factors and mental health in older employees, a 3-year follow-up study. Int. Arch. Occup. Environ. Health 91(1), 57\u201366 (2018). \nhttps:\/\/doi.org\/10.1007\/s00420-017-1261-8","journal-title":"Int. Arch. Occup. Environ. Health"},{"issue":"51","key":"59_CR7","doi-asserted-by":"publisher","first-page":"193","DOI":"10.1539\/joh.L8150","volume":"51","author":"M Kompier","year":"2009","unstructured":"Kompier, M., Ybema, J.F., Janssen, J., Taris, T.: Employment contracts: cross-sectional and longitudinal relations with quality of working life, health and well-being. J. Occup. Health 51(51), 193\u2013203 (2009). \nhttps:\/\/doi.org\/10.1539\/joh.L8150","journal-title":"J. Occup. Health"},{"issue":"4","key":"59_CR8","doi-asserted-by":"publisher","first-page":"299","DOI":"10.5271\/sjweh.3571","volume":"42","author":"Ida EH Madsen","year":"2016","unstructured":"Madsen, I.E.H., Larsen, A.D., Thorsen, S.V., Pejtersen, J.H., Rugulies, R., Sivertsen, B.: Joint association of sleep problems and psychosocial working conditions with registered long-term sickness absence. A Danish cohort study. Scand. J. Work Environ. Health 42(4), 299\u2013308 (2016). \nhttps:\/\/doi.org\/10.5271\/sjweh.3571","journal-title":"Scandinavian Journal of Work, Environment & Health"},{"issue":"6","key":"59_CR9","doi-asserted-by":"publisher","first-page":"627","DOI":"10.1097\/JOM.0b013e31821df4cf","volume":"53","author":"C Magee","year":"2011","unstructured":"Magee, C., Stefanic, N., Caputi, P., Iverson, D.: Occupational factors and sick leave in Australian employees. J. Occup. Environ. Med. 53(6), 627\u2013632 (2011). \nhttps:\/\/doi.org\/10.1097\/JOM.0b013e31821df4cf","journal-title":"J. Occup. Environ. Med."},{"key":"59_CR10","doi-asserted-by":"publisher","first-page":"6459","DOI":"10.1016\/j.promfg.2015.07.927","volume":"3","author":"Aid\u00e9 Maldonado-Mac\u00edas","year":"2015","unstructured":"Maldonado-Mac\u00ecas, A., Camacho-Alamilla, R., Torres, S.G.V., Alcaraz, J.L.G., Lim\u00edn, J.: Determination of Burnout syndrome among middle and senior managers in manufacturing industry in Ciudad Juarez. Proc. Manuf. 3(Ahfe), 6459\u20136466 (2015). \nhttps:\/\/doi.org\/10.1016\/j.promfg.2015.07.927","journal-title":"Procedia Manufacturing"},{"issue":"3","key":"59_CR11","doi-asserted-by":"publisher","first-page":"176","DOI":"10.1539\/joh.L9140","volume":"52","author":"A Marchand","year":"2010","unstructured":"Marchand, A., Blanc, M.E.: The contribution of work and non-work factors to the onset of psychological distress: an eight-year prospective study of a representative sample of employees in Canada. J. Occup. Health 52(3), 176\u2013185 (2010). \nhttps:\/\/doi.org\/10.1539\/joh.L9140","journal-title":"J. Occup. Health"},{"key":"59_CR12","doi-asserted-by":"publisher","unstructured":"Metzler, Y.A., Bellingrath, S.: Psychosocial hazard analysis in a heterogeneous workforce: determinants of work stress in blue- and white-collar workers of the european steel industry. Front. Public Health 5(August) (2017). \nhttps:\/\/doi.org\/10.3389\/fpubh.2017.00210","DOI":"10.3389\/fpubh.2017.00210"},{"issue":"7","key":"59_CR13","doi-asserted-by":"publisher","first-page":"1127","DOI":"10.1007\/s00420-016-1149-z","volume":"89","author":"J Oakman","year":"2016","unstructured":"Oakman, J., Neupane, S., Nyg\u00e4rd, C.H.: Does age matter in predicting musculoskeletal disorder risk? An analysis of workplace predictors over 4??years. Int. Arch. Occup. Environ. Health 89(7), 1127\u20131136 (2016). \nhttps:\/\/doi.org\/10.1007\/s00420-016-1149-z","journal-title":"Int. Arch. Occup. Environ. Health"},{"issue":"3 Suppl","key":"59_CR14","doi-asserted-by":"publisher","first-page":"42","DOI":"10.1177\/1403494809346873","volume":"38","author":"R Rugulies","year":"2010","unstructured":"Rugulies, R., Aust, B., Pejtersen, J.H.: Do psychosocial work environment factors measured with scales from the Copenhagen Psychosocial Questionnaire predict register-based sickness absence of 3\u00a0weeks or more in Denmark? Scand. J. Public Health 38(3 Suppl), 42\u201350 (2010). \nhttps:\/\/doi.org\/10.1177\/1403494809346873","journal-title":"Scand. J. Public Health"},{"key":"59_CR15","unstructured":"Silva, C., Amaral, V., Pereira, A., Bem-Haja, P., Pereira, A., Rodrigues, V., Cotrim, T., Silv\u00e9rio, J., Nossa, P.: Copenhagen Psychosocial Questionnaire - COPSOQ - Portugal e pa\u00edses africanos de l\u00edngua oficial portuguesa 1\u201346 (2012)"}],"container-title":["Studies in Systems, Decision and Control","Occupational and Environmental Safety and Health II"],"original-title":[],"language":"en","link":[{"URL":"http:\/\/link.springer.com\/content\/pdf\/10.1007\/978-3-030-41486-3_59","content-type":"unspecified","content-version":"vor","intended-application":"similarity-checking"}],"deposited":{"date-parts":[[2020,5,25]],"date-time":"2020-05-25T08:14:11Z","timestamp":1590394451000},"score":1,"resource":{"primary":{"URL":"http:\/\/link.springer.com\/10.1007\/978-3-030-41486-3_59"}},"subtitle":[],"short-title":[],"issued":{"date-parts":[[2020]]},"ISBN":["9783030414856","9783030414863"],"references-count":15,"URL":"https:\/\/doi.org\/10.1007\/978-3-030-41486-3_59","relation":{},"ISSN":["2198-4182","2198-4190"],"issn-type":[{"type":"print","value":"2198-4182"},{"type":"electronic","value":"2198-4190"}],"subject":[],"published":{"date-parts":[[2020]]},"assertion":[{"value":"21 February 2020","order":1,"name":"first_online","label":"First Online","group":{"name":"ChapterHistory","label":"Chapter History"}}]}}

Vítor

Maria João

Ahola, K., Salminen, S., Toppinen-Tanner, S., Koskinen, A., Väänänen, A.: Occupational burnout and severe injuries: An eight-year prospective cohort study among finnish forest industry workers. J. Occup. Health 55(6), 450–457 (2013). 
https://doi.org/10.1539/joh.13-0021-OA

Dejours, C., Abdoucheli, E., Jayet, C.: Psicodinâmica do trabalho, 1a Edição. Psicologia do trabalho 2. Trabalho: aspectos psicológicos (2014). ISBN: 978-85-224-1061-3

Aidé Maldonado-Macías

Maldonado-Macìas, A., Camacho-Alamilla, R., Torres, S.G.V., Alcaraz, J.L.G., Limín, J.: Determination of Burnout syndrome among middle and senior managers in manufacturing industry in Ciudad Juarez. Proc. Manuf. 3(Ahfe), 6459–6466 (2015). 
https://doi.org/10.1016/j.promfg.2015.07.927

Oakman, J., Neupane, S., Nygärd, C.H.: Does age matter in predicting musculoskeletal disorder risk? An analysis of workplace predictors over 4??years. Int. Arch. Occup. Environ. Health 89(7), 1127–1136 (2016). 
https://doi.org/10.1007/s00420-016-1149-z

Silva, C., Amaral, V., Pereira, A., Bem-Haja, P., Pereira, A., Rodrigues, V., Cotrim, T., Silvério, J., Nossa, P.: Copenhagen Psychosocial Questionnaire - COPSOQ - Portugal e países africanos de língua oficial portuguesa 1–46 (2012)
