{"status":"ok","message-type":"work","message-version":"1.0.0","message":{"indexed":{"date-parts":[[2025,3,26]],"date-time":"2025-03-26T20:39:35Z","timestamp":1743021575360,"version":"3.40.3"},"publisher-location":"Cham","reference-count":12,"publisher":"Springer International Publishing","isbn-type":[{"type":"print","value":"9783030556990"},{"type":"electronic","value":"9783030557003"}],"license":[{"start":{"date-parts":[[2020,9,12]],"date-time":"2020-09-12T00:00:00Z","timestamp":1599868800000},"content-version":"tdm","delay-in-days":0,"URL":"http:\/\/www.springer.com\/tdm"},{"start":{"date-parts":[[2020,9,12]],"date-time":"2020-09-12T00:00:00Z","timestamp":1599868800000},"content-version":"vor","delay-in-days":0,"URL":"http:\/\/www.springer.com\/tdm"}],"content-domain":{"domain":["link.springer.com"],"crossmark-restriction":false},"short-container-title":[],"published-print":{"date-parts":[[2021]]},"DOI":"10.1007\/978-3-030-55700-3_11","type":"book-chapter","created":{"date-parts":[[2020,9,11]],"date-time":"2020-09-11T07:05:15Z","timestamp":1599807915000},"page":"149-158","update-policy":"https:\/\/doi.org\/10.1007\/springer_crossmark_policy","source":"Crossref","is-referenced-by-count":2,"title":["The Rise of the First Design Course at the School of Fine Arts of Porto"],"prefix":"10.1007","author":[{"ORCID":"https:\/\/orcid.org\/0000-0002-3279-4808","authenticated-orcid":false,"given":"Cl\u00e1udia","family":"Lima","sequence":"first","affiliation":[]},{"ORCID":"https:\/\/orcid.org\/0000-0003-0119-4583","authenticated-orcid":false,"given":"Heitor","family":"Alvelos","sequence":"additional","affiliation":[]},{"ORCID":"https:\/\/orcid.org\/0000-0002-1842-7788","authenticated-orcid":false,"given":"Susana","family":"Barreto","sequence":"additional","affiliation":[]},{"ORCID":"https:\/\/orcid.org\/0000-0001-7750-6227","authenticated-orcid":false,"given":"Eliana","family":"Penedos-Santiago","sequence":"additional","affiliation":[]},{"ORCID":"https:\/\/orcid.org\/0000-0002-5228-5453","authenticated-orcid":false,"given":"Nuno","family":"Martins","sequence":"additional","affiliation":[]}],"member":"297","published-online":{"date-parts":[[2020,9,12]]},"reference":[{"key":"11_CR1","volume-title":"Domingos Pinho","author":"BP Almeida","year":"2004","unstructured":"Almeida BP (2004) Domingos Pinho. ASA Editores, Porto"},{"key":"11_CR2","doi-asserted-by":"crossref","unstructured":"Banks M, Zeitlyn D (2015) Visual methods in social research. SAGE Publications","DOI":"10.4135\/9781473921702"},{"key":"11_CR3","volume-title":"Design Portugu\u00eas: Cronologia 1960\/2015","author":"J B\u00e1rtolo","year":"2015","unstructured":"B\u00e1rtolo J (2015) Design Portugu\u00eas: Cronologia 1960\/2015. Verso da Hist\u00f3ria, Vila do Conde"},{"key":"11_CR4","first-page":"30","volume-title":"Daciano da costa designer","author":"J Brand\u00e3o","year":"2001","unstructured":"Brand\u00e3o J (2001) Design \u00e9 um s\u00f3. In: Martins JP (ed) Daciano da costa designer. Funda\u00e7\u00e3o Calouste Gulbenkian, Lisboa, pp 30\u201333"},{"key":"11_CR5","volume-title":"Design Gr\u00e1fico em Portugal: formas e express\u00f5es da cultura visual do s\u00e9culo XX","author":"M Fragoso","year":"2012","unstructured":"Fragoso M (2012) Design Gr\u00e1fico em Portugal: formas e express\u00f5es da cultura visual do s\u00e9culo XX. Livros Horizonte, Lisboa"},{"key":"11_CR6","unstructured":"Mana\u00e7as V (2005) Percursos do design em Portugal. Volume I (Disserta\u00e7\u00e3o de Doutoramento). Recuperado de Reposit\u00f3rio da Universidade de Lisboa. http:\/\/hdl.handle.net\/10451\/27715"},{"key":"11_CR12","unstructured":"Mendon\u00e7a, R (2007) O Cartaz e a Escola_Um Estudo Centrado nos Autores e no Curso de Design das Belas Artes do Porto (Disserta\u00e7\u00e3o de Doutoramento). Faculdade de Pelas Artes da Universidade do Porto"},{"key":"11_CR7","unstructured":"Modesto A (2016, 12 September) Retratos de gera\u00e7\u00f5es na primeira pessoa: Ant\u00f3nio Modesto\/Interviewer: J. T. Santos [video]. https:\/\/vimeo.com\/182472733"},{"key":"11_CR8","unstructured":"Quivy R, Campenhoudt LV (2008) Manual de Investiga\u00e7\u00e3o em Ci\u00eancias Sociais. Gradiva, Lisboa"},{"key":"11_CR9","unstructured":"Sena da Silva A (2001) Modos de aprender. In: Martins JP (eds.) Daciano da costa designer. Funda\u00e7\u00e3o Calouste Gulbenkian, Lisboa, pp. 12\u201317"},{"key":"11_CR10","unstructured":"Silva PP (2017, 4 January) Dr. Eduardo Calvet de Magalh\u00e3es: a mem\u00f3ria viva de um intelectual ao servi\u00e7o das Artes! [Blog post]. http:\/\/mukangebooks.blogspot.com\/2017\/01\/dr-eduardo-calvet-de-magalhaes-memoria.html"},{"key":"11_CR11","doi-asserted-by":"crossref","unstructured":"Tinkler P (2013) Using photographs in social and historical research. Sage Publications","DOI":"10.4135\/9781446288016"}],"container-title":["Springer Series in Design and Innovation","Advances in Design, Music and Arts"],"original-title":[],"language":"en","link":[{"URL":"http:\/\/link.springer.com\/content\/pdf\/10.1007\/978-3-030-55700-3_11","content-type":"unspecified","content-version":"vor","intended-application":"similarity-checking"}],"deposited":{"date-parts":[[2021,3,31]],"date-time":"2021-03-31T22:25:20Z","timestamp":1617229520000},"score":1,"resource":{"primary":{"URL":"http:\/\/link.springer.com\/10.1007\/978-3-030-55700-3_11"}},"subtitle":[],"short-title":[],"issued":{"date-parts":[[2020,9,12]]},"ISBN":["9783030556990","9783030557003"],"references-count":12,"URL":"https:\/\/doi.org\/10.1007\/978-3-030-55700-3_11","relation":{},"ISSN":["2661-8184","2661-8192"],"issn-type":[{"type":"print","value":"2661-8184"},{"type":"electronic","value":"2661-8192"}],"subject":[],"published":{"date-parts":[[2020,9,12]]},"assertion":[{"value":"12 September 2020","order":1,"name":"first_online","label":"First Online","group":{"name":"ChapterHistory","label":"Chapter History"}},{"value":"EIMAD","order":1,"name":"conference_acronym","label":"Conference Acronym","group":{"name":"ConferenceInfo","label":"Conference Information"}},{"value":"Meeting of Research in Music, Arts and Design","order":2,"name":"conference_name","label":"Conference Name","group":{"name":"ConferenceInfo","label":"Conference Information"}},{"value":"Castelo Branco","order":3,"name":"conference_city","label":"Conference City","group":{"name":"ConferenceInfo","label":"Conference Information"}},{"value":"Portugal","order":4,"name":"conference_country","label":"Conference Country","group":{"name":"ConferenceInfo","label":"Conference Information"}},{"value":"2020","order":5,"name":"conference_year","label":"Conference Year","group":{"name":"ConferenceInfo","label":"Conference Information"}},{"value":"14 May 2020","order":7,"name":"conference_start_date","label":"Conference Start Date","group":{"name":"ConferenceInfo","label":"Conference Information"}},{"value":"15 May 2020","order":8,"name":"conference_end_date","label":"Conference End Date","group":{"name":"ConferenceInfo","label":"Conference Information"}},{"value":"eimad2020","order":10,"name":"conference_id","label":"Conference ID","group":{"name":"ConferenceInfo","label":"Conference Information"}},{"value":"http:\/\/eimad.ipcb.pt\/","order":11,"name":"conference_url","label":"Conference URL","group":{"name":"ConferenceInfo","label":"Conference Information"}}]}}

Cláudia

Design Português: Cronologia 1960/2015

J Bártolo

Bártolo J (2015) Design Português: Cronologia 1960/2015. Verso da História, Vila do Conde

J Brandão

Brandão J (2001) Design é um só. In: Martins JP (ed) Daciano da costa designer. Fundação Calouste Gulbenkian, Lisboa, pp 30–33

Design Gráfico em Portugal: formas e expressões da cultura visual do século XX

Fragoso M (2012) Design Gráfico em Portugal: formas e expressões da cultura visual do século XX. Livros Horizonte, Lisboa

Manaças V (2005) Percursos do design em Portugal. Volume I (Dissertação de Doutoramento). Recuperado de Repositório da Universidade de Lisboa. http://hdl.handle.net/10451/27715

Mendonça, R (2007) O Cartaz e a Escola_Um Estudo Centrado nos Autores e no Curso de Design das Belas Artes do Porto (Dissertação de Doutoramento). Faculdade de Pelas Artes da Universidade do Porto

Modesto A (2016, 12 September) Retratos de gerações na primeira pessoa: António Modesto/Interviewer: J. T. Santos [video]. https://vimeo.com/182472733

Quivy R, Campenhoudt LV (2008) Manual de Investigação em Ciências Sociais. Gradiva, Lisboa

Sena da Silva A (2001) Modos de aprender. In: Martins JP (eds.) Daciano da costa designer. Fundação Calouste Gulbenkian, Lisboa, pp. 12–17

Silva PP (2017, 4 January) Dr. Eduardo Calvet de Magalhães: a memória viva de um intelectual ao serviço das Artes! [Blog post]. http://mukangebooks.blogspot.com/2017/01/dr-eduardo-calvet-de-magalhaes-memoria.html
