{"status":"ok","message-type":"work","message-version":"1.0.0","message":{"indexed":{"date-parts":[[2025,3,27]],"date-time":"2025-03-27T00:24:38Z","timestamp":1743035078626,"version":"3.40.3"},"publisher-location":"Cham","reference-count":15,"publisher":"Springer International Publishing","isbn-type":[{"type":"print","value":"9783030746049"},{"type":"electronic","value":"9783030746056"}],"license":[{"start":{"date-parts":[[2021,1,1]],"date-time":"2021-01-01T00:00:00Z","timestamp":1609459200000},"content-version":"tdm","delay-in-days":0,"URL":"https:\/\/www.springer.com\/tdm"},{"start":{"date-parts":[[2021,1,1]],"date-time":"2021-01-01T00:00:00Z","timestamp":1609459200000},"content-version":"vor","delay-in-days":0,"URL":"https:\/\/www.springer.com\/tdm"}],"content-domain":{"domain":["link.springer.com"],"crossmark-restriction":false},"short-container-title":[],"published-print":{"date-parts":[[2021]]},"DOI":"10.1007\/978-3-030-74605-6_5","type":"book-chapter","created":{"date-parts":[[2021,5,4]],"date-time":"2021-05-04T09:03:53Z","timestamp":1620119033000},"page":"33-40","update-policy":"https:\/\/doi.org\/10.1007\/springer_crossmark_policy","source":"Crossref","is-referenced-by-count":0,"title":["Analyzing the Influence of Work Demands and Work Organization on Workability Based on Age"],"prefix":"10.1007","author":[{"given":"Camila A.","family":"Ribeiro","sequence":"first","affiliation":[]},{"ORCID":"https:\/\/orcid.org\/0000-0003-2950-5208","authenticated-orcid":false,"given":"Teresa P.","family":"Cotrim","sequence":"additional","affiliation":[]},{"given":"V\u00edtor","family":"Reis","sequence":"additional","affiliation":[]},{"given":"Maria Jo\u00e3o","family":"Guerreiro","sequence":"additional","affiliation":[]},{"given":"Susana","family":"Candeias","sequence":"additional","affiliation":[]},{"given":"Ana Sofia","family":"Janicas","sequence":"additional","affiliation":[]},{"given":"Margarida","family":"Costa","sequence":"additional","affiliation":[]}],"member":"297","published-online":{"date-parts":[[2021,5,5]]},"reference":[{"key":"5_CR1","doi-asserted-by":"publisher","first-page":"85","DOI":"10.1016\/j.ergon.2014.12.013","volume":"46","author":"JD Collins","year":"2015","unstructured":"Collins, J.D., O\u2019Sullivan, L.W.: Musculoskeletal disorder prevalence and psychosocial risk exposures by age and gender in a cohort of office based employees in two academic institutions. Int. J. Ind. Ergon. 46, 85\u201397 (2015). https:\/\/doi.org\/10.1016\/j.ergon.2014.12.013","journal-title":"Int. J. Ind. Ergon."},{"key":"5_CR2","unstructured":"EU-OSHA: Healthy Workplaces for All Ages Promoting a sustainable working life (2016). https:\/\/www.healthy-workplaces.eu\/"},{"key":"5_CR3","doi-asserted-by":"publisher","unstructured":"Fleischmann, M., Carr, E., Stansfeld, S.A., Xue, B., Head, J.: Can favourable psychosocial working conditions in midlife moderate the risk of work exit for chronically ill workers? A 20-year follow-up of the Whitehall II study. Occup. Environ. Med. (2017). https:\/\/doi.org\/10.1136\/oemed-2017-104452","DOI":"10.1136\/oemed-2017-104452"},{"issue":"1","key":"5_CR4","doi-asserted-by":"publisher","first-page":"57","DOI":"10.1007\/s00420-017-1261-8","volume":"91","author":"BM Havermans","year":"2018","unstructured":"Havermans, B.M., Boot, C.R.L., Hoekstra, T., Houtman, I.L.D., Brouwers, E.P.M., Anema, J.R., van der Beek, A.J.: The association between exposure to psychosocial work factors and mental health in older employees, a 3-year follow-up study. Int. Arch. Occup. Environ. Health 91(1), 57\u201366 (2018). https:\/\/doi.org\/10.1007\/s00420-017-1261-8","journal-title":"Int. Arch. Occup. Environ. Health"},{"key":"5_CR5","first-page":"49","volume":"23","author":"J Ilmarinen","year":"1997","unstructured":"Ilmarinen, J., Tuomi, K., Klockars, M.: Changes in the work ability of active employees over an 11-year period. Scand. J. Work Environ. Health 23, 49\u201357 (1997)","journal-title":"Scand. J. Work Environ. Health"},{"key":"5_CR6","unstructured":"Ilmarinen, J.: Promover o envelhecimento ativo no local de trabalho. Agencia Europeia de Sa\u00fade e Seguran\u00e7a No Trabalho. Bruxelas: OSHA, 1\u20139 (2012)"},{"key":"5_CR7","doi-asserted-by":"publisher","unstructured":"Ilmarinen, J.: From work ability research to implementation. Int. J. Environ. Res. Public Health 16(16) (2019). https:\/\/doi.org\/10.3390\/ijerph16162882","DOI":"10.3390\/ijerph16162882"},{"issue":"1","key":"5_CR10","doi-asserted-by":"publisher","first-page":"86","DOI":"10.1007\/s10926-014-9525-6","volume":"25","author":"FRM Leijten","year":"2015","unstructured":"Leijten, F.R.M., van den Heuvel, S.G., van der Beek, A.J., Ybema, J.F., Robroek, S.J.W., Burdorf, A.: Associations of work-related factors and work engagement with mental and physical health: a 1-year follow-up study among older workers. J. Occup. Rehabil. 25(1), 86\u201395 (2015). https:\/\/doi.org\/10.1007\/s10926-014-9525-6","journal-title":"J. Occup. Rehabil."},{"key":"5_CR11","doi-asserted-by":"publisher","unstructured":"Metzler, Y.A., Bellingrath, S.: Psychosocial hazard analysis in a heterogeneous workforce: determinants of work stress in blue- and white-collar workers of the European steel industry. Front. Public Health 5 (2017). https:\/\/doi.org\/10.3389\/fpubh.2017.00210","DOI":"10.3389\/fpubh.2017.00210"},{"issue":"7","key":"5_CR12","doi-asserted-by":"publisher","first-page":"1127","DOI":"10.1007\/s00420-016-1149-z","volume":"89","author":"J Oakman","year":"2016","unstructured":"Oakman, J., Neupane, S., Nyg\u00e5rd, C.H.: Does age matter in predicting musculoskeletal disorder risk? An analysis of workplace predictors over 4 years. Int. Arch. Occup. Environ. Health 89(7), 1127\u20131136 (2016). https:\/\/doi.org\/10.1007\/s00420-016-1149-z","journal-title":"Int. Arch. Occup. Environ. Health"},{"key":"5_CR13","doi-asserted-by":"publisher","unstructured":"OMS, O.M. de S.: CIF: Classifica\u00e7\u00e3o Internacional de Funcionalidade. Calssifica\u00e7\u00e3o Internacional de Funcionalidade, Incapacidade e Saude, 238 (2004). https:\/\/doi.org\/10.1590\/S1415-790X2005000200011","DOI":"10.1590\/S1415-790X2005000200011"},{"issue":"3 Suppl","key":"5_CR14","doi-asserted-by":"publisher","first-page":"42","DOI":"10.1177\/1403494809346873","volume":"38","author":"R Rugulies","year":"2010","unstructured":"Rugulies, R., Aust, B., Pejtersen, J.H.: Do psychosocial work environment factors measured with scales from the Copenhagen psychosocial questionnaire predict register-based sickness absence of 3 weeks or more in Denmark? Scand. J. Public Health 38(3 Suppl), 42\u201350 (2010). https:\/\/doi.org\/10.1177\/1403494809346873","journal-title":"Scand. J. Public Health"},{"key":"5_CR15","unstructured":"Silva, C., Rodrigues, V., Pereira, A., Cotrim, T., Silv\u00e9rio, J., Rodrigues, P., Sousa, C.: \u00cdndice de Capacidade para o Trabalho-Portugal e Pa\u00edses Africanos de L\u00edngua Oficial Portuguesa. FCT - Funda\u00e7\u00e3o Para a Ci\u00eancia e Tecnologia, pp. 1\u20136 (2011)"},{"key":"5_CR16","unstructured":"Silva, C., Amaral, V., Pereira, A., Bem-Haja, P., Pereira, A., Rodrigues, V., Nossa, P.: Copenhagen Psychosocial Questionnaire - COPSOQ - Portugal e pa\u00edses africanos de l\u00edngua oficial portuguesa, pp. 1\u201346 (2012)"},{"issue":"5","key":"5_CR17","doi-asserted-by":"publisher","first-page":"318","DOI":"10.1093\/occmed\/51.5.318","volume":"51","author":"K Tuomi","year":"2001","unstructured":"Tuomi, K., Huuhtanen, P., Nykyri, E., Ilmarinen, J.: Promotion of work ability, the quality of work and retirement. Occup. Med. 51(5), 318\u2013324 (2001)","journal-title":"Occup. Med."}],"container-title":["Lecture Notes in Networks and Systems","Proceedings of the 21st Congress of the International Ergonomics Association (IEA 2021)"],"original-title":[],"language":"en","link":[{"URL":"https:\/\/link.springer.com\/content\/pdf\/10.1007\/978-3-030-74605-6_5","content-type":"unspecified","content-version":"vor","intended-application":"similarity-checking"}],"deposited":{"date-parts":[[2023,1,23]],"date-time":"2023-01-23T16:14:07Z","timestamp":1674490447000},"score":1,"resource":{"primary":{"URL":"https:\/\/link.springer.com\/10.1007\/978-3-030-74605-6_5"}},"subtitle":[],"short-title":[],"issued":{"date-parts":[[2021]]},"ISBN":["9783030746049","9783030746056"],"references-count":15,"URL":"https:\/\/doi.org\/10.1007\/978-3-030-74605-6_5","relation":{},"ISSN":["2367-3370","2367-3389"],"issn-type":[{"type":"print","value":"2367-3370"},{"type":"electronic","value":"2367-3389"}],"subject":[],"published":{"date-parts":[[2021]]},"assertion":[{"value":"5 May 2021","order":1,"name":"first_online","label":"First Online","group":{"name":"ChapterHistory","label":"Chapter History"}},{"value":"IEA","order":1,"name":"conference_acronym","label":"Conference Acronym","group":{"name":"ConferenceInfo","label":"Conference Information"}},{"value":"Congress of the International Ergonomics Association","order":2,"name":"conference_name","label":"Conference Name","group":{"name":"ConferenceInfo","label":"Conference Information"}},{"value":"2021","order":5,"name":"conference_year","label":"Conference Year","group":{"name":"ConferenceInfo","label":"Conference Information"}},{"value":"13 June 2021","order":7,"name":"conference_start_date","label":"Conference Start Date","group":{"name":"ConferenceInfo","label":"Conference Information"}},{"value":"18 June 2021","order":8,"name":"conference_end_date","label":"Conference End Date","group":{"name":"ConferenceInfo","label":"Conference Information"}},{"value":"21","order":9,"name":"conference_number","label":"Conference Number","group":{"name":"ConferenceInfo","label":"Conference Information"}},{"value":"iea2021","order":10,"name":"conference_id","label":"Conference ID","group":{"name":"ConferenceInfo","label":"Conference Information"}}]}}

Vítor

Maria João

Ilmarinen, J.: Promover o envelhecimento ativo no local de trabalho. Agencia Europeia de Saúde e Segurança No Trabalho. Bruxelas: OSHA, 1–9 (2012)

Oakman, J., Neupane, S., Nygård, C.H.: Does age matter in predicting musculoskeletal disorder risk? An analysis of workplace predictors over 4 years. Int. Arch. Occup. Environ. Health 89(7), 1127–1136 (2016). https://doi.org/10.1007/s00420-016-1149-z

OMS, O.M. de S.: CIF: Classificação Internacional de Funcionalidade. Calssificação Internacional de Funcionalidade, Incapacidade e Saude, 238 (2004). https://doi.org/10.1590/S1415-790X2005000200011

Silva, C., Rodrigues, V., Pereira, A., Cotrim, T., Silvério, J., Rodrigues, P., Sousa, C.: Índice de Capacidade para o Trabalho-Portugal e Países Africanos de Língua Oficial Portuguesa. FCT - Fundação Para a Ciência e Tecnologia, pp. 1–6 (2011)

Silva, C., Amaral, V., Pereira, A., Bem-Haja, P., Pereira, A., Rodrigues, V., Nossa, P.: Copenhagen Psychosocial Questionnaire - COPSOQ - Portugal e países africanos de língua oficial portuguesa, pp. 1–46 (2012)
