{"status":"ok","message-type":"work","message-version":"1.0.0","message":{"indexed":{"date-parts":[[2025,3,27]],"date-time":"2025-03-27T21:44:24Z","timestamp":1743111864852,"version":"3.40.3"},"publisher-location":"Cham","reference-count":12,"publisher":"Springer International Publishing","isbn-type":[{"type":"print","value":"9783030758660"},{"type":"electronic","value":"9783030758677"}],"license":[{"start":{"date-parts":[[2021,1,1]],"date-time":"2021-01-01T00:00:00Z","timestamp":1609459200000},"content-version":"tdm","delay-in-days":0,"URL":"https:\/\/www.springer.com\/tdm"},{"start":{"date-parts":[[2021,1,1]],"date-time":"2021-01-01T00:00:00Z","timestamp":1609459200000},"content-version":"vor","delay-in-days":0,"URL":"https:\/\/www.springer.com\/tdm"}],"content-domain":{"domain":["link.springer.com"],"crossmark-restriction":false},"short-container-title":[],"published-print":{"date-parts":[[2021]]},"DOI":"10.1007\/978-3-030-75867-7_24","type":"book-chapter","created":{"date-parts":[[2021,6,18]],"date-time":"2021-06-18T10:03:27Z","timestamp":1624010607000},"page":"371-384","update-policy":"https:\/\/doi.org\/10.1007\/springer_crossmark_policy","source":"Crossref","is-referenced-by-count":1,"title":["The School of Carlos Ramos:\u00a0A Lasting Legacy of a Revolution"],"prefix":"10.1007","author":[{"ORCID":"https:\/\/orcid.org\/0000-0001-7750-6227","authenticated-orcid":false,"given":"Eliana","family":"Penedos-Santiago","sequence":"first","affiliation":[]},{"ORCID":"https:\/\/orcid.org\/0000-0002-1842-7788","authenticated-orcid":false,"given":"Susana","family":"Barreto","sequence":"additional","affiliation":[]},{"ORCID":"https:\/\/orcid.org\/0000-0002-3279-4808","authenticated-orcid":false,"given":"Cl\u00e1udia","family":"Lima","sequence":"additional","affiliation":[]},{"ORCID":"https:\/\/orcid.org\/0000-0002-5228-5453","authenticated-orcid":false,"given":"Nuno","family":"Martins","sequence":"additional","affiliation":[]},{"ORCID":"https:\/\/orcid.org\/0000-0002-6607-6978","authenticated-orcid":false,"given":"Pedro","family":"Santiago","sequence":"additional","affiliation":[]}],"member":"297","published-online":{"date-parts":[[2021,5,30]]},"reference":[{"key":"24_CR1","doi-asserted-by":"publisher","DOI":"10.4135\/9780857020284","volume-title":"Visual Methods in Social Research","author":"M Banks","year":"2001","unstructured":"Banks M (2001) Visual Methods in Social Research. Sage, London"},{"key":"24_CR2","volume-title":"Using Photographs in Social and Historical Research","author":"P Tinkler","year":"2013","unstructured":"Tinkler P (2013) Using Photographs in Social and Historical Research. Sage, London"},{"key":"24_CR3","volume-title":"Image-Based Research: A Sourcebook for Qualitative Researchers","author":"J Prossner","year":"1998","unstructured":"Prossner J (1998) Image-Based Research: A Sourcebook for Qualitative Researchers. Falmer Press, London"},{"key":"24_CR4","unstructured":"Quivy R, Campenhoudt LV (2008) Manual de Investiga\u00e7\u00e3o em Ci\u00eancias Sociais. Gradiva: Lisbon"},{"key":"24_CR5","unstructured":"Coutinho B (2012) Carlos Ramos, Centro Virtual Cam\u00f5es do Instituto Cam\u00f5es"},{"key":"24_CR6","unstructured":"Instituto Cam\u00f5es https:\/\/cvc.instituto-camoes.pt\/seculo-xx\/carlos-ramos. Accessed 15 Mar 2021"},{"key":"24_CR7","unstructured":"Coutinho B (2001) Carlos Ramos (1897\u20131969): obra, pensamento e a\u00e7\u00e3o. A procura do compromisso entre o Modernismo e a Tradi\u00e7\u00e3o. Master thesis. Universidade Nova de Lisboa, Lisbon"},{"key":"24_CR8","unstructured":"Ramos C (1935) Algumas palavras e o seu verdadeiro significado. In: Sudoeste: cadernos de Almada Negreiros, n\u00ba 3, p 33. SW, Lisbon"},{"key":"24_CR9","unstructured":"T\u00e1vora F (1987) Evocando Carlos Ramos, rA. In Revista da Faculdade de Arquitectura da Universidade do Porto, n\u00ba 0, p 75. Faculdade de Arquitectura da Universidade do Porto, Porto"},{"key":"24_CR10","unstructured":"Duarte C (1999) Arquitetura em Portugal no S\u00e9culo XX: do modernismo ao tempo presente. In Panorama Arte Portuguesa no S\u00e9culo XX, p 361. Campo de Letras - Funda\u00e7\u00e3o de Serralves, Porto"},{"key":"24_CR11","unstructured":"Fragoso M (2012) Design gr\u00e1fico em portugal. Formas e Express\u00f5es da Cultura Visual do s\u00e9culo XX, pp 32\u201337. Livros Horizonte, Lisbon"},{"key":"24_CR12","unstructured":"University of Porto Thematic Repository. https:\/\/repositorio-tematico.up.pt\/. Accessed 15 Mar 2021"}],"container-title":["Springer Series in Design and Innovation","Perspectives on Design and Digital Communication II"],"original-title":[],"language":"en","link":[{"URL":"https:\/\/link.springer.com\/content\/pdf\/10.1007\/978-3-030-75867-7_24","content-type":"unspecified","content-version":"vor","intended-application":"similarity-checking"}],"deposited":{"date-parts":[[2022,5,3]],"date-time":"2022-05-03T17:31:08Z","timestamp":1651599068000},"score":1,"resource":{"primary":{"URL":"https:\/\/link.springer.com\/10.1007\/978-3-030-75867-7_24"}},"subtitle":[],"short-title":[],"issued":{"date-parts":[[2021]]},"ISBN":["9783030758660","9783030758677"],"references-count":12,"URL":"https:\/\/doi.org\/10.1007\/978-3-030-75867-7_24","relation":{},"ISSN":["2661-8184","2661-8192"],"issn-type":[{"type":"print","value":"2661-8184"},{"type":"electronic","value":"2661-8192"}],"subject":[],"published":{"date-parts":[[2021]]},"assertion":[{"value":"30 May 2021","order":1,"name":"first_online","label":"First Online","group":{"name":"ChapterHistory","label":"Chapter History"}}]}}

Cláudia

Quivy R, Campenhoudt LV (2008) Manual de Investigação em Ciências Sociais. Gradiva: Lisbon

Coutinho B (2012) Carlos Ramos, Centro Virtual Camões do Instituto Camões

Instituto Camões https://cvc.instituto-camoes.pt/seculo-xx/carlos-ramos. Accessed 15 Mar 2021

Coutinho B (2001) Carlos Ramos (1897–1969): obra, pensamento e ação. A procura do compromisso entre o Modernismo e a Tradição. Master thesis. Universidade Nova de Lisboa, Lisbon

Ramos C (1935) Algumas palavras e o seu verdadeiro significado. In: Sudoeste: cadernos de Almada Negreiros, nº 3, p 33. SW, Lisbon

Távora F (1987) Evocando Carlos Ramos, rA. In Revista da Faculdade de Arquitectura da Universidade do Porto, nº 0, p 75. Faculdade de Arquitectura da Universidade do Porto, Porto

Duarte C (1999) Arquitetura em Portugal no Século XX: do modernismo ao tempo presente. In Panorama Arte Portuguesa no Século XX, p 361. Campo de Letras - Fundação de Serralves, Porto

Fragoso M (2012) Design gráfico em portugal. Formas e Expressões da Cultura Visual do século XX, pp 32–37. Livros Horizonte, Lisbon
