{"status":"ok","message-type":"work","message-version":"1.0.0","message":{"indexed":{"date-parts":[[2025,5,13]],"date-time":"2025-05-13T16:16:20Z","timestamp":1747152980571,"version":"3.40.5"},"publisher-location":"Cham","reference-count":16,"publisher":"Springer International Publishing","isbn-type":[{"type":"print","value":"9783030792480"},{"type":"electronic","value":"9783030792497"}],"license":[{"start":{"date-parts":[[2021,1,1]],"date-time":"2021-01-01T00:00:00Z","timestamp":1609459200000},"content-version":"tdm","delay-in-days":0,"URL":"https:\/\/www.springer.com\/tdm"},{"start":{"date-parts":[[2021,1,1]],"date-time":"2021-01-01T00:00:00Z","timestamp":1609459200000},"content-version":"vor","delay-in-days":0,"URL":"https:\/\/www.springer.com\/tdm"}],"content-domain":{"domain":["link.springer.com"],"crossmark-restriction":false},"short-container-title":[],"published-print":{"date-parts":[[2021]]},"DOI":"10.1007\/978-3-030-79249-7_1","type":"book-chapter","created":{"date-parts":[[2021,9,7]],"date-time":"2021-09-07T21:02:29Z","timestamp":1631048549000},"page":"1-11","update-policy":"https:\/\/doi.org\/10.1007\/springer_crossmark_policy","source":"Crossref","is-referenced-by-count":0,"title":["\u201cSpain Is the Problem; Europe Is the Solution\u201d"],"prefix":"10.1007","author":[{"ORCID":"https:\/\/orcid.org\/0000-0001-9943-8229","authenticated-orcid":false,"given":"Carlos","family":"Moruj\u00e3o","sequence":"first","affiliation":[]},{"ORCID":"https:\/\/orcid.org\/0000-0002-0968-3616","authenticated-orcid":false,"given":"Samuel","family":"Dimas","sequence":"additional","affiliation":[]},{"ORCID":"https:\/\/orcid.org\/0000-0002-5526-8325","authenticated-orcid":false,"given":"Susana","family":"Relvas","sequence":"additional","affiliation":[]}],"member":"297","published-online":{"date-parts":[[2021,9,8]]},"reference":[{"key":"1_CR1","unstructured":"Abell\u00e1n, J. L. (1989). Historia Cr\u00edtica del Pensamiento Espa\u00f1ol, Tomo V (II). Espasa-Calpe."},{"key":"1_CR2","unstructured":"Abell\u00e1n, J. L. (1991). Historia Cr\u00edtica del Pensamiento Espa\u00f1ol, Tomo V (III). Espasa-Calpe."},{"key":"1_CR3","volume-title":"La Generaci\u00f3n de 1898 en Espa\u00f1a","author":"H Jeschke","year":"1946","unstructured":"Jeschke, H. (1946). La Generaci\u00f3n de 1898 en Espa\u00f1a. Ediciones de la Universidad de Chile."},{"key":"1_CR4","volume-title":"El Sistema de Ortega y Gasset","author":"C Mor\u00f3n Arroyo","year":"1968","unstructured":"Mor\u00f3n Arroyo, C. (1968). El Sistema de Ortega y Gasset. Ediciones Alcal\u00e1."},{"key":"1_CR5","first-page":"63","volume-title":"Obras Completas I","author":"J Ortega y Gasset","year":"2004","unstructured":"Ortega y Gasset, J. (2004a). La universidad espa\u00f1ola y la universidad alemana. In  Obras Completas I (pp. 63\u201386). Taurus."},{"key":"1_CR6","first-page":"99","volume-title":"Obras Completas I","author":"J Ortega y Gasset","year":"2004","unstructured":"Ortega y Gasset, J. (2004b). La Pedagog\u00eda del Paisaje. In  Obras Completas I (pp. 99\u2013103). Taurus."},{"key":"1_CR7","first-page":"116","volume-title":"Obras Completas I","author":"J Ortega y Gasset","year":"2004","unstructured":"Ortega y Gasset, J. (2004c). Sobre los estudios cl\u00e1sicos. In  Obras Completas I (pp. 116\u2013119). Taurus."},{"key":"1_CR8","first-page":"240","volume-title":"Obras Completas I","author":"J Ortega y Gasset","year":"2004","unstructured":"Ortega y Gasset, J. (2004d). Tropos. In  Obras Completas I (pp. 240\u2013243). Taurus."},{"key":"1_CR9","first-page":"405","volume-title":"Obras Completas I","author":"J Ortega y Gasset","year":"2004","unstructured":"Ortega y Gasset, J. (2004e). Observaciones. In  Obras Completas I (pp. 405\u2013409). Taurus."},{"key":"1_CR10","first-page":"602","volume-title":"Obras Completas I","author":"J Ortega y Gasset","year":"2004","unstructured":"Ortega y Gasset, J. (2004f). Competencia. In  Obras Completas I (pp. 602\u2013606). Taurus."},{"key":"1_CR11","first-page":"32","volume-title":"Obras Completas III","author":"J Ortega y Gasset","year":"2005","unstructured":"Ortega y Gasset, J. (2005). Dom Gumercindo de Azc\u00e1rate ha muerto. In  Obras Completas III (pp. 32\u201333). Taurus."},{"key":"1_CR12","first-page":"270","volume-title":"Obras Completas VII","author":"J Ortega y Gasset","year":"2007","unstructured":"Ortega y Gasset, J. (2007). P\u00edo Baroja: anatomia de un alma dispersa. In  Obras Completas VII (pp. 270\u2013294). Taurus."},{"key":"1_CR13","first-page":"125","volume-title":"Obras Completas IX","author":"J Ortega y Gasset","year":"2009","unstructured":"Ortega y Gasset, J. (2009). Pr\u00f3logo para Alemanes. In  Obras Completas IX (pp. 125\u2013165). Taurus."},{"issue":"3","key":"1_CR14","first-page":"615","volume":"96","author":"D Rueda Garrido","year":"2015","unstructured":"Rueda Garrido, D. (2015). El Ideal de la Humanidad para la Vida de Sanz del R\u00edo. Gregorianum, 96(3), 615\u2013634.","journal-title":"Gregorianum"},{"key":"1_CR15","volume-title":"Fenomenolog\u00eda y Cultura en Ortega","author":"J San Mart\u00edn","year":"1998","unstructured":"San Mart\u00edn, J. (1998). Fenomenolog\u00eda y Cultura en Ortega. Tecnos."},{"key":"1_CR16","doi-asserted-by":"publisher","first-page":"105","DOI":"10.5565\/rev\/enrahonar.754","volume":"16","author":"AH Serrano","year":"1990","unstructured":"Serrano, A. H. (1990). El Krausismo espa\u00f1ol y la questi\u00f3n nacional. Enrahonar, 16, 105\u2013121.","journal-title":"Enrahonar"}],"container-title":["The Philosophy of Ortega y Gasset Reevaluated"],"original-title":[],"language":"en","link":[{"URL":"https:\/\/link.springer.com\/content\/pdf\/10.1007\/978-3-030-79249-7_1","content-type":"unspecified","content-version":"vor","intended-application":"similarity-checking"}],"deposited":{"date-parts":[[2021,9,7]],"date-time":"2021-09-07T21:02:39Z","timestamp":1631048559000},"score":1,"resource":{"primary":{"URL":"https:\/\/link.springer.com\/10.1007\/978-3-030-79249-7_1"}},"subtitle":[],"short-title":[],"issued":{"date-parts":[[2021]]},"ISBN":["9783030792480","9783030792497"],"references-count":16,"URL":"https:\/\/doi.org\/10.1007\/978-3-030-79249-7_1","relation":{},"subject":[],"published":{"date-parts":[[2021]]},"assertion":[{"value":"8 September 2021","order":1,"name":"first_online","label":"First Online","group":{"name":"ChapterHistory","label":"Chapter History"}}]}}

Morujão

Abellán, J. L. (1989). Historia Crítica del Pensamiento Español, Tomo V (II). Espasa-Calpe.

Abellán, J. L. (1991). Historia Crítica del Pensamiento Español, Tomo V (III). Espasa-Calpe.

La Generación de 1898 en España

Jeschke, H. (1946). La Generación de 1898 en España. Ediciones de la Universidad de Chile.

C Morón Arroyo

Morón Arroyo, C. (1968). El Sistema de Ortega y Gasset. Ediciones Alcalá.

Ortega y Gasset, J. (2004a). La universidad española y la universidad alemana. In  Obras Completas I (pp. 63–86). Taurus.

Ortega y Gasset, J. (2004b). La Pedagogía del Paisaje. In  Obras Completas I (pp. 99–103). Taurus.

Ortega y Gasset, J. (2004c). Sobre los estudios clásicos. In  Obras Completas I (pp. 116–119). Taurus.

Ortega y Gasset, J. (2005). Dom Gumercindo de Azcárate ha muerto. In  Obras Completas III (pp. 32–33). Taurus.

Ortega y Gasset, J. (2007). Pío Baroja: anatomia de un alma dispersa. In  Obras Completas VII (pp. 270–294). Taurus.

Ortega y Gasset, J. (2009). Prólogo para Alemanes. In  Obras Completas IX (pp. 125–165). Taurus.

Rueda Garrido, D. (2015). El Ideal de la Humanidad para la Vida de Sanz del Río. Gregorianum, 96(3), 615–634.

Fenomenología y Cultura en Ortega

J San Martín

San Martín, J. (1998). Fenomenología y Cultura en Ortega. Tecnos.

Serrano, A. H. (1990). El Krausismo español y la questión nacional. Enrahonar, 16, 105–121.
