{"status":"ok","message-type":"work","message-version":"1.0.0","message":{"indexed":{"date-parts":[[2025,5,13]],"date-time":"2025-05-13T16:16:21Z","timestamp":1747152981498,"version":"3.40.5"},"publisher-location":"Cham","reference-count":14,"publisher":"Springer International Publishing","isbn-type":[{"type":"print","value":"9783030792480"},{"type":"electronic","value":"9783030792497"}],"license":[{"start":{"date-parts":[[2021,1,1]],"date-time":"2021-01-01T00:00:00Z","timestamp":1609459200000},"content-version":"tdm","delay-in-days":0,"URL":"https:\/\/www.springer.com\/tdm"},{"start":{"date-parts":[[2021,1,1]],"date-time":"2021-01-01T00:00:00Z","timestamp":1609459200000},"content-version":"vor","delay-in-days":0,"URL":"https:\/\/www.springer.com\/tdm"}],"content-domain":{"domain":["link.springer.com"],"crossmark-restriction":false},"short-container-title":[],"published-print":{"date-parts":[[2021]]},"DOI":"10.1007\/978-3-030-79249-7_10","type":"book-chapter","created":{"date-parts":[[2021,9,7]],"date-time":"2021-09-07T21:02:29Z","timestamp":1631048549000},"page":"159-169","update-policy":"https:\/\/doi.org\/10.1007\/springer_crossmark_policy","source":"Crossref","is-referenced-by-count":0,"title":["Epilogue"],"prefix":"10.1007","author":[{"ORCID":"https:\/\/orcid.org\/0000-0001-9943-8229","authenticated-orcid":false,"given":"Carlos","family":"Moruj\u00e3o","sequence":"first","affiliation":[]},{"ORCID":"https:\/\/orcid.org\/0000-0002-0968-3616","authenticated-orcid":false,"given":"Samuel","family":"Dimas","sequence":"additional","affiliation":[]},{"ORCID":"https:\/\/orcid.org\/0000-0002-5526-8325","authenticated-orcid":false,"given":"Susana","family":"Relvas","sequence":"additional","affiliation":[]}],"member":"297","published-online":{"date-parts":[[2021,9,8]]},"reference":[{"key":"10_CR1","first-page":"251","volume-title":"Gu\u00eda Comares de Ortega y Gasset","author":"JD \u00c1lvarez","year":"2013","unstructured":"\u00c1lvarez, J. D. (2013). Cuesti\u00f3n de libertad. \u00c9tica y filosof\u00eda pol\u00edtica. In J. Z. Bonilla (Ed.), Gu\u00eda Comares de Ortega y Gasset (pp. 251\u2013286). Editorial Comares."},{"key":"10_CR2","first-page":"365","volume-title":"Jos\u00e9 Ortega y Gasset y la Raz\u00f3n Pr\u00e1ctica","author":"P Cerezo","year":"2011","unstructured":"Cerezo, P. (2011). Ortega y la regeneraci\u00f3n del liberalismo: tres navegaciones y un naufragio. In  Jos\u00e9 Ortega y Gasset y la Raz\u00f3n Pr\u00e1ctica (pp. 365\u2013380). Biblioteca Nueva\/Fundaci\u00f3n Jos\u00e9 Ortega y Gasset\/Gregorio Mara\u00f1on."},{"key":"10_CR3","first-page":"69","volume-title":"Gu\u00eda Comares de Ortega y Gasset","author":"J Lasaga","year":"2013","unstructured":"Lasaga, J. (2013). La madurez del fil\u00f3sofo: los cursos de los a\u00f1os treinta. In J. Z. Bonilla (Ed.), Gu\u00eda Comares de Ortega y Gasset (pp. 69\u201389). Editorial Comares."},{"key":"10_CR4","volume-title":"El Sistema de Ortega y Gasset","author":"C Mor\u00f3n Arroyo","year":"1968","unstructured":"Mor\u00f3n Arroyo, C. (1968). El Sistema de Ortega y Gasset. Ediciones Alcal\u00e1."},{"key":"10_CR6","first-page":"619","volume-title":"Obras Completas III","author":"J Ortega y Gasset","year":"2005","unstructured":"Ortega y Gasset, J. (2005b). El Ocaso de las Revoluciones. In  Obras Completas III (pp. 619\u2013638). Taurus."},{"key":"10_CR7","first-page":"120","volume-title":"Obras Completas V","author":"J Ortega y Gasset","year":"2006","unstructured":"Ortega y Gasset, J. (2006a). Pidiendo un Goethe desde dentro. In  Obras Completas V (pp. 120\u2013142). Taurus."},{"key":"10_CR8","first-page":"143","volume-title":"Obras Completas V","author":"J Ortega y Gasset","year":"2006","unstructured":"Ortega y Gasset, J. (2006b). Goethe el libertador. In  Obras Completas V (pp. 143\u2013148). Taurus."},{"key":"10_CR9","first-page":"229","volume-title":"Obras Completas V","author":"J Ortega y Gasset","year":"2006","unstructured":"Ortega y Gasset, J. (2006c). La Filosof\u00eda de la Historia de Hegel y la Historiolog\u00eda. In  Obras Completas V (pp. 229\u2013247). Taurus."},{"key":"10_CR11","unstructured":"Ortega y Gasset, J. (2006e). Meditaci\u00f3n de la T\u00e9cnica. In  Obras Completas V (pp. 551\u2013605). Taurus."},{"key":"10_CR12","first-page":"197","volume-title":"Obras Completas VIII","author":"J Ortega y Gasset","year":"2008","unstructured":"Ortega y Gasset, J. (2008). Vida como Ejecuci\u00f3n. El ser Ejecutivo. In  Obras Completas VIII (pp. 197\u2013232). Taurus."},{"key":"10_CR13","first-page":"125","volume-title":"Obras Completas IX","author":"J Ortega y Gasset","year":"2009","unstructured":"Ortega y Gasset, J. (2009a). Prologo para Alemanes. In  Obras Completas IX (pp. 125\u2013165). Taurus."},{"key":"10_CR14","unstructured":"Ortega y Gasset, J. (2009b). La Idea de Principio en Leibniz y la Evoluci\u00f3n de la Teor\u00eda Deductiva. In  Obras Completas IX (pp. 929\u20131163). Taurus."},{"key":"10_CR15","first-page":"47","volume-title":"Gu\u00eda Comares de Ortega y Gasset","author":"J San Mart\u00edn","year":"2013","unstructured":"San Mart\u00edn, J. (2013). La recepci\u00f3n de la fenomenolog\u00eda y su filosof\u00eda en torno a El tema de Nuestro Tiempo. In J. Z. Bonilla (Ed.), Gu\u00eda Comares de Ortega y Gasset (pp. 47\u201368). Editorial Comares."},{"key":"10_CR16","first-page":"187","volume":"2005","author":"I S\u00e1nchez C\u00e1mara","year":"2005","unstructured":"S\u00e1nchez C\u00e1mara, I. (2005). Ortega y la tradici\u00f3n liberal. Cuadernos de Pensamiento Pol\u00edtico, 2005, 187\u2013204.","journal-title":"Cuadernos de Pensamiento Pol\u00edtico"}],"container-title":["The Philosophy of Ortega y Gasset Reevaluated"],"original-title":[],"language":"en","link":[{"URL":"https:\/\/link.springer.com\/content\/pdf\/10.1007\/978-3-030-79249-7_10","content-type":"unspecified","content-version":"vor","intended-application":"similarity-checking"}],"deposited":{"date-parts":[[2021,9,7]],"date-time":"2021-09-07T21:03:22Z","timestamp":1631048602000},"score":1,"resource":{"primary":{"URL":"https:\/\/link.springer.com\/10.1007\/978-3-030-79249-7_10"}},"subtitle":[],"short-title":[],"issued":{"date-parts":[[2021]]},"ISBN":["9783030792480","9783030792497"],"references-count":14,"URL":"https:\/\/doi.org\/10.1007\/978-3-030-79249-7_10","relation":{},"subject":[],"published":{"date-parts":[[2021]]},"assertion":[{"value":"8 September 2021","order":1,"name":"first_online","label":"First Online","group":{"name":"ChapterHistory","label":"Chapter History"}}]}}

Morujão

Guía Comares de Ortega y Gasset

JD Álvarez

Álvarez, J. D. (2013). Cuestión de libertad. Ética y filosofía política. In J. Z. Bonilla (Ed.), Guía Comares de Ortega y Gasset (pp. 251–286). Editorial Comares.

José Ortega y Gasset y la Razón Práctica

Cerezo, P. (2011). Ortega y la regeneración del liberalismo: tres navegaciones y un naufragio. In  José Ortega y Gasset y la Razón Práctica (pp. 365–380). Biblioteca Nueva/Fundación José Ortega y Gasset/Gregorio Marañon.

Lasaga, J. (2013). La madurez del filósofo: los cursos de los años treinta. In J. Z. Bonilla (Ed.), Guía Comares de Ortega y Gasset (pp. 69–89). Editorial Comares.

C Morón Arroyo

Morón Arroyo, C. (1968). El Sistema de Ortega y Gasset. Ediciones Alcalá.

Ortega y Gasset, J. (2006c). La Filosofía de la Historia de Hegel y la Historiología. In  Obras Completas V (pp. 229–247). Taurus.

Ortega y Gasset, J. (2006e). Meditación de la Técnica. In  Obras Completas V (pp. 551–605). Taurus.

Ortega y Gasset, J. (2008). Vida como Ejecución. El ser Ejecutivo. In  Obras Completas VIII (pp. 197–232). Taurus.

Ortega y Gasset, J. (2009b). La Idea de Principio en Leibniz y la Evolución de la Teoría Deductiva. In  Obras Completas IX (pp. 929–1163). Taurus.

J San Martín

San Martín, J. (2013). La recepción de la fenomenología y su filosofía en torno a El tema de Nuestro Tiempo. In J. Z. Bonilla (Ed.), Guía Comares de Ortega y Gasset (pp. 47–68). Editorial Comares.

I Sánchez Cámara

Sánchez Cámara, I. (2005). Ortega y la tradición liberal. Cuadernos de Pensamiento Político, 2005, 187–204.

Cuadernos de Pensamiento Político
