{"status":"ok","message-type":"work","message-version":"1.0.0","message":{"indexed":{"date-parts":[[2025,5,13]],"date-time":"2025-05-13T16:16:21Z","timestamp":1747152981431,"version":"3.40.5"},"publisher-location":"Cham","reference-count":18,"publisher":"Springer International Publishing","isbn-type":[{"type":"print","value":"9783030792480"},{"type":"electronic","value":"9783030792497"}],"license":[{"start":{"date-parts":[[2021,1,1]],"date-time":"2021-01-01T00:00:00Z","timestamp":1609459200000},"content-version":"tdm","delay-in-days":0,"URL":"https:\/\/www.springer.com\/tdm"},{"start":{"date-parts":[[2021,1,1]],"date-time":"2021-01-01T00:00:00Z","timestamp":1609459200000},"content-version":"vor","delay-in-days":0,"URL":"https:\/\/www.springer.com\/tdm"}],"content-domain":{"domain":["link.springer.com"],"crossmark-restriction":false},"short-container-title":[],"published-print":{"date-parts":[[2021]]},"DOI":"10.1007\/978-3-030-79249-7_3","type":"book-chapter","created":{"date-parts":[[2021,9,7]],"date-time":"2021-09-07T21:02:29Z","timestamp":1631048549000},"page":"29-46","update-policy":"https:\/\/doi.org\/10.1007\/springer_crossmark_policy","source":"Crossref","is-referenced-by-count":1,"title":["Ortega, Phenomenology and Idealism"],"prefix":"10.1007","author":[{"ORCID":"https:\/\/orcid.org\/0000-0001-9943-8229","authenticated-orcid":false,"given":"Carlos","family":"Moruj\u00e3o","sequence":"first","affiliation":[]},{"ORCID":"https:\/\/orcid.org\/0000-0002-0968-3616","authenticated-orcid":false,"given":"Samuel","family":"Dimas","sequence":"additional","affiliation":[]},{"ORCID":"https:\/\/orcid.org\/0000-0002-5526-8325","authenticated-orcid":false,"given":"Susana","family":"Relvas","sequence":"additional","affiliation":[]}],"member":"297","published-online":{"date-parts":[[2021,9,8]]},"reference":[{"key":"3_CR1","first-page":"91","volume-title":"Gu\u00eda Comares de Ortega y Gasset","author":"J Bonilla","year":"2013","unstructured":"Bonilla, J. (2013). La raz\u00f3n hist\u00f3rica. In J. Bonilla (Ed.), Gu\u00eda Comares de Ortega y Gasset (pp. 91\u2013120). Editorial Comares."},{"key":"3_CR2","volume-title":"Introducci\u00f3n a Ortega","author":"P Garagorri","year":"1970","unstructured":"Garagorri, P. (1970). Introducci\u00f3n a Ortega. Alianza Editorial."},{"key":"3_CR3","volume-title":"A Pragmatist Philosophy of Life in Ortega y Gasset","author":"JT Graham","year":"1994","unstructured":"Graham, J. T. (1994). A Pragmatist Philosophy of Life in Ortega y Gasset. The University of Missouri Press."},{"key":"3_CR4","volume-title":"La Innovaci\u00f3n Metaf\u00edsica de Ortega","author":"AR Hu\u00e9scar","year":"1982","unstructured":"Hu\u00e9scar, A. R. (1982). La Innovaci\u00f3n Metaf\u00edsica de Ortega. Ministerio de Educaci\u00f3n y Ciencia."},{"key":"3_CR5","unstructured":"Husserl, E. (1950). Ideen zu einer reinen Ph\u00e4nomenologie und phenomenologischen Philosophie. Erstes Buch (Husserliana III). Martinus Nijhoff."},{"key":"3_CR6","doi-asserted-by":"crossref","unstructured":"Husserl, E. (1984). Logische Untersuchungen. Zweiter Band. Erster Teil (Husserliana XIX\/1). Martinus Nijhoff.","DOI":"10.1007\/978-94-009-6068-8"},{"key":"3_CR7","volume-title":"Ortega. Circunstancia y Vocaci\u00f3n","author":"J Mar\u00edas","year":"1983","unstructured":"Mar\u00edas, J. (1983). Ortega. Circunstancia y Vocaci\u00f3n. Alianza Editorial."},{"key":"3_CR8","volume-title":"El Sistema de Ortega y Gasset","author":"C Mor\u00f3n Arroyo","year":"1968","unstructured":"Mor\u00f3n Arroyo, C. (1968). El Sistema de Ortega y Gasset. Romania."},{"key":"3_CR9","unstructured":"Ortega y Gasset, J. (2007). Sistema de Psicolog\u00eda. In Obras Completas VII (pp. 427\u2013534). Taurus."},{"key":"3_CR10","unstructured":"Ortega y Gasset, J. (2008a). \u00bfQu\u00e9 es Filosof\u00eda? In Obras Completas VIII (pp. 235\u2013374). Taurus."},{"key":"3_CR11","unstructured":"Ortega y Gasset, J. (2008b). Principios de Metaf\u00edsica seg\u00fan la Raz\u00f3n Vital. In Obras Completas VIII (pp. 555\u2013659). Taurus."},{"key":"3_CR12","unstructured":"Ortega y Gasset, J. (2009a). Principios de Metaf\u00edsica seg\u00fan la Raz\u00f3n Vital. In Lecciones del curso 1933\u201334. Obras Completas IX (pp. 49\u2013122). Taurus."},{"key":"3_CR13","unstructured":"Ortega y Gasset, J. (2009b). Prologo para Alemanes. In Obras Completas IX (pp. 125\u2013165). Taurus."},{"key":"3_CR14","unstructured":"Ortega y Gasset, J. (2009c). Principios de Metaf\u00edsica seg\u00fan la Raz\u00f3n Vital. In Lecciones del curso 1935\u201336. Obras Completas IX (pp. 185\u2013200). Taurus."},{"key":"3_CR15","unstructured":"Ortega y Gasset, J. (2009d). La Idea de Principio en Leibniz y la Evoluci\u00f3n de la Teor\u00eda Deductiva. In Obras Completas IX (pp. 929\u20131174). Taurus."},{"key":"3_CR16","unstructured":"Ortega y Gasset, J. (2010). En Torno a Galileo. In Obras Completas VI (pp. 371\u2013506). Taurus."},{"key":"3_CR17","first-page":"1","volume-title":"From a logical point of view","author":"WVO Quine","year":"1994","unstructured":"Quine, W. V. O. (1994). On what there is. In  From a logical point of view (pp. 1\u201319). Harvard University Press."},{"key":"3_CR18","volume-title":"La Fenomenolog\u00eda de Ortega y Gasset","author":"J San Mart\u00edn","year":"2012","unstructured":"San Mart\u00edn, J. (2012). La Fenomenolog\u00eda de Ortega y Gasset. Biblioteca Nueva\/Fundaci\u00f3n Jos\u00e9 Ortega y Gasset\u2014Gregorio Mara\u00f1on."}],"container-title":["The Philosophy of Ortega y Gasset Reevaluated"],"original-title":[],"language":"en","link":[{"URL":"https:\/\/link.springer.com\/content\/pdf\/10.1007\/978-3-030-79249-7_3","content-type":"unspecified","content-version":"vor","intended-application":"similarity-checking"}],"deposited":{"date-parts":[[2021,9,7]],"date-time":"2021-09-07T21:03:15Z","timestamp":1631048595000},"score":1,"resource":{"primary":{"URL":"https:\/\/link.springer.com\/10.1007\/978-3-030-79249-7_3"}},"subtitle":[],"short-title":[],"issued":{"date-parts":[[2021]]},"ISBN":["9783030792480","9783030792497"],"references-count":18,"URL":"https:\/\/doi.org\/10.1007\/978-3-030-79249-7_3","relation":{},"subject":[],"published":{"date-parts":[[2021]]},"assertion":[{"value":"8 September 2021","order":1,"name":"first_online","label":"First Online","group":{"name":"ChapterHistory","label":"Chapter History"}}]}}

Morujão

Guía Comares de Ortega y Gasset

Bonilla, J. (2013). La razón histórica. In J. Bonilla (Ed.), Guía Comares de Ortega y Gasset (pp. 91–120). Editorial Comares.

Introducción a Ortega

Garagorri, P. (1970). Introducción a Ortega. Alianza Editorial.

La Innovación Metafísica de Ortega

AR Huéscar

Huéscar, A. R. (1982). La Innovación Metafísica de Ortega. Ministerio de Educación y Ciencia.

Husserl, E. (1950). Ideen zu einer reinen Phänomenologie und phenomenologischen Philosophie. Erstes Buch (Husserliana III). Martinus Nijhoff.

Ortega. Circunstancia y Vocación

J Marías

Marías, J. (1983). Ortega. Circunstancia y Vocación. Alianza Editorial.

C Morón Arroyo

Morón Arroyo, C. (1968). El Sistema de Ortega y Gasset. Romania.

Ortega y Gasset, J. (2007). Sistema de Psicología. In Obras Completas VII (pp. 427–534). Taurus.

Ortega y Gasset, J. (2008a). ¿Qué es Filosofía? In Obras Completas VIII (pp. 235–374). Taurus.

Ortega y Gasset, J. (2008b). Principios de Metafísica según la Razón Vital. In Obras Completas VIII (pp. 555–659). Taurus.

Ortega y Gasset, J. (2009a). Principios de Metafísica según la Razón Vital. In Lecciones del curso 1933–34. Obras Completas IX (pp. 49–122). Taurus.

Ortega y Gasset, J. (2009c). Principios de Metafísica según la Razón Vital. In Lecciones del curso 1935–36. Obras Completas IX (pp. 185–200). Taurus.

Ortega y Gasset, J. (2009d). La Idea de Principio en Leibniz y la Evolución de la Teoría Deductiva. In Obras Completas IX (pp. 929–1174). Taurus.

La Fenomenología de Ortega y Gasset

J San Martín

San Martín, J. (2012). La Fenomenología de Ortega y Gasset. Biblioteca Nueva/Fundación José Ortega y Gasset—Gregorio Marañon.
