{"status":"ok","message-type":"work","message-version":"1.0.0","message":{"indexed":{"date-parts":[[2025,5,13]],"date-time":"2025-05-13T16:16:21Z","timestamp":1747152981237,"version":"3.40.5"},"publisher-location":"Cham","reference-count":18,"publisher":"Springer International Publishing","isbn-type":[{"type":"print","value":"9783030792480"},{"type":"electronic","value":"9783030792497"}],"license":[{"start":{"date-parts":[[2021,1,1]],"date-time":"2021-01-01T00:00:00Z","timestamp":1609459200000},"content-version":"tdm","delay-in-days":0,"URL":"https:\/\/www.springer.com\/tdm"},{"start":{"date-parts":[[2021,1,1]],"date-time":"2021-01-01T00:00:00Z","timestamp":1609459200000},"content-version":"vor","delay-in-days":0,"URL":"https:\/\/www.springer.com\/tdm"}],"content-domain":{"domain":["link.springer.com"],"crossmark-restriction":false},"short-container-title":[],"published-print":{"date-parts":[[2021]]},"DOI":"10.1007\/978-3-030-79249-7_5","type":"book-chapter","created":{"date-parts":[[2021,9,7]],"date-time":"2021-09-07T21:02:29Z","timestamp":1631048549000},"page":"57-73","update-policy":"https:\/\/doi.org\/10.1007\/springer_crossmark_policy","source":"Crossref","is-referenced-by-count":0,"title":["Ortega\u2019s Social Philosophy"],"prefix":"10.1007","author":[{"ORCID":"https:\/\/orcid.org\/0000-0001-9943-8229","authenticated-orcid":false,"given":"Carlos","family":"Moruj\u00e3o","sequence":"first","affiliation":[]},{"ORCID":"https:\/\/orcid.org\/0000-0002-0968-3616","authenticated-orcid":false,"given":"Samuel","family":"Dimas","sequence":"additional","affiliation":[]},{"ORCID":"https:\/\/orcid.org\/0000-0002-5526-8325","authenticated-orcid":false,"given":"Susana","family":"Relvas","sequence":"additional","affiliation":[]}],"member":"297","published-online":{"date-parts":[[2021,9,8]]},"reference":[{"key":"5_CR1","first-page":"251","volume-title":"Gu\u00eda Comares de Ortega y Gasset","author":"JMD \u00c1lvarez","year":"2013","unstructured":"\u00c1lvarez, J. M. D. (2013). Cuesti\u00f3n de libertad. \u00c9tica y filosof\u00eda pol\u00edtica. In J. S. Bonilla (Ed.), Gu\u00eda Comares de Ortega y Gasset (pp. 251\u2013286). Editorial Comares."},{"key":"5_CR2","volume-title":"Jos\u00e9 Ortega y Gasset y la Raz\u00f3n Pr\u00e1ctica","author":"P Cerezo","year":"2011","unstructured":"Cerezo, P. (2011). Jos\u00e9 Ortega y Gasset y la Raz\u00f3n Pr\u00e1ctica. Editorial Biblioteca Nueva."},{"key":"5_CR3","volume-title":"Entre a Hist\u00f3ria e a Vida. A Teoria da Hist\u00f3ria em Ortega y Gasset","author":"AH Fernandes","year":"2006","unstructured":"Fernandes, A. H. (2006). Entre a Hist\u00f3ria e a Vida. A Teoria da Hist\u00f3ria em Ortega y Gasset. Editorial Cosmos."},{"key":"5_CR4","volume-title":"Sein und Zeit","author":"M Heidegger","year":"1986","unstructured":"Heidegger, M. (1986). Sein und Zeit. Max Niemeyer."},{"key":"5_CR5","first-page":"43","volume":"19","author":"P Hermida-Lazcano","year":"1996","unstructured":"Hermida-Lazcano, P. (1996). The taken-for-granted world. A study of the relationship between A. Sch\u00fctz and J. Ortega y Gasset. Husserl Studies, 19, 43\u201369.","journal-title":"Husserl Studies"},{"key":"5_CR6","volume-title":"Cartesianische Meditationen","author":"E Husserl","year":"1950","unstructured":"Husserl, E. (1950). Cartesianische Meditationen. Martinus Nijhoff."},{"unstructured":"Husserl, E. (1954). Ideen zu einer reinen Ph\u00e4nomenologie und ph\u00e4nomenologischen Philosophie. Zweiter Teil. Martinus Nijhoff.","key":"5_CR7"},{"key":"5_CR8","volume-title":"Ortega y sus Fuentes Germ\u00e1nicas","author":"N Orringer","year":"1979","unstructured":"Orringer, N. (1979). Ortega y sus Fuentes Germ\u00e1nicas. Editorial Gredos."},{"unstructured":"Ortega y Gasset, J. (2005). El Tema de Nuestro Tiempo. In Obras Completas III (pp. 557\u2013616). Taurus.","key":"5_CR9"},{"unstructured":"Ortega y Gasset, J. (2007). Los problemas nacionales y la juventud. In Obras Completas VII (pp. 121\u2013129). Taurus.","key":"5_CR10"},{"unstructured":"Ortega y Gasset, J. (2009). \u00bfQu\u00e9 pasa en el Mundo?. In Obras Completas IX (pp. 9\u201326). Taurus.","key":"5_CR11"},{"unstructured":"Ortega y Gasset, J. (2010a). La Rebeli\u00f3n de las Masas. In Obras Completas IV (pp. 349\u2013528). Taurus.","key":"5_CR12"},{"unstructured":"Ortega y Gasset, J. (2010b). El Hombre y la Gente. In Obras Completas X (pp. 139\u2013326). Taurus.","key":"5_CR13"},{"key":"5_CR14","first-page":"187","volume":"7","author":"I S\u00e1nchez C\u00e1mara","year":"2005","unstructured":"S\u00e1nchez C\u00e1mara, I. (2005). Ortega y la tradici\u00f3n liberal. Cuadernos del Pensamiento Pol\u00edtico, 7, 187\u2013204.","journal-title":"Cuadernos del Pensamiento Pol\u00edtico"},{"unstructured":"Scheler, M. (1955). Le Formalisme en \u00c9thique et l\u2019\u00c9thique Mat\u00e9riale des Valeurs. Trad. Maurice de Gandillac. Gallimard.","key":"5_CR15"},{"key":"5_CR16","first-page":"140","volume-title":"Collected papers 1","author":"A Sch\u00fctz","year":"1990","unstructured":"Sch\u00fctz, A. (1990a). Husserl\u2019s importance for the social sciences. In  Collected papers 1 (pp. 140\u2013155). Kluwer Academic."},{"key":"5_CR17","first-page":"287","volume-title":"Collected papers 1","author":"A Sch\u00fctz","year":"1990","unstructured":"Sch\u00fctz, A. (1990b). Symbol, reality and society. In  Collected papers 1 (pp. 287\u2013356). Kluwer Academic."},{"key":"5_CR18","volume-title":"The Other: Studies in the Social Ontology of Husserl, Heidegger, Sartre and Buber","author":"M Theunissen","year":"1984","unstructured":"Theunissen, M. (1984). The Other: Studies in the Social Ontology of Husserl, Heidegger, Sartre and Buber. The MIT Press."}],"container-title":["The Philosophy of Ortega y Gasset Reevaluated"],"original-title":[],"language":"en","link":[{"URL":"https:\/\/link.springer.com\/content\/pdf\/10.1007\/978-3-030-79249-7_5","content-type":"unspecified","content-version":"vor","intended-application":"similarity-checking"}],"deposited":{"date-parts":[[2021,9,7]],"date-time":"2021-09-07T21:02:50Z","timestamp":1631048570000},"score":1,"resource":{"primary":{"URL":"https:\/\/link.springer.com\/10.1007\/978-3-030-79249-7_5"}},"subtitle":[],"short-title":[],"issued":{"date-parts":[[2021]]},"ISBN":["9783030792480","9783030792497"],"references-count":18,"URL":"https:\/\/doi.org\/10.1007\/978-3-030-79249-7_5","relation":{},"subject":[],"published":{"date-parts":[[2021]]},"assertion":[{"value":"8 September 2021","order":1,"name":"first_online","label":"First Online","group":{"name":"ChapterHistory","label":"Chapter History"}}]}}

Morujão

Guía Comares de Ortega y Gasset

JMD Álvarez

Álvarez, J. M. D. (2013). Cuestión de libertad. Ética y filosofía política. In J. S. Bonilla (Ed.), Guía Comares de Ortega y Gasset (pp. 251–286). Editorial Comares.

José Ortega y Gasset y la Razón Práctica

Cerezo, P. (2011). José Ortega y Gasset y la Razón Práctica. Editorial Biblioteca Nueva.

Entre a História e a Vida. A Teoria da História em Ortega y Gasset

Fernandes, A. H. (2006). Entre a História e a Vida. A Teoria da História em Ortega y Gasset. Editorial Cosmos.

Hermida-Lazcano, P. (1996). The taken-for-granted world. A study of the relationship between A. Schütz and J. Ortega y Gasset. Husserl Studies, 19, 43–69.

Husserl, E. (1954). Ideen zu einer reinen Phänomenologie und phänomenologischen Philosophie. Zweiter Teil. Martinus Nijhoff.

Ortega y sus Fuentes Germánicas

Orringer, N. (1979). Ortega y sus Fuentes Germánicas. Editorial Gredos.

Ortega y Gasset, J. (2009). ¿Qué pasa en el Mundo?. In Obras Completas IX (pp. 9–26). Taurus.

Ortega y Gasset, J. (2010a). La Rebelión de las Masas. In Obras Completas IV (pp. 349–528). Taurus.

I Sánchez Cámara

Sánchez Cámara, I. (2005). Ortega y la tradición liberal. Cuadernos del Pensamiento Político, 7, 187–204.

Cuadernos del Pensamiento Político

Scheler, M. (1955). Le Formalisme en Éthique et l’Éthique Matériale des Valeurs. Trad. Maurice de Gandillac. Gallimard.

A Schütz

Schütz, A. (1990a). Husserl’s importance for the social sciences. In  Collected papers 1 (pp. 140–155). Kluwer Academic.

Schütz, A. (1990b). Symbol, reality and society. In  Collected papers 1 (pp. 287–356). Kluwer Academic.
