{"status":"ok","message-type":"work","message-version":"1.0.0","message":{"indexed":{"date-parts":[[2025,5,13]],"date-time":"2025-05-13T16:16:22Z","timestamp":1747152982221,"version":"3.40.5"},"publisher-location":"Cham","reference-count":21,"publisher":"Springer International Publishing","isbn-type":[{"type":"print","value":"9783030792480"},{"type":"electronic","value":"9783030792497"}],"license":[{"start":{"date-parts":[[2021,1,1]],"date-time":"2021-01-01T00:00:00Z","timestamp":1609459200000},"content-version":"tdm","delay-in-days":0,"URL":"https:\/\/www.springer.com\/tdm"},{"start":{"date-parts":[[2021,1,1]],"date-time":"2021-01-01T00:00:00Z","timestamp":1609459200000},"content-version":"vor","delay-in-days":0,"URL":"https:\/\/www.springer.com\/tdm"}],"content-domain":{"domain":["link.springer.com"],"crossmark-restriction":false},"short-container-title":[],"published-print":{"date-parts":[[2021]]},"DOI":"10.1007\/978-3-030-79249-7_9","type":"book-chapter","created":{"date-parts":[[2021,9,7]],"date-time":"2021-09-07T21:02:29Z","timestamp":1631048549000},"page":"139-158","update-policy":"https:\/\/doi.org\/10.1007\/springer_crossmark_policy","source":"Crossref","is-referenced-by-count":0,"title":["Historical Reason"],"prefix":"10.1007","author":[{"ORCID":"https:\/\/orcid.org\/0000-0001-9943-8229","authenticated-orcid":false,"given":"Carlos","family":"Moruj\u00e3o","sequence":"first","affiliation":[]},{"ORCID":"https:\/\/orcid.org\/0000-0002-0968-3616","authenticated-orcid":false,"given":"Samuel","family":"Dimas","sequence":"additional","affiliation":[]},{"ORCID":"https:\/\/orcid.org\/0000-0002-5526-8325","authenticated-orcid":false,"given":"Susana","family":"Relvas","sequence":"additional","affiliation":[]}],"member":"297","published-online":{"date-parts":[[2021,9,8]]},"reference":[{"key":"9_CR1","first-page":"91","volume-title":"Gu\u00eda Comares de Ortega y Gasset","author":"JZ Bonilla","year":"2013","unstructured":"Bonilla, J. Z. (2013). La raz\u00f3n hist\u00f3rica. In J. Z. Bonilla (Ed.), Gu\u00eda Comares de Ortega y Gasset (pp. 91\u2013120). Comares."},{"key":"9_CR2","volume-title":"Para una cr\u00edtica de la raz\u00f3n vital. Entre Hegel y Ortega","author":"C Cantillo","year":"2016","unstructured":"Cantillo, C. (2016). Para una cr\u00edtica de la raz\u00f3n vital. Entre Hegel y Ortega. Editorial Biblioteca Nueva."},{"key":"9_CR3","volume-title":"Jos\u00e9 Ortega y Gasset y la Raz\u00f3n Pr\u00e1ctica","author":"P Cerezo","year":"2011","unstructured":"Cerezo, P. (2011). Jos\u00e9 Ortega y Gasset y la Raz\u00f3n Pr\u00e1ctica. Biblioteca Nueva\/Fundaci\u00f3n Ortega-Mara\u00f1on."},{"key":"9_CR4","volume-title":"A pragmatist philosophy of life in Ortega y Gasset","author":"JT Graham","year":"1994","unstructured":"Graham, J. T. (1994). A pragmatist philosophy of life in Ortega y Gasset. University of Missouri Press."},{"key":"9_CR5","volume-title":"Theory of history in Ortega y Gasset: The dawn of historical reason","author":"JT Graham","year":"1997","unstructured":"Graham, J. T. (1997). Theory of history in Ortega y Gasset: The dawn of historical reason. University of Missouri Press."},{"key":"9_CR6","volume-title":"Ortega y tres ant\u00edpodas. Un ejemplo de intriga intelectual","author":"J Mar\u00edas","year":"1950","unstructured":"Mar\u00edas, J. (1950). Ortega y tres ant\u00edpodas. Un ejemplo de intriga intelectual. Revista de Occidente Argentina."},{"key":"9_CR9","first-page":"173","volume-title":"Meditaciones sobre Ortega y Gasset","author":"JP Moreno","year":"2005","unstructured":"Moreno, J. P. (2005). La doble faz de la historia. Estudio sobre la idea de historia en Ortega y Gasset. In F. L. Alonzo & A. S\u00e1enz (Eds.), Meditaciones sobre Ortega y Gasset (p. 173). Editorial T\u00e9bar."},{"key":"9_CR12","first-page":"605","volume-title":"Obras Completas II","author":"J Ortega y Gasset","year":"2004","unstructured":"Ortega y Gasset, J. (2004b). Dios a la vista. In  Obras Completas II (pp. 605\u2013607). Taurus."},{"key":"9_CR15","unstructured":"Ortega y Gasset, J. (2005c). El Tema de Nuestro Tiempo. In  Obras Completas III. Taurus."},{"key":"9_CR16","first-page":"571","volume-title":"Obras Completas IV","author":"J Ortega y Gasset","year":"2005","unstructured":"Ortega y Gasset, J. (2005d). Qu\u00e9 es el conocimiento? In  Obras Completas IV (pp. 571\u2013593). Taurus."},{"key":"9_CR17","first-page":"229","volume-title":"Obras Completas V","author":"J Ortega y Gasset","year":"2006","unstructured":"Ortega y Gasset, J. (2006a). La Filosof\u00eda de la Historia de Hegel y la Historiolog\u00eda. In  Obras Completas V (pp. 229\u2013247). Taurus."},{"key":"9_CR18","unstructured":"Ortega y Gasset, J. (2006b). Historia como Sistema. In  Obras Completas VI (pp. 45\u201381). Taurus."},{"key":"9_CR19","unstructured":"Ortega y Gasset, J. (2006c). En Torno a Galileo. In  Obras Completas VI (pp. 371\u2013506). Taurus."},{"key":"9_CR20","unstructured":"Ortega y Gasset, J. (2006d). Velasquez. In  Obras Completas VI (pp. 603\u2013654). Taurus."},{"key":"9_CR22","unstructured":"Ortega y Gasset, J. (2008a). \u00bfQu\u00e9 es Filosof\u00eda? In  Obras Completas VIII (pp. 235\u2013374). Taurus."},{"key":"9_CR23","first-page":"555","volume-title":"Obras Completas VIII","author":"J Ortega y Gasset","year":"2008","unstructured":"Ortega y Gasset, J. (2008b). Principios de Metaf\u00edsica seg\u00fan la raz\u00f3n vital [curso de 1932-1933]. In  Obras Completas VIII (pp. 555\u2013659). Taurus."},{"key":"9_CR24","first-page":"125","volume-title":"Obras Completas IX","author":"J Ortega y Gasset","year":"2009","unstructured":"Ortega y Gasset, J. (2009a). Pr\u00f3logo para Alemanes. In  Obras Completas IX (pp. 125\u2013181). Taurus."},{"key":"9_CR25","first-page":"477","volume-title":"Obras Completas IX","author":"J Ortega y Gasset","year":"2009","unstructured":"Ortega y Gasset, J. (2009b). La raz\u00f3n Hist\u00f3rica [Curso de 1940]. In  Obras Completas IX (pp. 477\u2013558). Taurus."},{"key":"9_CR26","first-page":"625","volume-title":"Obras Completas IX","author":"J Ortega y Gasset","year":"2009","unstructured":"Ortega y Gasset, J. (2009c). La raz\u00f3n Hist\u00f3rica [Curso de 1944]. In  Obras Completas IX (pp. 625\u2013697). Taurus."},{"key":"9_CR28","unstructured":"Ortega y Gasset, J. (2010). El Hombre y la Gente. In  Obras Completas X (pp. 139\u2013326). Taurus."},{"key":"9_CR10","volume-title":"Sentidos da Vida e do Mundo","author":"B Pimentel","year":"2007","unstructured":"Pimentel, B. (2007). Sentidos da Vida e do Mundo. Edi\u00e7\u00f5es Macaron\u00e9sia."}],"container-title":["The Philosophy of Ortega y Gasset Reevaluated"],"original-title":[],"language":"en","link":[{"URL":"https:\/\/link.springer.com\/content\/pdf\/10.1007\/978-3-030-79249-7_9","content-type":"unspecified","content-version":"vor","intended-application":"similarity-checking"}],"deposited":{"date-parts":[[2021,9,7]],"date-time":"2021-09-07T21:03:33Z","timestamp":1631048613000},"score":1,"resource":{"primary":{"URL":"https:\/\/link.springer.com\/10.1007\/978-3-030-79249-7_9"}},"subtitle":[],"short-title":[],"issued":{"date-parts":[[2021]]},"ISBN":["9783030792480","9783030792497"],"references-count":21,"URL":"https:\/\/doi.org\/10.1007\/978-3-030-79249-7_9","relation":{},"subject":[],"published":{"date-parts":[[2021]]},"assertion":[{"value":"8 September 2021","order":1,"name":"first_online","label":"First Online","group":{"name":"ChapterHistory","label":"Chapter History"}}]}}

Morujão

Guía Comares de Ortega y Gasset

Bonilla, J. Z. (2013). La razón histórica. In J. Z. Bonilla (Ed.), Guía Comares de Ortega y Gasset (pp. 91–120). Comares.

Para una crítica de la razón vital. Entre Hegel y Ortega

Cantillo, C. (2016). Para una crítica de la razón vital. Entre Hegel y Ortega. Editorial Biblioteca Nueva.

José Ortega y Gasset y la Razón Práctica

Cerezo, P. (2011). José Ortega y Gasset y la Razón Práctica. Biblioteca Nueva/Fundación Ortega-Marañon.

Ortega y tres antípodas. Un ejemplo de intriga intelectual

J Marías

Marías, J. (1950). Ortega y tres antípodas. Un ejemplo de intriga intelectual. Revista de Occidente Argentina.

Moreno, J. P. (2005). La doble faz de la historia. Estudio sobre la idea de historia en Ortega y Gasset. In F. L. Alonzo & A. Sáenz (Eds.), Meditaciones sobre Ortega y Gasset (p. 173). Editorial Tébar.

Ortega y Gasset, J. (2005d). Qué es el conocimiento? In  Obras Completas IV (pp. 571–593). Taurus.

Ortega y Gasset, J. (2006a). La Filosofía de la Historia de Hegel y la Historiología. In  Obras Completas V (pp. 229–247). Taurus.

Ortega y Gasset, J. (2008a). ¿Qué es Filosofía? In  Obras Completas VIII (pp. 235–374). Taurus.

Ortega y Gasset, J. (2008b). Principios de Metafísica según la razón vital [curso de 1932-1933]. In  Obras Completas VIII (pp. 555–659). Taurus.

Ortega y Gasset, J. (2009a). Prólogo para Alemanes. In  Obras Completas IX (pp. 125–181). Taurus.

Ortega y Gasset, J. (2009b). La razón Histórica [Curso de 1940]. In  Obras Completas IX (pp. 477–558). Taurus.

Ortega y Gasset, J. (2009c). La razón Histórica [Curso de 1944]. In  Obras Completas IX (pp. 625–697). Taurus.

Pimentel, B. (2007). Sentidos da Vida e do Mundo. Edições Macaronésia.
