{"status":"ok","message-type":"work","message-version":"1.0.0","message":{"indexed":{"date-parts":[[2025,3,26]],"date-time":"2025-03-26T13:26:45Z","timestamp":1742995605790,"version":"3.40.3"},"publisher-location":"Cham","reference-count":16,"publisher":"Springer International Publishing","isbn-type":[{"type":"print","value":"9783030798789"},{"type":"electronic","value":"9783030798796"}],"license":[{"start":{"date-parts":[[2021,10,2]],"date-time":"2021-10-02T00:00:00Z","timestamp":1633132800000},"content-version":"tdm","delay-in-days":0,"URL":"https:\/\/www.springer.com\/tdm"},{"start":{"date-parts":[[2021,10,2]],"date-time":"2021-10-02T00:00:00Z","timestamp":1633132800000},"content-version":"vor","delay-in-days":0,"URL":"https:\/\/www.springer.com\/tdm"}],"content-domain":{"domain":["link.springer.com"],"crossmark-restriction":false},"short-container-title":[],"published-print":{"date-parts":[[2022]]},"DOI":"10.1007\/978-3-030-79879-6_4","type":"book-chapter","created":{"date-parts":[[2021,10,1]],"date-time":"2021-10-01T14:05:32Z","timestamp":1633097132000},"page":"47-59","update-policy":"https:\/\/doi.org\/10.1007\/springer_crossmark_policy","source":"Crossref","is-referenced-by-count":0,"title":["The Birth of Graphic Design in a School of Fine Arts: How the Specificity of a Learning Environment Determined a Course\u2019s Vocation"],"prefix":"10.1007","author":[{"ORCID":"https:\/\/orcid.org\/0000-0002-3279-4808","authenticated-orcid":false,"given":"Cl\u00e1udia","family":"Lima","sequence":"first","affiliation":[]},{"ORCID":"https:\/\/orcid.org\/0000-0003-0119-4583","authenticated-orcid":false,"given":"Heitor","family":"Alvelos","sequence":"additional","affiliation":[]},{"ORCID":"https:\/\/orcid.org\/0000-0002-1842-7788","authenticated-orcid":false,"given":"Susana","family":"Barreto","sequence":"additional","affiliation":[]},{"ORCID":"https:\/\/orcid.org\/0000-0001-7750-6227","authenticated-orcid":false,"given":"Eliana","family":"Penedos-Santiago","sequence":"additional","affiliation":[]},{"ORCID":"https:\/\/orcid.org\/0000-0002-5228-5453","authenticated-orcid":false,"given":"Nuno","family":"Martins","sequence":"additional","affiliation":[]}],"member":"297","published-online":{"date-parts":[[2021,10,2]]},"reference":[{"key":"4_CR1","unstructured":"Aires E (2016) Retratos de gera\u00e7\u00f5es na primeira pessoa: Eduardo Aires\/Interviewer: J. T. Santos [video]. Recuperado de https:\/\/vimeo.com\/182644835"},{"key":"4_CR2","unstructured":"Almeida BP (2004) Domingos Pinho. ASA Editores, Porto"},{"key":"4_CR3","unstructured":"Alvelos H, Barreto S, Chatterjee A, Penedos-Santiago E (2019) On the brink of dissipation: the reactivation of narrative heritage and material craftsmanship through design research. In: Research & education in design: people & processes & products & philosophy: proceedings of the 1st international conference on research and education in design (REDES 2019), November 14\u201315, Lisbon, Portugal"},{"key":"4_CR4","doi-asserted-by":"crossref","unstructured":"Banks M, Zeitlyn D (2015) Visual methods in social research. SAGE Publications","DOI":"10.4135\/9781473921702"},{"key":"4_CR5","unstructured":"Decree-Law no 38\/83 of June 1, 1983. Recovered from https:\/\/dre.tretas.org\/dre\/2484459\/decreto-do-governo-38-83-de-1-de-junho#anexos"},{"key":"4_CR6","unstructured":"Decree-Law no 80\/83 of February 9, 1983. Recovered from https:\/\/dre.pt\/web\/guest\/pesquisa\/-\/search\/311005\/details\/normal?q=80%2F83+design+arte+gr%C3%A1fica"},{"key":"4_CR7","unstructured":"Decree-Law 698\/86 of November 21, 1983. Recovered from https:\/\/dre.pt\/web\/guest\/pesquisa\/-\/search\/220921\/details\/normal?q=698%2F86+design+arte+gr%C3%A1fica"},{"key":"4_CR8","unstructured":"Fragoso M (2012) Design Gr\u00e1fico em Portugal: formas e express\u00f5es da cultura visual do s\u00e9culo XX. Livros Horizonte, Lisboa"},{"key":"4_CR9","doi-asserted-by":"crossref","unstructured":"Lima C, Barreto S, Alvelos H, Penedos-Santiago E, Martins N (2020) Learning ecologies: from past generations to current higher education. In 5th IAFOR international conference on education. Hawaii; The IAFOR International Conference on Education\u2014Hawaii 2020 Official Conference Proceedings. Retrieved from http:\/\/papers.iafor.org\/wp-content\/uploads\/conference-proceedings\/IICE\/IICEHawaii2020_proceedings.pdf","DOI":"10.22492\/issn.2189-1036.2020.5"},{"key":"4_CR10","doi-asserted-by":"publisher","unstructured":"Lima C, Barreto S, Alvelos H, Penedos-Santiago E, Martins N (2021a) From painting to graphic arts: the unique legacy of Armando Alves. In: Martins N, Brand\u00e3o D, Raposo D (eds) Perspectives on design and digital communication. Springer Series in Design and Innovation, vol 8. Springer, Cham. https:\/\/doi.org\/10.1007\/978-3-030-49647-0_1","DOI":"10.1007\/978-3-030-49647-0_1"},{"key":"4_CR11","doi-asserted-by":"publisher","unstructured":"Lima C, Barreto S, Alvelos H, Penedos-Santiago E, Martins N (2021b) The rise of the first design course at the School of Fine Arts of Porto. In: Raposo D, Neves J, Silva J, Correia Castilho L, Dias R (eds) Advances in design, music and arts. EIMAD 2020. Springer Series in Design and Innovation, vol 9. Springer, Cham. https:\/\/doi.org\/10.1007\/978-3-030-55700-3_11","DOI":"10.1007\/978-3-030-55700-3_11"},{"key":"4_CR12","unstructured":"Mendon\u00e7a R (2007) O Cartaz e a Escola_Um Estudo Centrado nos Autores e no Curso de Design das Belas Artes do Porto (Doctoral Thesis). Faculdade de Belas Artes da Universidade do Porto"},{"key":"4_CR13","unstructured":"Modesto A (2016) Retratos de gera\u00e7\u00f5es na primeira pessoa: Ant\u00f3nio Modesto\/Interviewer: J. T. Santos [video]. Recuperado de https:\/\/vimeo.com\/182472733"},{"key":"4_CR14","unstructured":"Quivy R, Campenhoudt LV (2008) Manual de Investiga\u00e7\u00e3o em Ci\u00eancias Sociais. Gradiva, Lisboa"},{"key":"4_CR15","unstructured":"Silva HS (2016) Da academia, Da economia, Da filosofia. In: Silva HS, Quental J, Branco V (eds) Francisco Provid\u00eancia. Cardume Editores, Matosinhos, pp 8\u201323"},{"key":"4_CR16","volume-title":"Using photographs in social and historical research","author":"P Tinkler","year":"2013","unstructured":"Tinkler P (2013) Using photographs in social and historical research. Sage Publications, Thousand Oaks"}],"container-title":["Springer Series in Design and Innovation","Perspectives on Design II"],"original-title":[],"language":"en","link":[{"URL":"https:\/\/link.springer.com\/content\/pdf\/10.1007\/978-3-030-79879-6_4","content-type":"unspecified","content-version":"vor","intended-application":"similarity-checking"}],"deposited":{"date-parts":[[2023,1,10]],"date-time":"2023-01-10T23:27:22Z","timestamp":1673393242000},"score":1,"resource":{"primary":{"URL":"https:\/\/link.springer.com\/10.1007\/978-3-030-79879-6_4"}},"subtitle":[],"short-title":[],"issued":{"date-parts":[[2021,10,2]]},"ISBN":["9783030798789","9783030798796"],"references-count":16,"URL":"https:\/\/doi.org\/10.1007\/978-3-030-79879-6_4","relation":{},"ISSN":["2661-8184","2661-8192"],"issn-type":[{"type":"print","value":"2661-8184"},{"type":"electronic","value":"2661-8192"}],"subject":[],"published":{"date-parts":[[2021,10,2]]},"assertion":[{"value":"2 October 2021","order":1,"name":"first_online","label":"First Online","group":{"name":"ChapterHistory","label":"Chapter History"}}]}}

Cláudia

Aires E (2016) Retratos de gerações na primeira pessoa: Eduardo Aires/Interviewer: J. T. Santos [video]. Recuperado de https://vimeo.com/182644835

Fragoso M (2012) Design Gráfico em Portugal: formas e expressões da cultura visual do século XX. Livros Horizonte, Lisboa

Lima C, Barreto S, Alvelos H, Penedos-Santiago E, Martins N (2021a) From painting to graphic arts: the unique legacy of Armando Alves. In: Martins N, Brandão D, Raposo D (eds) Perspectives on design and digital communication. Springer Series in Design and Innovation, vol 8. Springer, Cham. https://doi.org/10.1007/978-3-030-49647-0_1

Mendonça R (2007) O Cartaz e a Escola_Um Estudo Centrado nos Autores e no Curso de Design das Belas Artes do Porto (Doctoral Thesis). Faculdade de Belas Artes da Universidade do Porto

Modesto A (2016) Retratos de gerações na primeira pessoa: António Modesto/Interviewer: J. T. Santos [video]. Recuperado de https://vimeo.com/182472733

Quivy R, Campenhoudt LV (2008) Manual de Investigação em Ciências Sociais. Gradiva, Lisboa

Silva HS (2016) Da academia, Da economia, Da filosofia. In: Silva HS, Quental J, Branco V (eds) Francisco Providência. Cardume Editores, Matosinhos, pp 8–23
