{"status":"ok","message-type":"work","message-version":"1.0.0","message":{"indexed":{"date-parts":[[2025,3,26]],"date-time":"2025-03-26T12:15:23Z","timestamp":1742991323740,"version":"3.40.3"},"publisher-location":"Cham","reference-count":35,"publisher":"Springer International Publishing","isbn-type":[{"type":"print","value":"9783030876869"},{"type":"electronic","value":"9783030876876"}],"license":[{"start":{"date-parts":[[2021,10,30]],"date-time":"2021-10-30T00:00:00Z","timestamp":1635552000000},"content-version":"tdm","delay-in-days":0,"URL":"https:\/\/www.springer.com\/tdm"},{"start":{"date-parts":[[2021,10,30]],"date-time":"2021-10-30T00:00:00Z","timestamp":1635552000000},"content-version":"vor","delay-in-days":0,"URL":"https:\/\/www.springer.com\/tdm"}],"content-domain":{"domain":["link.springer.com"],"crossmark-restriction":false},"short-container-title":[],"published-print":{"date-parts":[[2022]]},"DOI":"10.1007\/978-3-030-87687-6_18","type":"book-chapter","created":{"date-parts":[[2021,10,29]],"date-time":"2021-10-29T05:02:33Z","timestamp":1635483753000},"page":"178-189","update-policy":"https:\/\/doi.org\/10.1007\/springer_crossmark_policy","source":"Crossref","is-referenced-by-count":2,"title":["Digital Statelessness"],"prefix":"10.1007","author":[{"ORCID":"https:\/\/orcid.org\/0000-0002-8352-2810","authenticated-orcid":false,"given":"Jaine Cristina","family":"Suzin","sequence":"first","affiliation":[]},{"ORCID":"https:\/\/orcid.org\/0000-0003-3039-4410","authenticated-orcid":false,"given":"Cesar Albenes","family":"Zeferino","sequence":"additional","affiliation":[]},{"ORCID":"https:\/\/orcid.org\/0000-0003-0446-9271","authenticated-orcid":false,"given":"Valderi Reis Quietinho","family":"Leithardt","sequence":"additional","affiliation":[]}],"member":"297","published-online":{"date-parts":[[2021,10,30]]},"reference":[{"issue":"2","key":"18_CR1","first-page":"1345","volume":"11","author":"SRF Aquino","year":"2018","unstructured":"Aquino, S.R.F., Baldissera, R.: Ensino jur\u00eddico, decisionismo e ativismo judicial: reflex\u00f5es para uma experi\u00eancia (mais) democr\u00e1tica em terrae brasilis. Quaestio Iuris 11(2), 1345\u20131361 (2018)","journal-title":"Quaestio Iuris"},{"unstructured":"Bobbio, N.: The future of democracy: a defense of the rules of the game. University of Minnesota Press (1987)","key":"18_CR2"},{"unstructured":"Bobbio, N.: Qual democracia? Edi\u00e7\u00f5es Loyola (2010)","key":"18_CR3"},{"unstructured":"Brasil, A.: Um em cada 4 brasileiros n\u00e3o tem acesso \u00e0 internet, mostra pesquisa (2020). https:\/\/agenciabrasil.ebc.com.br\/economia\/noticia\/2020-04\/um-em-cada-quatro-brasileiros-nao-tem-acesso-internet","key":"18_CR4"},{"unstructured":"Cabo\u00a0Mart\u00edn, C.: Pensamiento cr\u00edtico, constitucionalismo cr\u00edtico. Pensamiento cr\u00edtico, constitucionalismo cr\u00edtico, pp. 1\u2013119 (2014)","key":"18_CR5"},{"unstructured":"Caixa: Aux\u00edlio emergencial (2021). https:\/\/auxilio.caixa.gov.br","key":"18_CR6"},{"unstructured":"Churchill, W.: Churchill by himself: The definitive collection of quotations. Public Affairs (2008)","key":"18_CR7"},{"unstructured":"Coelho, I.C.: Educa\u00e7\u00e3o para a democracia no contexto da cultura digital: pervers\u00f5es e oportunidades. Revista Teias 20(Esp), 218\u2013230 (2019)","key":"18_CR8"},{"unstructured":"Comit\u00ea Gestor da Internet no Brasil: Centro Regional de Estudos para o Desenvolvimento da Sociedade da Informa\u00e7\u00e3o (2021). https:\/\/www.cetic.br\/","key":"18_CR9"},{"doi-asserted-by":"crossref","unstructured":"Demarchi, C., Suzin, J.C.: O caso Petruhhin e o princ\u00edpio do n\u00edvel mais elevado de prote\u00e7\u00e3o no tocante aos direitos fundamentais no \u00e2mbito da Uni\u00e3o Europeia. Revista de Direito Internacional 16(2) (2019)","key":"18_CR10","DOI":"10.5102\/rdi.v16i2.5999"},{"unstructured":"Dewey, J.: The democratic conception in education. Educating the democratic mind, pp. 25\u201344 (1996)","key":"18_CR11"},{"unstructured":"Ferrajoli, L.: A democracia atrav\u00e9s dos direitos: o constitucionalismo garantista como modelo te\u00f3rico e como projeto pol\u00edtico. S\u00e3o Paulo: Revista dos Tribunais, p.\u00a012 (2015)","key":"18_CR12"},{"unstructured":"Hessel, S.: Time for Outrage: Indignez-vous! Hachette UK (2011)","key":"18_CR13"},{"doi-asserted-by":"crossref","unstructured":"Husserl, E.: La idea de la fenomenolog\u00eda. Herder Editorial (2012)","key":"18_CR14","DOI":"10.2307\/j.ctvt9k3b4"},{"unstructured":"IBGE: Popula\u00e7\u00e3o do Brasil (2021). https:\/\/www.ibge.gov.br\/apps\/populacao\/projecao\/box_popclock.php","key":"18_CR15"},{"unstructured":"L\u00e9vy, P.: Cyberculture. University of Minnesota Press (2001)","key":"18_CR16"},{"unstructured":"Lewis, L.: Infographic: What happens in an internet minute 2021 (2021). https:\/\/www.allaccess.com\/merge\/archive\/32972\/infographic-what-happens-in-an-internet-minute","key":"18_CR17"},{"key":"18_CR18","volume-title":"Homo Eroticus","author":"M Maffesoli","year":"2012","unstructured":"Maffesoli, M.: Homo Eroticus. Des communions \u00e9motionnelles. Cnrs, Des communions \u00e9motionnelles (2012)"},{"unstructured":"Marshall, T.H., Bottomore, T.B., et\u00a0al.: Citizenship and social class, vol.\u00a02. Pluto Press, London (1992)","key":"18_CR19"},{"unstructured":"Mart\u00ednez, G.P.B.: Curso de Derechos Fundamentales: Teor\u00eda General. Universidad Carlos III de Madrid (1995)","key":"18_CR20"},{"unstructured":"Meirelles, D.: Marlova Jovchelovitch Noleto, representante da UNESCO no Brasil, explica porque \u2019felicidade \u00e9 um conceito coletivo\u2019 (interview) (2020). https:\/\/forbes.com.br\/colunas\/2020\/08\/donata-meirelles-marlova-jovchelovitch-noleto-representante-da-unesco-no-brasil-explica-porque-felicidade-e-um-conceito-coletivo\/","key":"18_CR21"},{"unstructured":"Melo, O.F.: Fundamentos da pol\u00edtica jur\u00eddica. Porto Alegre: SAFE p.\u00a0131 (1994)","key":"18_CR22"},{"issue":"1","key":"18_CR23","doi-asserted-by":"publisher","first-page":"84","DOI":"10.5020\/2317-2150.2015.v20n1p82","volume":"20","author":"DA Pamplona","year":"2015","unstructured":"Pamplona, D.A., Almendra Freitas, C.O.: Exerc\u00edcio democr\u00e1tico: a tecnologia e o surgimento de um novo sujeito. Pensar-Revista de Ci\u00eancias Jur\u00eddicas 20(1), 84\u2013107 (2015)","journal-title":"Pensar-Revista de Ci\u00eancias Jur\u00eddicas"},{"unstructured":"Pasold, C.L.: Fun\u00e7\u00e3o social do estado contempor\u00e2neo. rev. amp. Itaja\u00ed\/SC: Univali (2013)","key":"18_CR24"},{"unstructured":"Pereira, P.T.: Portugal: D\u00edvida P\u00fablica e o D\u00e9fice Democr\u00e1tico. Funda\u00e7\u00e3o Francisco Manuel dos Santos (2016)","key":"18_CR25"},{"unstructured":"Pinheiro, P.P.: Direito digital. Saraiva (2009)","key":"18_CR26"},{"key":"18_CR27","first-page":"1","volume":"9","author":"M Prensky","year":"2001","unstructured":"Prensky, M.: Digital natives, digital immigrants Part 1. On the horizon 9, 1\u20136 (2001)","journal-title":"On the horizon"},{"unstructured":"Rodot\u00e0, S.: Il diritto di avere diritti. Laterza (2012)","key":"18_CR28"},{"unstructured":"Sarlet, I.W.: Dignidade da Pessoa Humana e Direitos Fundamentais:: Na Constitui\u00e7\u00e3o Federal de 1988. Livraria do Advogado Editora (2018)","key":"18_CR29"},{"issue":"2","key":"18_CR30","doi-asserted-by":"publisher","first-page":"256","DOI":"10.1177\/0894439303262580","volume":"22","author":"M Shelley","year":"2004","unstructured":"Shelley, M., Thrane, L., Shulman, S., Lang, E., Beisser, S., Larson, T., Mutiti, J.: Digital citizenship: Parameters of the digital divide. Soc. Sci. Comput. Rev. 22(2), 256\u2013269 (2004)","journal-title":"Soc. Sci. Comput. Rev."},{"unstructured":"Silveira, S.A.: A no\u00e7\u00e3o de exclus\u00e3o digital diante das exig\u00eancias de uma cibercidadania. Pol\u00edticas P\u00fablicas, p.\u00a043 (2008)","key":"18_CR31"},{"unstructured":"Sodr\u00e9, M.: Reinventando a educa\u00e7\u00e3o: diversidade, descoloniza\u00e7\u00e3o e redes. Editora Vozes Limitada (2012)","key":"18_CR32"},{"doi-asserted-by":"crossref","unstructured":"Solon, O.: Tim berners-lee the future of the web: \u2019the system is failing\u2019 (interview) (2016). https:\/\/www.theguardian.com\/technology\/2017\/nov\/15\/tim-berners-lee-world-wide-web-net-neutrality","key":"18_CR33","DOI":"10.1145\/1283920.3240733"},{"unstructured":"Solon, O.: Internet, um territ\u00f3rio perdido? (2019). https:\/\/outraspalavras.net\/posts\/internet-territorio-perdido","key":"18_CR34"},{"unstructured":"Vitale, E., S\u00e1nchez, P.S.V., Ugarte, P.S.: Defenderse del poder: por una resistencia constitucional. Trotta Madrid (2012)","key":"18_CR35"}],"container-title":["Advances in Intelligent Systems and Computing","New Trends in Disruptive Technologies, Tech Ethics and Artificial Intelligence"],"original-title":[],"language":"en","link":[{"URL":"https:\/\/link.springer.com\/content\/pdf\/10.1007\/978-3-030-87687-6_18","content-type":"unspecified","content-version":"vor","intended-application":"similarity-checking"}],"deposited":{"date-parts":[[2024,9,11]],"date-time":"2024-09-11T00:59:28Z","timestamp":1726016368000},"score":1,"resource":{"primary":{"URL":"https:\/\/link.springer.com\/10.1007\/978-3-030-87687-6_18"}},"subtitle":["The Gap Between Technological Advancement and the Full Guarantee of Human Rights"],"short-title":[],"issued":{"date-parts":[[2021,10,30]]},"ISBN":["9783030876869","9783030876876"],"references-count":35,"URL":"https:\/\/doi.org\/10.1007\/978-3-030-87687-6_18","relation":{},"ISSN":["2194-5357","2194-5365"],"issn-type":[{"type":"print","value":"2194-5357"},{"type":"electronic","value":"2194-5365"}],"subject":[],"published":{"date-parts":[[2021,10,30]]},"assertion":[{"value":"30 October 2021","order":1,"name":"first_online","label":"First Online","group":{"name":"ChapterHistory","label":"Chapter History"}},{"value":"DiTTEt","order":1,"name":"conference_acronym","label":"Conference Acronym","group":{"name":"ConferenceInfo","label":"Conference Information"}},{"value":"International Conference on Disruptive Technologies, Tech Ethics and Artificial Intelligence","order":2,"name":"conference_name","label":"Conference Name","group":{"name":"ConferenceInfo","label":"Conference Information"}},{"value":"Salamanca","order":3,"name":"conference_city","label":"Conference City","group":{"name":"ConferenceInfo","label":"Conference Information"}},{"value":"Spain","order":4,"name":"conference_country","label":"Conference Country","group":{"name":"ConferenceInfo","label":"Conference Information"}},{"value":"2021","order":5,"name":"conference_year","label":"Conference Year","group":{"name":"ConferenceInfo","label":"Conference Information"}},{"value":"15 September 2021","order":7,"name":"conference_start_date","label":"Conference Start Date","group":{"name":"ConferenceInfo","label":"Conference Information"}},{"value":"17 September 2021","order":8,"name":"conference_end_date","label":"Conference End Date","group":{"name":"ConferenceInfo","label":"Conference Information"}},{"value":"1","order":9,"name":"conference_number","label":"Conference Number","group":{"name":"ConferenceInfo","label":"Conference Information"}},{"value":"dittet2021","order":10,"name":"conference_id","label":"Conference ID","group":{"name":"ConferenceInfo","label":"Conference Information"}},{"value":"https:\/\/dittet.com\/","order":11,"name":"conference_url","label":"Conference URL","group":{"name":"ConferenceInfo","label":"Conference Information"}}]}}

Aquino, S.R.F., Baldissera, R.: Ensino jurídico, decisionismo e ativismo judicial: reflexões para uma experiência (mais) democrática em terrae brasilis. Quaestio Iuris 11(2), 1345–1361 (2018)

Bobbio, N.: Qual democracia? Edições Loyola (2010)

Brasil, A.: Um em cada 4 brasileiros não tem acesso à internet, mostra pesquisa (2020). https://agenciabrasil.ebc.com.br/economia/noticia/2020-04/um-em-cada-quatro-brasileiros-nao-tem-acesso-internet

Cabo Martín, C.: Pensamiento crítico, constitucionalismo crítico. Pensamiento crítico, constitucionalismo crítico, pp. 1–119 (2014)

Caixa: Auxílio emergencial (2021). https://auxilio.caixa.gov.br

Coelho, I.C.: Educação para a democracia no contexto da cultura digital: perversões e oportunidades. Revista Teias 20(Esp), 218–230 (2019)

Comitê Gestor da Internet no Brasil: Centro Regional de Estudos para o Desenvolvimento da Sociedade da Informação (2021). https://www.cetic.br/

Demarchi, C., Suzin, J.C.: O caso Petruhhin e o princípio do nível mais elevado de proteção no tocante aos direitos fundamentais no âmbito da União Europeia. Revista de Direito Internacional 16(2) (2019)

Ferrajoli, L.: A democracia através dos direitos: o constitucionalismo garantista como modelo teórico e como projeto político. São Paulo: Revista dos Tribunais, p. 12 (2015)

Husserl, E.: La idea de la fenomenología. Herder Editorial (2012)

IBGE: População do Brasil (2021). https://www.ibge.gov.br/apps/populacao/projecao/box_popclock.php

Lévy, P.: Cyberculture. University of Minnesota Press (2001)

Maffesoli, M.: Homo Eroticus. Des communions émotionnelles. Cnrs, Des communions émotionnelles (2012)

Martínez, G.P.B.: Curso de Derechos Fundamentales: Teoría General. Universidad Carlos III de Madrid (1995)

Meirelles, D.: Marlova Jovchelovitch Noleto, representante da UNESCO no Brasil, explica porque ’felicidade é um conceito coletivo’ (interview) (2020). https://forbes.com.br/colunas/2020/08/donata-meirelles-marlova-jovchelovitch-noleto-representante-da-unesco-no-brasil-explica-porque-felicidade-e-um-conceito-coletivo/

Melo, O.F.: Fundamentos da política jurídica. Porto Alegre: SAFE p. 131 (1994)

Pamplona, D.A., Almendra Freitas, C.O.: Exercício democrático: a tecnologia e o surgimento de um novo sujeito. Pensar-Revista de Ciências Jurídicas 20(1), 84–107 (2015)

Pensar-Revista de Ciências Jurídicas

Pasold, C.L.: Função social do estado contemporâneo. rev. amp. Itajaí/SC: Univali (2013)

Pereira, P.T.: Portugal: Dívida Pública e o Défice Democrático. Fundação Francisco Manuel dos Santos (2016)

Rodotà, S.: Il diritto di avere diritti. Laterza (2012)

Sarlet, I.W.: Dignidade da Pessoa Humana e Direitos Fundamentais:: Na Constituição Federal de 1988. Livraria do Advogado Editora (2018)

Silveira, S.A.: A noção de exclusão digital diante das exigências de uma cibercidadania. Políticas Públicas, p. 43 (2008)

Sodré, M.: Reinventando a educação: diversidade, descolonização e redes. Editora Vozes Limitada (2012)

Solon, O.: Internet, um território perdido? (2019). https://outraspalavras.net/posts/internet-territorio-perdido

Vitale, E., Sánchez, P.S.V., Ugarte, P.S.: Defenderse del poder: por una resistencia constitucional. Trotta Madrid (2012)
