{"status":"ok","message-type":"work","message-version":"1.0.0","message":{"indexed":{"date-parts":[[2025,3,27]],"date-time":"2025-03-27T06:04:09Z","timestamp":1743055449906,"version":"3.40.3"},"publisher-location":"Cham","reference-count":9,"publisher":"Springer International Publishing","isbn-type":[{"type":"print","value":"9783030907877"},{"type":"electronic","value":"9783030907884"}],"license":[{"start":{"date-parts":[[2021,12,4]],"date-time":"2021-12-04T00:00:00Z","timestamp":1638576000000},"content-version":"tdm","delay-in-days":0,"URL":"https:\/\/www.springer.com\/tdm"},{"start":{"date-parts":[[2021,12,4]],"date-time":"2021-12-04T00:00:00Z","timestamp":1638576000000},"content-version":"vor","delay-in-days":0,"URL":"https:\/\/www.springer.com\/tdm"}],"content-domain":{"domain":["link.springer.com"],"crossmark-restriction":false},"short-container-title":[],"published-print":{"date-parts":[[2022]]},"DOI":"10.1007\/978-3-030-90788-4_103","type":"book-chapter","created":{"date-parts":[[2021,12,3]],"date-time":"2021-12-03T12:04:42Z","timestamp":1638533082000},"page":"1344-1358","update-policy":"https:\/\/doi.org\/10.1007\/springer_crossmark_policy","source":"Crossref","is-referenced-by-count":1,"title":["Contemporary Challenges of Residential Buildings from Mid-twentieth Century: For a Renewed Consciousness of Heritage Preservation and Energy Sustainability"],"prefix":"10.1007","author":[{"given":"Luciana","family":"Rocha","sequence":"first","affiliation":[]},{"given":"Rui","family":"Fernandes P\u00f3voas","sequence":"additional","affiliation":[]}],"member":"297","published-online":{"date-parts":[[2021,12,4]]},"reference":[{"key":"103_CR1","unstructured":"Calapez, P., Sousa, S.: Projecto de execu\u00e7\u00e3o. Mem\u00f3ria Descritiva. Tomo 1 \u2013 Projecto para a reabilita\u00e7\u00e3o do \u201cenvelope\u201d do Bairro do Falc\u00e3o, Blocos 1 a 9, Porto (2016)"},{"key":"103_CR2","unstructured":"C\u00e2mara Municipal do Porto: Plano de Melhoramentos, 1956\u20131966, CMP, Porto (1966)"},{"key":"103_CR3","unstructured":"Gigante, J.: Anteprojecto Bloco 1. Mem\u00f3ria Descritiva, Projecto de reabilita\u00e7\u00e3o\/Remodela\u00e7\u00e3o dos edif\u00edcios 1 a 3, 5 a 10, 16 e 17, 19 e 20, 30 a 32 e 33 do Cerco do Porto, Projecto Geral de Arquitectura, Porto (2017)"},{"key":"103_CR4","unstructured":"MINIST\u00c9RIO DAS OBRAS P\u00daBLICAS (MOP 1956): Decreto-Lei N. 40616. Di\u00e1rio da Rep\u00fablica, I S\u00e9rie, No. 108, pp. 629\u2013633, 28 May 1956"},{"key":"103_CR5","unstructured":"MINIST\u00c9RIO DAS OBRAS P\u00daBLICAS (MOP 1966): DECRETO-LEI N. 47443. Di\u00e1rio da Rep\u00fablica, I S\u00e9rie, No. 302, pp. 2358\u20132359, 30 December 1966"},{"key":"103_CR6","unstructured":"Pereira, V.B.: A Habita\u00e7\u00e3o Social na Transforma\u00e7\u00e3o da Cidade. Sobre a g\u00e9nese e efeitos do \u201cPlano de Melhoramentos para a Cidade do Porto\u201d de 1956. Edi\u00e7\u00f5es Afrontamento, Porto (2016). 978-972-36-1478-7"},{"key":"103_CR7","unstructured":"Queir\u00f3s, J.: O \u2018Plano de melhoramentos para a cidade do Porto\u2019 de 1956: Enquadramento pol\u00edtico-social e elenco de realiza\u00e7\u00f5es. In: Pereira, V.B. (ed.) O Estado, a habita\u00e7\u00e3o e a quest\u00e3o social na cidade do Porto, Edi\u00e7\u00f5es Afrontamento, Porto, pp. 37\u201364 (2016)"},{"key":"103_CR8","unstructured":"Vale, C., Abrantes, V.: Os processos de licen\u00e7as de obra na cidade do Porto. Caracteriza\u00e7\u00e3o construtiva do patrim\u00f3nio edificado entre 1911 e 1940, no eixo da Boavista, In: Reabilitar 2010 - Encontro Nacional Conserva\u00e7\u00e3o e Reabilita\u00e7\u00e3o de Estruturas, LNEC, Lisbon (2010)"},{"key":"103_CR9","unstructured":"Vale, C., Abrantes, V.: Entre tradi\u00e7\u00e3o construtiva e modernidade arquitect\u00f3nica. Caracteriza\u00e7\u00e3o construtiva da habita\u00e7\u00e3o corrente da cidade do Porto no segundo quartel do s\u00e9culo XX, In: PATORREB 2012 \u2013 4\u00ba Congreso de patolog\u00eda y rehabilitaci\u00f3n de edif\u00edcios, Santiago de Compostela (2012)"}],"container-title":["Lecture Notes in Civil Engineering","Protection of Historical Constructions"],"original-title":[],"language":"en","link":[{"URL":"https:\/\/link.springer.com\/content\/pdf\/10.1007\/978-3-030-90788-4_103","content-type":"unspecified","content-version":"vor","intended-application":"similarity-checking"}],"deposited":{"date-parts":[[2021,12,3]],"date-time":"2021-12-03T12:20:04Z","timestamp":1638534004000},"score":1,"resource":{"primary":{"URL":"https:\/\/link.springer.com\/10.1007\/978-3-030-90788-4_103"}},"subtitle":[],"short-title":[],"issued":{"date-parts":[[2021,12,4]]},"ISBN":["9783030907877","9783030907884"],"references-count":9,"URL":"https:\/\/doi.org\/10.1007\/978-3-030-90788-4_103","relation":{},"ISSN":["2366-2557","2366-2565"],"issn-type":[{"type":"print","value":"2366-2557"},{"type":"electronic","value":"2366-2565"}],"subject":[],"published":{"date-parts":[[2021,12,4]]},"assertion":[{"value":"4 December 2021","order":1,"name":"first_online","label":"First Online","group":{"name":"ChapterHistory","label":"Chapter History"}},{"value":"PROHITECH","order":1,"name":"conference_acronym","label":"Conference Acronym","group":{"name":"ConferenceInfo","label":"Conference Information"}},{"value":"International Conference on Protection of Historical Constructions","order":2,"name":"conference_name","label":"Conference Name","group":{"name":"ConferenceInfo","label":"Conference Information"}},{"value":"Athens","order":3,"name":"conference_city","label":"Conference City","group":{"name":"ConferenceInfo","label":"Conference Information"}},{"value":"Greece","order":4,"name":"conference_country","label":"Conference Country","group":{"name":"ConferenceInfo","label":"Conference Information"}},{"value":"2021","order":5,"name":"conference_year","label":"Conference Year","group":{"name":"ConferenceInfo","label":"Conference Information"}},{"value":"25 October 2021","order":7,"name":"conference_start_date","label":"Conference Start Date","group":{"name":"ConferenceInfo","label":"Conference Information"}},{"value":"27 October 2021","order":8,"name":"conference_end_date","label":"Conference End Date","group":{"name":"ConferenceInfo","label":"Conference Information"}},{"value":"4","order":9,"name":"conference_number","label":"Conference Number","group":{"name":"ConferenceInfo","label":"Conference Information"}},{"value":"prohitech2021","order":10,"name":"conference_id","label":"Conference ID","group":{"name":"ConferenceInfo","label":"Conference Information"}}]}}

Fernandes Póvoas

Calapez, P., Sousa, S.: Projecto de execução. Memória Descritiva. Tomo 1 – Projecto para a reabilitação do “envelope” do Bairro do Falcão, Blocos 1 a 9, Porto (2016)

Câmara Municipal do Porto: Plano de Melhoramentos, 1956–1966, CMP, Porto (1966)

Gigante, J.: Anteprojecto Bloco 1. Memória Descritiva, Projecto de reabilitação/Remodelação dos edifícios 1 a 3, 5 a 10, 16 e 17, 19 e 20, 30 a 32 e 33 do Cerco do Porto, Projecto Geral de Arquitectura, Porto (2017)

MINISTÉRIO DAS OBRAS PÚBLICAS (MOP 1956): Decreto-Lei N. 40616. Diário da República, I Série, No. 108, pp. 629–633, 28 May 1956

MINISTÉRIO DAS OBRAS PÚBLICAS (MOP 1966): DECRETO-LEI N. 47443. Diário da República, I Série, No. 302, pp. 2358–2359, 30 December 1966

Pereira, V.B.: A Habitação Social na Transformação da Cidade. Sobre a génese e efeitos do “Plano de Melhoramentos para a Cidade do Porto” de 1956. Edições Afrontamento, Porto (2016). 978-972-36-1478-7

Queirós, J.: O ‘Plano de melhoramentos para a cidade do Porto’ de 1956: Enquadramento político-social e elenco de realizações. In: Pereira, V.B. (ed.) O Estado, a habitação e a questão social na cidade do Porto, Edições Afrontamento, Porto, pp. 37–64 (2016)

Vale, C., Abrantes, V.: Os processos de licenças de obra na cidade do Porto. Caracterização construtiva do património edificado entre 1911 e 1940, no eixo da Boavista, In: Reabilitar 2010 - Encontro Nacional Conservação e Reabilitação de Estruturas, LNEC, Lisbon (2010)

Vale, C., Abrantes, V.: Entre tradição construtiva e modernidade arquitectónica. Caracterização construtiva da habitação corrente da cidade do Porto no segundo quartel do século XX, In: PATORREB 2012 – 4º Congreso de patología y rehabilitación de edifícios, Santiago de Compostela (2012)
