{"status":"ok","message-type":"work","message-version":"1.0.0","message":{"indexed":{"date-parts":[[2025,10,9]],"date-time":"2025-10-09T12:51:25Z","timestamp":1760014285165,"version":"3.40.3"},"publisher-location":"Cham","reference-count":19,"publisher":"Springer Nature Switzerland","isbn-type":[{"type":"print","value":"9783031203633"},{"type":"electronic","value":"9783031203640"}],"license":[{"start":{"date-parts":[[2022,10,27]],"date-time":"2022-10-27T00:00:00Z","timestamp":1666828800000},"content-version":"tdm","delay-in-days":0,"URL":"https:\/\/www.springer.com\/tdm"},{"start":{"date-parts":[[2022,10,27]],"date-time":"2022-10-27T00:00:00Z","timestamp":1666828800000},"content-version":"vor","delay-in-days":0,"URL":"https:\/\/www.springer.com\/tdm"}],"content-domain":{"domain":["link.springer.com"],"crossmark-restriction":false},"short-container-title":[],"published-print":{"date-parts":[[2023]]},"DOI":"10.1007\/978-3-031-20364-0_35","type":"book-chapter","created":{"date-parts":[[2022,10,26]],"date-time":"2022-10-26T13:09:28Z","timestamp":1666789768000},"page":"406-414","update-policy":"https:\/\/doi.org\/10.1007\/springer_crossmark_policy","source":"Crossref","is-referenced-by-count":3,"title":["A Look into Fashion Shows During and After the Covid-19 Pandemic: Are Digital Fashion Shows Here to Stay?"],"prefix":"10.1007","author":[{"ORCID":"https:\/\/orcid.org\/0000-0002-1776-4555","authenticated-orcid":false,"given":"Clarissa","family":"de Carvalho Godim","sequence":"first","affiliation":[]},{"ORCID":"https:\/\/orcid.org\/0000-0001-5063-1124","authenticated-orcid":false,"given":"Joana","family":"Cunha","sequence":"additional","affiliation":[]}],"member":"297","published-online":{"date-parts":[[2022,10,27]]},"reference":[{"key":"35_CR1","doi-asserted-by":"publisher","unstructured":"Barua, S.: Understanding Coronanomics: The Economic Implications of the Coronavirus (COVID-19) Pandemic, 1 April 2020. SSRN: https:\/\/ssrn.com\/abstract=3566477 or https:\/\/doi.org\/10.2139\/ssrn.3566477. Accessed 7 Oct 2020","DOI":"10.2139\/ssrn.3566477"},{"key":"35_CR2","unstructured":"BoF and Mckinsey: The State of Fashion 2020 \u2013 Coronavirus Update. Report by The Business of Fashion and McKinsey & Company, 08 April 2020. https:\/\/www.mckinsey.com. Accessed 8 Jan 2021"},{"key":"35_CR3","doi-asserted-by":"publisher","unstructured":"Lemire, B.: The Force of Fashion in Politics and Society: Global Perspectives from Early Modern to Contemporary Times, 1st edn. Routledge, London (2016). https:\/\/doi.org\/10.4324\/9781315239651. Accessed 8 Jan 2021","DOI":"10.4324\/9781315239651"},{"key":"35_CR4","unstructured":"Badar\u00f3, M., Brasil, P.: Sistemas de Moda em Tempos de Pandemia: Insights para enfrentamento da crise. Bahia, SENAC (2020). http:\/\/www.ba.senac.br\/publitao\/arquivos\/arquivos\/fe8eb02c2f004810b46313d293852b3d.pdf. Accessed 8 Jan 2021"},{"key":"35_CR5","unstructured":"Gomes, D.: O reflexo da pandemia no mundo da moda. Revista Cult (2020). https:\/\/revistacultnet.com.br\/2020\/07\/11\/o-reflexo-da-pandemia-no-mundo-da-moda\/. Accessed 11 May 2021"},{"key":"35_CR6","doi-asserted-by":"publisher","first-page":"510","DOI":"10.1007\/978-3-030-61671-7_47","volume-title":"Digicom 2020","author":"AP Faria","year":"2020","unstructured":"Faria, A.P., Provid\u00eancia, B., Cunha, J.: The foreseeable future of digital fashion com-munication after coronavirus: designing for emotions. In: Martins, N., Brand\u00e3o, D. (eds.) Digicom 2020, pp. 510\u2013515. Springer, Cham (2020). https:\/\/doi.org\/10.1007\/978-3-030-61671-7_47"},{"key":"35_CR7","unstructured":"Grilec, A., Vukusic, D., Dujic, D.: Communication strategies of luxury brands during Covid-19 crisis. In: Economic and Social Development: Book of Proceedings, pp. 281\u2013290 (2020)"},{"key":"35_CR8","unstructured":"Ronchetti, M., Nobile, T.H., Oliveira, N.K., Cantoni, L.: Digital fashion competences: Market practices and needs during COVID19. Institute of Digital Technologies for Communication of USI\u2013Universit\u00e0 della Svizzera italiana, Lugano (Switzerland) (2020)"},{"key":"35_CR9","unstructured":"Hees, L.: Como o Covid-19 est\u00e1 a transformar as Semanas de Moda em todo o mundo. Vogue Portugal, 3 April 2020. https:\/\/www.vogue.pt. Accessed 20 Jan 2022"},{"key":"35_CR10","unstructured":"Kessler, A.: Tudo o que precisa de saber sobre as semanas de Moda de Setembro. Vogue Portugal, 27 August 2020. https:\/\/www.vogue.pt. Accessed 20 Jan 2022"},{"key":"35_CR11","unstructured":"SPFW homepage. https:\/\/spfw.com.br\/. Accessed 11 May 2021"},{"key":"35_CR12","unstructured":"@Prada|Spring Summer 2020\/2021-Full show & Conversation with Raf Simons and Miuccia Prada. https:\/\/www.youtube.com\/watch?v=sAw9nYqzAvI. Accessed 20 Jan 2022"},{"key":"35_CR13","unstructured":"Pacce, L.: Jacquemus fala de amor e desfila (com plateia e tudo) o ver\u00e3o 2021 num campo de trigo! Portal Lilian Pacce, 18 July 2020. https:\/\/www.lilianpacce.com.br\/. Accessed 08 Aug 2021"},{"key":"35_CR14","unstructured":"Opovo: Chanel e Dior voltam as passarelas na semana de Alta Costura de Paris (2021). https:\/\/www.opovo.com.br\/vidaearte\/2021\/07\/06\/chanel-e-dior-voltam-as-passarelas-na-semana-de-alta-costura-de-paris.html. Accessed 08 Aug 2021"},{"key":"35_CR15","unstructured":"Freeman, L.: Meet Eva Jospin, the artist behind Dior\u2019s exquisitely embroidered Haute Couture AW21 show space, 06 July 2021. https:\/\/www.vogue.co.uk\/arts-and-lifestyle\/article\/eva-jospin-dior-couture-aw21-interview. Accessed 20 Jan 2022"},{"key":"35_CR16","unstructured":"Hansen, C., Azevedo, E.C., Morelli, G., Behling, H.P., de Brusque, U.C.U., Brusque, S.C.: Comunica\u00e7\u00e3o de moda: um breve olhar sobre o desfile como ferramenta na contemporaneidade. Vozes e Di\u00e1logo, 11(02) (2012). https:\/\/www6.univali.br\/seer\/index.php\/vd\/article\/view\/4313. Accessed 8 Jan 2021"},{"key":"35_CR17","doi-asserted-by":"crossref","unstructured":"Flichy, P.: Translated from the French by Liz Carey Libbrecht, \u00abConnected Individualism between Digital Technology and Society\u00bb, R\u00e9seaux 2004\/2 (No. 124), pp. 17\u201351(2004)","DOI":"10.3917\/res.124.0017"},{"key":"35_CR18","doi-asserted-by":"publisher","first-page":"55","DOI":"10.1016\/j.techfore.2019.05.005","volume":"145","author":"JS Guy","year":"2019","unstructured":"Guy, J.S.: Digital technology, digital culture and the metric\/nonmetric distinction. Technol. Forecast. Soc. Chang. 145, 55\u201361 (2019)","journal-title":"Technol. Forecast. Soc. Chang."},{"key":"35_CR19","unstructured":"The BoF: Balenciaga\u2019s C\u00e9dric Charbit on Moving from Hype to Timelessness, 17 December 2021. https:\/\/www.businessoffashion.com\/videos\/luxury\/balenciagas-cedric-charbit-on-moving-from-hype-to-timelessness\/. Accessed 20 Jan 2022"}],"container-title":["Springer Series in Design and Innovation","Advances in Design and Digital Communication III"],"original-title":[],"language":"en","link":[{"URL":"https:\/\/link.springer.com\/content\/pdf\/10.1007\/978-3-031-20364-0_35","content-type":"unspecified","content-version":"vor","intended-application":"similarity-checking"}],"deposited":{"date-parts":[[2022,10,26]],"date-time":"2022-10-26T13:18:49Z","timestamp":1666790329000},"score":1,"resource":{"primary":{"URL":"https:\/\/link.springer.com\/10.1007\/978-3-031-20364-0_35"}},"subtitle":[],"short-title":[],"issued":{"date-parts":[[2022,10,27]]},"ISBN":["9783031203633","9783031203640"],"references-count":19,"URL":"https:\/\/doi.org\/10.1007\/978-3-031-20364-0_35","relation":{},"ISSN":["2661-8184","2661-8192"],"issn-type":[{"type":"print","value":"2661-8184"},{"type":"electronic","value":"2661-8192"}],"subject":[],"published":{"date-parts":[[2022,10,27]]},"assertion":[{"value":"27 October 2022","order":1,"name":"first_online","label":"First Online","group":{"name":"ChapterHistory","label":"Chapter History"}},{"value":"DIGICOM","order":1,"name":"conference_acronym","label":"Conference Acronym","group":{"name":"ConferenceInfo","label":"Conference Information"}},{"value":"International Conference on Design and Digital Communication","order":2,"name":"conference_name","label":"Conference Name","group":{"name":"ConferenceInfo","label":"Conference Information"}},{"value":"Barcelos","order":3,"name":"conference_city","label":"Conference City","group":{"name":"ConferenceInfo","label":"Conference Information"}},{"value":"Portugal","order":4,"name":"conference_country","label":"Conference Country","group":{"name":"ConferenceInfo","label":"Conference Information"}},{"value":"2022","order":5,"name":"conference_year","label":"Conference Year","group":{"name":"ConferenceInfo","label":"Conference Information"}},{"value":"3 November 2022","order":7,"name":"conference_start_date","label":"Conference Start Date","group":{"name":"ConferenceInfo","label":"Conference Information"}},{"value":"5 November 2022","order":8,"name":"conference_end_date","label":"Conference End Date","group":{"name":"ConferenceInfo","label":"Conference Information"}},{"value":"digicom2022","order":10,"name":"conference_id","label":"Conference ID","group":{"name":"ConferenceInfo","label":"Conference Information"}},{"value":"https:\/\/digicom.ipca.pt\/#filter=home.en","order":11,"name":"conference_url","label":"Conference URL","group":{"name":"ConferenceInfo","label":"Conference Information"}}]}}

Badaró, M., Brasil, P.: Sistemas de Moda em Tempos de Pandemia: Insights para enfrentamento da crise. Bahia, SENAC (2020). http://www.ba.senac.br/publitao/arquivos/arquivos/fe8eb02c2f004810b46313d293852b3d.pdf. Accessed 8 Jan 2021

Faria, A.P., Providência, B., Cunha, J.: The foreseeable future of digital fashion com-munication after coronavirus: designing for emotions. In: Martins, N., Brandão, D. (eds.) Digicom 2020, pp. 510–515. Springer, Cham (2020). https://doi.org/10.1007/978-3-030-61671-7_47

Ronchetti, M., Nobile, T.H., Oliveira, N.K., Cantoni, L.: Digital fashion competences: Market practices and needs during COVID19. Institute of Digital Technologies for Communication of USI–Università della Svizzera italiana, Lugano (Switzerland) (2020)

Hees, L.: Como o Covid-19 está a transformar as Semanas de Moda em todo o mundo. Vogue Portugal, 3 April 2020. https://www.vogue.pt. Accessed 20 Jan 2022

Pacce, L.: Jacquemus fala de amor e desfila (com plateia e tudo) o verão 2021 num campo de trigo! Portal Lilian Pacce, 18 July 2020. https://www.lilianpacce.com.br/. Accessed 08 Aug 2021

Hansen, C., Azevedo, E.C., Morelli, G., Behling, H.P., de Brusque, U.C.U., Brusque, S.C.: Comunicação de moda: um breve olhar sobre o desfile como ferramenta na contemporaneidade. Vozes e Diálogo, 11(02) (2012). https://www6.univali.br/seer/index.php/vd/article/view/4313. Accessed 8 Jan 2021

Flichy, P.: Translated from the French by Liz Carey Libbrecht, «Connected Individualism between Digital Technology and Society», Réseaux 2004/2 (No. 124), pp. 17–51(2004)

The BoF: Balenciaga’s Cédric Charbit on Moving from Hype to Timelessness, 17 December 2021. https://www.businessoffashion.com/videos/luxury/balenciagas-cedric-charbit-on-moving-from-hype-to-timelessness/. Accessed 20 Jan 2022
