{"status":"ok","message-type":"work","message-version":"1.0.0","message":{"indexed":{"date-parts":[[2025,10,8]],"date-time":"2025-10-08T16:11:03Z","timestamp":1759939863564,"version":"3.40.3"},"publisher-location":"Cham","reference-count":28,"publisher":"Springer Nature Switzerland","isbn-type":[{"type":"print","value":"9783031382765"},{"type":"electronic","value":"9783031382772"}],"license":[{"start":{"date-parts":[[2023,11,4]],"date-time":"2023-11-04T00:00:00Z","timestamp":1699056000000},"content-version":"tdm","delay-in-days":0,"URL":"https:\/\/www.springernature.com\/gp\/researchers\/text-and-data-mining"},{"start":{"date-parts":[[2023,11,4]],"date-time":"2023-11-04T00:00:00Z","timestamp":1699056000000},"content-version":"vor","delay-in-days":0,"URL":"https:\/\/www.springernature.com\/gp\/researchers\/text-and-data-mining"}],"content-domain":{"domain":["link.springer.com"],"crossmark-restriction":false},"short-container-title":[],"published-print":{"date-parts":[[2024]]},"DOI":"10.1007\/978-3-031-38277-2_45","type":"book-chapter","created":{"date-parts":[[2023,11,3]],"date-time":"2023-11-03T20:01:52Z","timestamp":1699041712000},"page":"557-565","update-policy":"https:\/\/doi.org\/10.1007\/springer_crossmark_policy","source":"Crossref","is-referenced-by-count":1,"title":["Pre-pandemic Versus Pandemic Times: The Impact of Psychosocial Risk Factors on Work-Related Musculoskeletal Disorders in Healthcare Workers"],"prefix":"10.1007","author":[{"ORCID":"https:\/\/orcid.org\/0000-0003-2236-4553","authenticated-orcid":false,"given":"C.","family":"Barros","sequence":"first","affiliation":[]},{"ORCID":"https:\/\/orcid.org\/0000-0002-3740-862X","authenticated-orcid":false,"given":"P.","family":"Baylina","sequence":"additional","affiliation":[]}],"member":"297","published-online":{"date-parts":[[2023,11,4]]},"reference":[{"key":"45_CR1","doi-asserted-by":"publisher","unstructured":"Alzeyadi, A.A., Elsiddig, A.I., Khan, M.A., Alkhaldi, S.A., Alrumaym, A.H., Alzaidi, G.A., Alotaibi, W.T.: Prevalence of musculoskeletal disorders among health care workers during covid-19 pandemic in the western region of Saudi Arabia. Med. Sci. 26, ms104e210 (2022). https:\/\/doi.org\/10.54905\/disssi\/v26i121\/ms104e2106","DOI":"10.54905\/disssi\/v26i121\/ms104e2106"},{"key":"45_CR2","doi-asserted-by":"publisher","unstructured":"Ate\u015f, R., Yakut, H.: Investigation of musculoskeletal disorders, physical activity level, sleep quality, and fatigue in health professionals with and without a history of COVID-19. Work (Reading, Mass.) (2022). https:\/\/doi.org\/10.3233\/WOR-220283","DOI":"10.3233\/WOR-220283"},{"issue":"9","key":"45_CR3","doi-asserted-by":"publisher","first-page":"159","DOI":"10.1007\/s10916-018-1013-7","volume":"42","author":"P Baylina","year":"2018","unstructured":"Baylina, P., Barros, C., Fontes, C., Alves, S., Rocha, A.: Healthcare workers: occupational health promotion and patient safety. J. Med. Syst. 42(9), 159 (2018)","journal-title":"J. Med. Syst."},{"key":"45_CR4","doi-asserted-by":"publisher","unstructured":"Barros C., Baylina, P.: Stress and associated factors among nursing workers in pandemic times. In: Arezes, P.M., et al. (eds.) Occupational and Environmental Safety and Health IV. Studies in Systems, Decision and Control, vol. 449, pp. 271\u2013282. Springer, Cham, Switzerland. ISBN: 978-3-031-12546-1 (2022). https:\/\/doi.org\/10.1007\/978-3-031-12547-8","DOI":"10.1007\/978-3-031-12547-8"},{"issue":"3","key":"45_CR5","doi-asserted-by":"publisher","first-page":"204","DOI":"10.1093\/occmed\/kqz034","volume":"69","author":"C Barros","year":"2019","unstructured":"Barros, C., Fonte, C., Alves, S., Baylina, P.: Can psychosocial work factors influence psychologists\u2019 positive mental health? Occup. Med. (Oxford, England) 69(3), 204\u2013210 (2019). https:\/\/doi.org\/10.1093\/occmed\/kqz034","journal-title":"Occup. Med. (Oxford, England)"},{"key":"45_CR6","doi-asserted-by":"publisher","unstructured":"Barros, C., Cunha, L., Oliveira, A., Baylina, P., Rocha, A.: Development and validation of a health and work survey based on the Rasch model among portuguese workers. J. Med. Syst. 41(79), 1\u20139. https:\/\/doi.org\/10.1007\/s10916-017-0727-2","DOI":"10.1007\/s10916-017-0727-2"},{"key":"45_CR7","doi-asserted-by":"publisher","unstructured":"Cargnin, Z., Schneider, D., Vargas, M., Machado, R.: Occupational stressors in nurses working at hospitalization and critical care units. Revista Latino-Americana de Enfermagem 27, e3172 (2019). https:\/\/doi.org\/10.1590\/1518-8345.2915.3172","DOI":"10.1590\/1518-8345.2915.3172"},{"key":"45_CR8","doi-asserted-by":"publisher","first-page":"22","DOI":"10.1016\/j.ergon.2017.05.002","volume":"61","author":"P Carneiro","year":"2017","unstructured":"Carneiro, P., Braga, A.C., Barroso, M.: Work-related musculoskeletal disorders in home care nurses: study of the main risk factors. Int. J. Ind. Ergon. 61, 22\u201328 (2017). https:\/\/doi.org\/10.1016\/j.ergon.2017.05.002","journal-title":"Int. J. Ind. Ergon."},{"key":"45_CR9","doi-asserted-by":"publisher","unstructured":"Correia, J., Barros, C., Baylina, P.: A influ\u00eancia dos fatores psicossociais de risco no desenvolvimento de les\u00f5es m\u00fasculo-esquel\u00e9ticas. Psicologia, Sa\u00fade & Doen\u00e7as 22(1), 530\u2013336 (2021). https:\/\/doi.org\/10.15309\/21psd220217","DOI":"10.15309\/21psd220217"},{"issue":"2","key":"45_CR10","doi-asserted-by":"publisher","first-page":"4798","DOI":"10.34119\/bjhrv4n2-064","volume":"4","author":"P Da Silva","year":"2021","unstructured":"Da Silva, P., Luna, B., Sousa, C.: O olhar da enfermagem frente pandemia. Braz. J. Health Rev. 4(2), 4798\u20134807 (2021)","journal-title":"Braz. J. Health Rev."},{"key":"45_CR11","doi-asserted-by":"publisher","unstructured":"Duarte, M., Silva, D., Bagatini, M.: Enfermagem e sa\u00fade mental: uma reflex\u00e3o em meio \u00e0pandemiadecoronav\u00edrus. RevistaGa\u00fachade Enfermagem 42,(2020). https:\/\/doi.org\/10.1590\/1983-1447.2021.20200140","DOI":"10.1590\/1983-1447.2021.20200140"},{"key":"45_CR12","unstructured":"European Commission.: Directorate-General for Employment, Social Affairs and Inclusion, Occupational Health and Safety Risks in the Healthcare Sector. Publications Office, Luxembourg (2014)"},{"key":"45_CR13","doi-asserted-by":"publisher","first-page":"2453","DOI":"10.3390\/ijerph18052453","volume":"18","author":"P Franklin","year":"2021","unstructured":"Franklin, P., Gkiouleka, A.A.: Scoping review of psychosocial risks to health workers during the covid-19 pandemic. Int. J. Environ. Res. Public Health 18, 2453 (2021)","journal-title":"Int. J. Environ. Res. Public Health"},{"key":"45_CR14","doi-asserted-by":"publisher","unstructured":"Freimann, T., P\u00e4\u00e4suke, M., Merisalu, E.: Work-related psychosocial factors and mental health problems associated with musculoskeletal pain in nurses: a cross-sectional study. Pain Res. Manag. 9361016,(2016). https:\/\/doi.org\/10.1155\/2016\/9361016","DOI":"10.1155\/2016\/9361016"},{"key":"45_CR15","unstructured":"IGAS\u2014Inspe\u00e7\u00e3o Geral da Atividade em Sa\u00fade (2018). Manual da Seguran\u00e7a e Sa\u00fade no Trabalho. Dispon\u00edvel em: http:\/\/www.igas.min-saude.pt\/wp-content\/uploads\/2017\/04\/Manual_Seguranca_e_saude_no_trabalho.pt"},{"issue":"17","key":"45_CR16","doi-asserted-by":"publisher","first-page":"9361","DOI":"10.3390\/ijerph18179361","volume":"18","author":"S Krishnan","year":"2021","unstructured":"Krishnan, S., Raju, G., Shawkataly, O.: Prevalence of work-related musculoskeletal disorders: psychological and physical risk factors. Int. J. Environ. Res. Public Health 18(17), 9361 (2021). https:\/\/doi.org\/10.3390\/ijerph18179361","journal-title":"Int. J. Environ. Res. Public Health"},{"key":"45_CR17","doi-asserted-by":"publisher","unstructured":"Kurtaran, N.E., Kurtaran, M., Gunduz, S.\u015e., \u00d6zt\u00fcrk, L.: Healthcare workers\u2019 musculoskeletal disorders, sleep quality, stress, and fatigue during the COVID-19 pandemic. Pamukkale T\u0131p Dergisi 15(2 ve 3), 11\u201311 (2022). https:\/\/doi.org\/10.31362\/patd.1011863","DOI":"10.31362\/patd.1011863"},{"key":"45_CR18","doi-asserted-by":"publisher","unstructured":"Labegalini, C., Stevanato, K., Nogueira, I., Christinelli, H., Silva, V., Costa, M.: O processo de enfrentamento da pandemia de COVID-19 na perspectiva de profissionais da Enfermagem. Res. Soc. Dev. 10(1) (2021). https:\/\/doi.org\/10.33448\/rsd-v10i1.11252","DOI":"10.33448\/rsd-v10i1.11252"},{"key":"45_CR19","doi-asserted-by":"crossref","unstructured":"Leka, S., Jain, A., Iavicoli, S., Di Tecco, C.: An evaluation of the policy context on psychosocial risks and mental health in the workplace in the European Union: achievements, challenges, and the future. Biomed. Res. Int. 213089 (2015)","DOI":"10.1155\/2015\/213089"},{"issue":"1","key":"45_CR20","doi-asserted-by":"publisher","first-page":"21","DOI":"10.3390\/joitmc8010021","volume":"8","author":"Z Liu","year":"2022","unstructured":"Liu, Z., Shi, Y., Yang, B.: Open innovation in times of crisis: an overview of the healthcare sector in response to the COVID-19 pandemic. J. Open Innov.: Technol. Market Complex. 8(1), 21 (2022). https:\/\/doi.org\/10.3390\/joitmc8010021","journal-title":"J. Open Innov.: Technol. Market Complex."},{"key":"45_CR21","first-page":"158","volume":"10","author":"J Mailutha","year":"2020","unstructured":"Mailutha, J.: Prevalence of musculoskeletal disorders among nurses in Kenya: part 1, anthropometric data and MSDS. Int. J. Emerg. Technol. Adv. Eng. 10, 158\u2013163 (2020)","journal-title":"Int. J. Emerg. Technol. Adv. Eng."},{"key":"45_CR22","doi-asserted-by":"publisher","unstructured":"Miranda, F., Santana, L., Pizzolato, A., Saquis, L.: Working conditions and the impact on the health of the nursing professionals in the context of covid-19. Cogitare Enferm 25,(2020). https:\/\/doi.org\/10.5380\/ce.v25i0.72702","DOI":"10.5380\/ce.v25i0.72702"},{"key":"45_CR23","doi-asserted-by":"publisher","DOI":"10.1016\/j.ssci.2021.105499","volume":"145","author":"M Moreno","year":"2022","unstructured":"Moreno, M., Fern\u00e1ndez-Cano, M., Feijoo-Cid, M., Llorens, S., Navarro, A.: Health outcomes and psychosocial risk exposures among healthcare workers during the first wave of the COVID-19 outbreak. Saf. Sci. 145, 105499 (2022)","journal-title":"Saf. Sci."},{"key":"45_CR24","doi-asserted-by":"publisher","unstructured":"Pereira, M., Torres, E., Pereira, M., Antunes, P., Costa, C.: Sofrimento emocional dos Enfermeiros no contexto hospitalar frente \u00e0 pandemia de COVID-19. Res. Soc. Dev. 9(8), e67985121\u2013e67985121 (2020). https:\/\/doi.org\/10.33448\/rsd-v9i8.5121","DOI":"10.33448\/rsd-v9i8.5121"},{"key":"45_CR25","doi-asserted-by":"publisher","unstructured":"Seabra, P., Lopes, J., Calado, M., Capelas, M.: A national survey of the nurses\u2019 mental health\u2014The case of Portugal. Nursing forum. Wiley Online Library (2019). https:\/\/doi.org\/10.1111\/nuf.12350","DOI":"10.1111\/nuf.12350"},{"key":"45_CR26","doi-asserted-by":"publisher","unstructured":"Shaukat, N., Ali, D., Razzak, J.: Physical and mental health impacts of COVID-19 on healthcare workers: a scoping review. Int. J. Emerg. Med. 13, 40 (2020). https:\/\/doi.org\/10.1186\/s12245-020-00299-5","DOI":"10.1186\/s12245-020-00299-5"},{"key":"45_CR27","doi-asserted-by":"publisher","first-page":"3465","DOI":"10.1590\/1413-81232020259.19562020","volume":"25","author":"C Teixeira","year":"2020","unstructured":"Teixeira, C., Soares, C., Souza, E., Lisboa, E., Pinto, I., Andrade, L., Espiridi\u00e3o, M.: A sa\u00fade dos profissionais de sa\u00fade no enfrentamento da pandemia de Covid-19. Cien. Saude Colet. 25, 3465\u20133474 (2020). https:\/\/doi.org\/10.1590\/1413-81232020259.19562020","journal-title":"Cien. Saude Colet."},{"key":"45_CR28","doi-asserted-by":"publisher","unstructured":"Vizheh, M., Qorbani, M., Arzaghi, S., Muhidin, S., Javanmard, Z., Esmaeili, M.: The mental health of healthcare workers in the COVID-19 pandemic: a systematic review. J. Diabetes Metab. Disord. 1\u201312,(2020). https:\/\/doi.org\/10.1007\/s40200-020-00643-9","DOI":"10.1007\/s40200-020-00643-9"}],"container-title":["Studies in Systems, Decision and Control","Occupational and Environmental Safety and Health V"],"original-title":[],"language":"en","link":[{"URL":"https:\/\/link.springer.com\/content\/pdf\/10.1007\/978-3-031-38277-2_45","content-type":"unspecified","content-version":"vor","intended-application":"similarity-checking"}],"deposited":{"date-parts":[[2023,11,3]],"date-time":"2023-11-03T20:10:26Z","timestamp":1699042226000},"score":1,"resource":{"primary":{"URL":"https:\/\/link.springer.com\/10.1007\/978-3-031-38277-2_45"}},"subtitle":[],"short-title":[],"issued":{"date-parts":[[2023,11,4]]},"ISBN":["9783031382765","9783031382772"],"references-count":28,"URL":"https:\/\/doi.org\/10.1007\/978-3-031-38277-2_45","relation":{},"ISSN":["2198-4182","2198-4190"],"issn-type":[{"type":"print","value":"2198-4182"},{"type":"electronic","value":"2198-4190"}],"subject":[],"published":{"date-parts":[[2023,11,4]]},"assertion":[{"value":"4 November 2023","order":1,"name":"first_online","label":"First Online","group":{"name":"ChapterHistory","label":"Chapter History"}}]}}

Ateş, R., Yakut, H.: Investigation of musculoskeletal disorders, physical activity level, sleep quality, and fatigue in health professionals with and without a history of COVID-19. Work (Reading, Mass.) (2022). https://doi.org/10.3233/WOR-220283

Correia, J., Barros, C., Baylina, P.: A influência dos fatores psicossociais de risco no desenvolvimento de lesões músculo-esqueléticas. Psicologia, Saúde & Doenças 22(1), 530–336 (2021). https://doi.org/10.15309/21psd220217

Duarte, M., Silva, D., Bagatini, M.: Enfermagem e saúde mental: uma reflexão em meio àpandemiadecoronavírus. RevistaGaúchade Enfermagem 42,(2020). https://doi.org/10.1590/1983-1447.2021.20200140

Freimann, T., Pääsuke, M., Merisalu, E.: Work-related psychosocial factors and mental health problems associated with musculoskeletal pain in nurses: a cross-sectional study. Pain Res. Manag. 9361016,(2016). https://doi.org/10.1155/2016/9361016

IGAS—Inspeção Geral da Atividade em Saúde (2018). Manual da Segurança e Saúde no Trabalho. Disponível em: http://www.igas.min-saude.pt/wp-content/uploads/2017/04/Manual_Seguranca_e_saude_no_trabalho.pt

Kurtaran, N.E., Kurtaran, M., Gunduz, S.Ş., Öztürk, L.: Healthcare workers’ musculoskeletal disorders, sleep quality, stress, and fatigue during the COVID-19 pandemic. Pamukkale Tıp Dergisi 15(2 ve 3), 11–11 (2022). https://doi.org/10.31362/patd.1011863

Moreno, M., Fernández-Cano, M., Feijoo-Cid, M., Llorens, S., Navarro, A.: Health outcomes and psychosocial risk exposures among healthcare workers during the first wave of the COVID-19 outbreak. Saf. Sci. 145, 105499 (2022)

Pereira, M., Torres, E., Pereira, M., Antunes, P., Costa, C.: Sofrimento emocional dos Enfermeiros no contexto hospitalar frente à pandemia de COVID-19. Res. Soc. Dev. 9(8), e67985121–e67985121 (2020). https://doi.org/10.33448/rsd-v9i8.5121

Teixeira, C., Soares, C., Souza, E., Lisboa, E., Pinto, I., Andrade, L., Espiridião, M.: A saúde dos profissionais de saúde no enfrentamento da pandemia de Covid-19. Cien. Saude Colet. 25, 3465–3474 (2020). https://doi.org/10.1590/1413-81232020259.19562020
