{"status":"ok","message-type":"work","message-version":"1.0.0","message":{"indexed":{"date-parts":[[2025,3,28]],"date-time":"2025-03-28T04:51:26Z","timestamp":1743137486819,"version":"3.40.3"},"publisher-location":"Cham","reference-count":17,"publisher":"Springer Nature Switzerland","isbn-type":[{"type":"print","value":"9783031518362"},{"type":"electronic","value":"9783031518379"}],"license":[{"start":{"date-parts":[[2024,1,1]],"date-time":"2024-01-01T00:00:00Z","timestamp":1704067200000},"content-version":"tdm","delay-in-days":0,"URL":"https:\/\/creativecommons.org\/licenses\/by\/4.0"},{"start":{"date-parts":[[2024,4,10]],"date-time":"2024-04-10T00:00:00Z","timestamp":1712707200000},"content-version":"vor","delay-in-days":100,"URL":"https:\/\/creativecommons.org\/licenses\/by\/4.0"}],"content-domain":{"domain":["link.springer.com"],"crossmark-restriction":false},"short-container-title":[],"published-print":{"date-parts":[[2024]]},"abstract":"<jats:title>Abstract<\/jats:title><jats:p>The SMOOTH project is grounded in the collaboration between children, youth, children\/youth and adults for the establishment of shared spaces that enable the co-production of knowledge and foster alternative modes of thinking among children, youth, and adults as interdependent subjects, considering both intra-generational and intergenerational relationships. Building upon the concept of Education as a Common Good, the project embraces dimensions such as collective freedom and experimentation, equal participation, solidarity, unity, care, and sharing. These dimensions will influence a set of objectives, including challenging dominant discourses regarding the role of education and inclusion, childhood, and youth; fostering a critical perspective on normative frameworks pertaining to childhood and youth; promoting shared governance where children and adults are subjected to less control, opening up new possibilities for a balanced exercise of power; and learning through co-construction (local and emancipatory knowledge). Specifically, at the University of Minho, in collaboration with a non-governmental institution, two projects were developed: the <jats:italic>Children\u2019s Club<\/jats:italic> and the <jats:italic>Children\u2019s Advisory Board.<\/jats:italic> These projects involved children aged 8\u201312\u00a0years, from disadvantaged socio-economic and cultural backgrounds, characterized by a disruptive interaction and a lack of material resources. This text brings up the dynamics and challenges of participation, sharing, collaboration, and care in those non-formal education contexts during the projects\u2019 implementation.<\/jats:p>","DOI":"10.1007\/978-3-031-51837-9_5","type":"book-chapter","created":{"date-parts":[[2024,4,9]],"date-time":"2024-04-09T05:02:11Z","timestamp":1712638931000},"page":"69-86","update-policy":"https:\/\/doi.org\/10.1007\/springer_crossmark_policy","source":"Crossref","is-referenced-by-count":0,"title":["The Challenges of Children\u2019s Participation, Sharing, Collaboration, and Care in Non-formal Education Contexts: Insights from the SMOOTH Project"],"prefix":"10.1007","author":[{"ORCID":"https:\/\/orcid.org\/0000-0001-7697-4803","authenticated-orcid":false,"given":"Nat\u00e1lia","family":"Fernandes","sequence":"first","affiliation":[]},{"ORCID":"https:\/\/orcid.org\/0000-0002-1196-2956","authenticated-orcid":false,"given":"Marlene","family":"Barra","sequence":"additional","affiliation":[]},{"ORCID":"https:\/\/orcid.org\/0000-0003-2008-5921","authenticated-orcid":false,"given":"Fernanda","family":"Martins","sequence":"additional","affiliation":[]},{"ORCID":"https:\/\/orcid.org\/0000-0001-8781-4995","authenticated-orcid":false,"given":"Daniela","family":"Silva","sequence":"additional","affiliation":[]},{"ORCID":"https:\/\/orcid.org\/0000-0003-0652-3438","authenticated-orcid":false,"given":"Joana R.","family":"Casanova","sequence":"additional","affiliation":[]},{"ORCID":"https:\/\/orcid.org\/0000-0002-2371-399X","authenticated-orcid":false,"given":"Teresa","family":"Sarmento","sequence":"additional","affiliation":[]},{"ORCID":"https:\/\/orcid.org\/0000-0001-8852-8659","authenticated-orcid":false,"given":"Vivian Agnolo","family":"Madalozzo","sequence":"additional","affiliation":[]},{"ORCID":"https:\/\/orcid.org\/0009-0007-1181-2476","authenticated-orcid":false,"given":"Erika Machado","family":"do \u00d3 Corr\u00eaa","sequence":"additional","affiliation":[]}],"member":"297","published-online":{"date-parts":[[2024,4,10]]},"reference":[{"key":"5_CR1","unstructured":"Fernandes N (2009) Childhood, rights, and participation: representations, practices, and powers (in Portuguese). Afrontamento"},{"issue":"2","key":"5_CR2","first-page":"11","volume":"8","author":"N Fernandes","year":"2019","unstructured":"Fernandes N (2019) Childhood and the right to education: from sayings to prohibitions (in Portuguese). Revista Entreideias 8(2):11\u201326","journal-title":"Revista Entreideias"},{"key":"5_CR3","unstructured":"Fernandes N, Trevisan G (2018). Active citizenship in childhood: methodological frameworks (in Portuguese). In: Alberto F, Picornell A (eds) Global experiences of childhood and adolescence citizenship (in Spanish). Editora UFPB, pp 212\u2013139"},{"key":"5_CR4","unstructured":"Sarmento M (2013) The sociology of childhood and contemporary society: conceitual and praxeological challenges (in Portuguese). In: Ens R, Garanhani M (eds) Sociology of childhood and teacher training (in Portuguese). Champagnat Editora, pp 13\u201346"},{"issue":"91","key":"5_CR5","doi-asserted-by":"publisher","first-page":"361","DOI":"10.1590\/S0101-73302005000200003","volume":"26","author":"M Sarmento","year":"2005","unstructured":"Sarmento M (2005) Generations and alterity: interrogations from the sociology of childhood (in Portuguese). Revista Educa\u00e7\u00e3o e Sociedade 26(91):361\u2013378","journal-title":"Revista Educa\u00e7\u00e3o e Sociedade"},{"key":"5_CR6","first-page":"1","volume":"10","author":"M Sarmento","year":"2008","unstructured":"Sarmento M (2008) Childhood studies as an interdisciplinary field of research and knowledge (in Portuguese). Intera\u00e7\u00f5es 10:1\u20135","journal-title":"Intera\u00e7\u00f5es"},{"key":"5_CR7","unstructured":"Sarmento T (2016) Childhoods and children in narratives of early childhood educators (in Portuguese). In: Passeggi MC, Furnaletto EC, Palma RCD (eds) (Auto)biographical research, childhood, school and intergenerational dialogues (in Portuguese). Editora CRV, pp 77\u201394"},{"key":"5_CR8","first-page":"53","volume":"1","author":"P Demo","year":"2009","unstructured":"Demo P (2009) Learning and new technologies (in Portuguese). Revista Brasileira de Doc\u00eancia, Ensino e Pesquisa em Educa\u00e7\u00e3o F\u00edsica 1:53\u201375","journal-title":"Revista Brasileira de Doc\u00eancia, Ensino e Pesquisa em Educa\u00e7\u00e3o F\u00edsica"},{"key":"5_CR9","unstructured":"Dahlberg G, Moss P, Pence A (2003) Quality in early childhood education: postmodern perspectives (in Portuguese). Artmed Editora"},{"key":"5_CR10","unstructured":"Pinto M, Sarmento M (eds) (1997) Children: contexts and identities (in Portuguese). Centro de Estudos da Crian\u00e7a, Universidade do Minho, Braga"},{"key":"5_CR11","unstructured":"Qvorttrup J (1991) Childhood as a social phenomenon: an introduction to a series of national reports. Eurosocial Report, 36\/1991. European Centre for Social Welfare Policy and Research, Vienna"},{"key":"5_CR12","doi-asserted-by":"crossref","unstructured":"Baraldi C, Cockburn T (eds) (2018) Theorising childhood: citizenship, rights, and participation. Palgrave Macmillan, London. https:\/\/www.palgrave.com\/gb\/book\/9783319726724","DOI":"10.1007\/978-3-319-72673-1"},{"issue":"2","key":"5_CR13","doi-asserted-by":"publisher","first-page":"617","DOI":"10.5212\/PraxEduc.v.12i2.0019","volume":"12","author":"R Marchi","year":"2017","unstructured":"Marchi R (2017) The child as a social actor: critiques, counter-arguments and theoretical and empirical challenges (in Portuguese). Pr\u00e1xis Educativa 12(2):617\u2013637. https:\/\/doi.org\/10.5212\/PraxEduc.v.12i2.0019","journal-title":"Pr\u00e1xis Educativa"},{"key":"5_CR14","doi-asserted-by":"publisher","unstructured":"Pechtelidis Y (2021) The child as a social actor. In: Tom\u00e1s CA, Trevisan G, Leote de Carvalho MJ, Fernandes N (eds) Key concepts on sociology of childhood. Global perspectives (in Portuguese). UMinho Editora, pp 52\u201357. https:\/\/doi.org\/10.21814\/uminho.ed.36","DOI":"10.21814\/uminho.ed.36"},{"key":"5_CR15","unstructured":"Lima L (1992) The school as organization and participation in the organization (in Portuguese). Centro de Investiga\u00e7\u00e3o em Educa\u00e7\u00e3o e Psicologia\/Instituto de Educa\u00e7\u00e3o e Psicologia da Universidade do Minho"},{"key":"5_CR16","unstructured":"Buckingham D (2002) Growing up in the era of electronic media: after the death of childhood (in Spanish). Ediciones Morata"},{"issue":"1","key":"5_CR17","first-page":"1","volume":"28","author":"Y Pechtelidis","year":"2020","unstructured":"Pechtelidis Y, Kioupkiolis A (2020) Education as commons, children as commoners. The case study of the little tree community. Democ Educ 28(1):1\u201311","journal-title":"Democ Educ"}],"container-title":["UNIPA Springer Series","Educational Commons"],"original-title":[],"language":"en","link":[{"URL":"https:\/\/link.springer.com\/content\/pdf\/10.1007\/978-3-031-51837-9_5","content-type":"unspecified","content-version":"vor","intended-application":"similarity-checking"}],"deposited":{"date-parts":[[2024,4,9]],"date-time":"2024-04-09T05:03:14Z","timestamp":1712638994000},"score":1,"resource":{"primary":{"URL":"https:\/\/link.springer.com\/10.1007\/978-3-031-51837-9_5"}},"subtitle":[],"short-title":[],"issued":{"date-parts":[[2024]]},"ISBN":["9783031518362","9783031518379"],"references-count":17,"URL":"https:\/\/doi.org\/10.1007\/978-3-031-51837-9_5","relation":{},"ISSN":["2366-7516","2366-7524"],"issn-type":[{"type":"print","value":"2366-7516"},{"type":"electronic","value":"2366-7524"}],"subject":[],"published":{"date-parts":[[2024]]},"assertion":[{"value":"10 April 2024","order":1,"name":"first_online","label":"First Online","group":{"name":"ChapterHistory","label":"Chapter History"}}]}}

Natália

do Ó Corrêa

Sarmento M (2005) Generations and alterity: interrogations from the sociology of childhood (in Portuguese). Revista Educação e Sociedade 26(91):361–378

Revista Educação e Sociedade

Sarmento M (2008) Childhood studies as an interdisciplinary field of research and knowledge (in Portuguese). Interações 10:1–5

Interações

Demo P (2009) Learning and new technologies (in Portuguese). Revista Brasileira de Docência, Ensino e Pesquisa em Educação Física 1:53–75

Revista Brasileira de Docência, Ensino e Pesquisa em Educação Física

Pinto M, Sarmento M (eds) (1997) Children: contexts and identities (in Portuguese). Centro de Estudos da Criança, Universidade do Minho, Braga

Marchi R (2017) The child as a social actor: critiques, counter-arguments and theoretical and empirical challenges (in Portuguese). Práxis Educativa 12(2):617–637. https://doi.org/10.5212/PraxEduc.v.12i2.0019

Práxis Educativa

Pechtelidis Y (2021) The child as a social actor. In: Tomás CA, Trevisan G, Leote de Carvalho MJ, Fernandes N (eds) Key concepts on sociology of childhood. Global perspectives (in Portuguese). UMinho Editora, pp 52–57. https://doi.org/10.21814/uminho.ed.36

Lima L (1992) The school as organization and participation in the organization (in Portuguese). Centro de Investigação em Educação e Psicologia/Instituto de Educação e Psicologia da Universidade do Minho
