{"status":"ok","message-type":"work","message-version":"1.0.0","message":{"indexed":{"date-parts":[[2025,3,25]],"date-time":"2025-03-25T16:46:20Z","timestamp":1742921180535,"version":"3.40.3"},"publisher-location":"Cham","reference-count":6,"publisher":"Springer Nature Switzerland","isbn-type":[{"type":"print","value":"9783031519031"},{"type":"electronic","value":"9783031519048"}],"license":[{"start":{"date-parts":[[2024,1,1]],"date-time":"2024-01-01T00:00:00Z","timestamp":1704067200000},"content-version":"tdm","delay-in-days":0,"URL":"https:\/\/www.springernature.com\/gp\/researchers\/text-and-data-mining"},{"start":{"date-parts":[[2024,1,1]],"date-time":"2024-01-01T00:00:00Z","timestamp":1704067200000},"content-version":"vor","delay-in-days":0,"URL":"https:\/\/www.springernature.com\/gp\/researchers\/text-and-data-mining"}],"content-domain":{"domain":["link.springer.com"],"crossmark-restriction":false},"short-container-title":[],"published-print":{"date-parts":[[2024]]},"DOI":"10.1007\/978-3-031-51904-8_188","type":"book-chapter","created":{"date-parts":[[2024,7,17]],"date-time":"2024-07-17T05:02:04Z","timestamp":1721192524000},"page":"865-867","update-policy":"https:\/\/doi.org\/10.1007\/springer_crossmark_policy","source":"Crossref","is-referenced-by-count":0,"title":["Grid Generation and Thermal Response of Thin Pine Tree Subjected to a Radiative Fire Front"],"prefix":"10.1007","author":[{"given":"Eus\u00e9bio","family":"Concei\u00e7\u00e3o","sequence":"first","affiliation":[]},{"given":"Jo\u00e3o","family":"Gomes","sequence":"additional","affiliation":[]},{"given":"M. Manuela","family":"L\u00facio","sequence":"additional","affiliation":[]},{"given":"Domingos","family":"Viegas","sequence":"additional","affiliation":[]},{"given":"M. Teresa","family":"Viegas","sequence":"additional","affiliation":[]}],"member":"297","published-online":{"date-parts":[[2024,7,18]]},"reference":[{"key":"188_CR1","unstructured":"ASHRAE-55. (2017). Thermal environmental conditions for human occupancy,\u201d ANSI\/ASHRAE Stand.\u201455."},{"key":"188_CR2","doi-asserted-by":"publisher","unstructured":"Concei\u00e7\u00e3o, E. Z. E., & L\u00facio, M. M. J. R. (2010). Evaluation of thermal comfort conditions in a localized radiant system placed in front and behind two students seated nearby warmed curtains. Build. Environ., 45(10). doi: https:\/\/doi.org\/10.1016\/j.buildenv.2010.03.006","DOI":"10.1016\/j.buildenv.2010.03.006"},{"key":"188_CR3","doi-asserted-by":"publisher","unstructured":"Concei\u00e7\u00e3o, E., Gomes, J., Awbi, H. (2019). Influence of the airflow in a solar passive building on the indoor air quality and thermal comfort levels. Atmosphere (Basel), 10(12). doi: https:\/\/doi.org\/10.3390\/ATMOS10120766","DOI":"10.3390\/ATMOS10120766"},{"key":"188_CR4","doi-asserted-by":"publisher","DOI":"10.3390\/en14113235","author":"E Concei\u00e7\u00e3o","year":"2021","unstructured":"Concei\u00e7\u00e3o, E., & Awbi, H. (2021). Evaluation of integral effect of thermal comfort, air quality and draught risk for desks equipped with personalized ventilation systems. Energies. https:\/\/doi.org\/10.3390\/en14113235","journal-title":"Energies"},{"key":"188_CR5","unstructured":"Ole Fanger, P. (1970). Thermal comfort. Analysis and applications in environmental engineering. Copenhagen Danish Tech. Press."},{"key":"188_CR6","unstructured":"Standardization, I. O. ISO 7730. (2005). Ergonomics of the thermal environments\u2014analytical determination and interpretation of thermal comfort using calculation of the PMV and PPD indices and local thermal comfort criteria. Geneva, Switzerland."}],"container-title":["Advances in Science, Technology &amp; Innovation","Recent Advances in Environmental Science from the Euro-Mediterranean and Surrounding Regions (4th Edition)"],"original-title":[],"language":"en","link":[{"URL":"https:\/\/link.springer.com\/content\/pdf\/10.1007\/978-3-031-51904-8_188","content-type":"unspecified","content-version":"vor","intended-application":"similarity-checking"}],"deposited":{"date-parts":[[2024,7,17]],"date-time":"2024-07-17T05:17:47Z","timestamp":1721193467000},"score":1,"resource":{"primary":{"URL":"https:\/\/link.springer.com\/10.1007\/978-3-031-51904-8_188"}},"subtitle":[],"short-title":[],"issued":{"date-parts":[[2024]]},"ISBN":["9783031519031","9783031519048"],"references-count":6,"URL":"https:\/\/doi.org\/10.1007\/978-3-031-51904-8_188","relation":{},"ISSN":["2522-8714","2522-8722"],"issn-type":[{"type":"print","value":"2522-8714"},{"type":"electronic","value":"2522-8722"}],"subject":[],"published":{"date-parts":[[2024]]},"assertion":[{"value":"18 July 2024","order":1,"name":"first_online","label":"First Online","group":{"name":"ChapterHistory","label":"Chapter History"}},{"value":"EMCEI","order":1,"name":"conference_acronym","label":"Conference Acronym","group":{"name":"ConferenceInfo","label":"Conference Information"}},{"value":"Euro-Mediterranean Conference for Environmental Integration","order":2,"name":"conference_name","label":"Conference Name","group":{"name":"ConferenceInfo","label":"Conference Information"}},{"value":"Sousse","order":3,"name":"conference_city","label":"Conference City","group":{"name":"ConferenceInfo","label":"Conference Information"}},{"value":"Tunisia","order":4,"name":"conference_country","label":"Conference Country","group":{"name":"ConferenceInfo","label":"Conference Information"}},{"value":"2022","order":5,"name":"conference_year","label":"Conference Year","group":{"name":"ConferenceInfo","label":"Conference Information"}},{"value":"1 November 2022","order":7,"name":"conference_start_date","label":"Conference Start Date","group":{"name":"ConferenceInfo","label":"Conference Information"}},{"value":"4 November 2022","order":8,"name":"conference_end_date","label":"Conference End Date","group":{"name":"ConferenceInfo","label":"Conference Information"}},{"value":"4","order":9,"name":"conference_number","label":"Conference Number","group":{"name":"ConferenceInfo","label":"Conference Information"}},{"value":"emcei2022","order":10,"name":"conference_id","label":"Conference ID","group":{"name":"ConferenceInfo","label":"Conference Information"}},{"value":"https:\/\/emcei.net\/2022\/","order":11,"name":"conference_url","label":"Conference URL","group":{"name":"ConferenceInfo","label":"Conference Information"}}]}}

Eusébio

Conceição

João

Lúcio

Conceição, E. Z. E., & Lúcio, M. M. J. R. (2010). Evaluation of thermal comfort conditions in a localized radiant system placed in front and behind two students seated nearby warmed curtains. Build. Environ., 45(10). doi: https://doi.org/10.1016/j.buildenv.2010.03.006

Conceição, E., Gomes, J., Awbi, H. (2019). Influence of the airflow in a solar passive building on the indoor air quality and thermal comfort levels. Atmosphere (Basel), 10(12). doi: https://doi.org/10.3390/ATMOS10120766

E Conceição

Conceição, E., & Awbi, H. (2021). Evaluation of integral effect of thermal comfort, air quality and draught risk for desks equipped with personalized ventilation systems. Energies. https://doi.org/10.3390/en14113235
