{"status":"ok","message-type":"work","message-version":"1.0.0","message":{"indexed":{"date-parts":[[2025,3,28]],"date-time":"2025-03-28T06:28:18Z","timestamp":1743143298896,"version":"3.40.3"},"publisher-location":"Cham","reference-count":16,"publisher":"Springer Nature Switzerland","isbn-type":[{"type":"print","value":"9783031747502"},{"type":"electronic","value":"9783031747519"}],"license":[{"start":{"date-parts":[[2024,11,30]],"date-time":"2024-11-30T00:00:00Z","timestamp":1732924800000},"content-version":"tdm","delay-in-days":0,"URL":"https:\/\/www.springernature.com\/gp\/researchers\/text-and-data-mining"},{"start":{"date-parts":[[2024,11,30]],"date-time":"2024-11-30T00:00:00Z","timestamp":1732924800000},"content-version":"vor","delay-in-days":0,"URL":"https:\/\/www.springernature.com\/gp\/researchers\/text-and-data-mining"}],"content-domain":{"domain":["link.springer.com"],"crossmark-restriction":false},"short-container-title":[],"published-print":{"date-parts":[[2025]]},"DOI":"10.1007\/978-3-031-74751-9_29","type":"book-chapter","created":{"date-parts":[[2024,11,29]],"date-time":"2024-11-29T05:01:01Z","timestamp":1732856461000},"page":"311-317","update-policy":"https:\/\/doi.org\/10.1007\/springer_crossmark_policy","source":"Crossref","is-referenced-by-count":0,"title":["Thinking Education Organisations from the Reconstruction of a Social Space for Young People in an Out-of-Classroom Experience in Portugal: A Methodological Proposal"],"prefix":"10.1007","author":[{"ORCID":"https:\/\/orcid.org\/0000-0002-7518-1243","authenticated-orcid":false,"given":"Ana","family":"Pereira","sequence":"first","affiliation":[]},{"ORCID":"https:\/\/orcid.org\/0000-0003-0081-2335","authenticated-orcid":false,"given":"Adriana","family":"Oliveira","sequence":"additional","affiliation":[]},{"ORCID":"https:\/\/orcid.org\/0000-0001-5958-9188","authenticated-orcid":false,"given":"Ant\u00f3nio","family":"Abreu","sequence":"additional","affiliation":[]}],"member":"297","published-online":{"date-parts":[[2024,11,30]]},"reference":[{"key":"29_CR1","unstructured":"Pais, J.M.: Culturas Juvenis. Lisboa: Imprensa Nacional - Casa da Moeda (2003)"},{"key":"29_CR2","unstructured":"Dubet, F.: A sociologia da experi\u00eancia. In: Piaget, I. (ed.) Lisboa (1996)"},{"issue":"6","key":"29_CR3","first-page":"9","volume":"4","author":"MJ Carvalho","year":"2006","unstructured":"Carvalho, M.J., Brites, M.J.: Em torno da condi\u00e7\u00e3o de jovem: a (re)constru\u00e7\u00e3o social da juventude. Inf\u00e2ncia e Juventude 4(6), 9\u201367 (2006)","journal-title":"Inf\u00e2ncia e Juventude"},{"key":"29_CR4","first-page":"53","volume":"49","author":"M Pais","year":"2005","unstructured":"Pais, M.: Jovens e cidadania. Sociologia, Problemas e Pr\u00e1ticas 49, 53\u201370 (2005)","journal-title":"Sociologia, Problemas e Pr\u00e1ticas"},{"key":"29_CR5","doi-asserted-by":"publisher","first-page":"705","DOI":"10.1590\/0103-166X2015000400013","volume":"32","author":"VLD Concei\u00e7\u00e3o","year":"2015","unstructured":"Concei\u00e7\u00e3o, V.L.D., Zamora, M.H.R.N.: Desigualdade social na escola. Estudos de Psicologia (Campinas) 32, 705\u2013714 (2015)","journal-title":"Estudos de Psicologia (Campinas)"},{"key":"29_CR6","unstructured":"de Ara\u00fajo, D.L., do Nascimento, A.N., Oliveira, H.A.G.: Fun\u00e7\u00f5es da escola para educa\u00e7\u00e3o b\u00e1sica: da socializa\u00e7\u00e3o ao letramento26. Campina Grande-PB 2023, 89"},{"issue":"9","key":"29_CR7","doi-asserted-by":"publisher","first-page":"2318","DOI":"10.51891\/rease.v9i9.11377","volume":"9","author":"MQ da Silva Santana","year":"2023","unstructured":"da Silva Santana, M.Q., Vieira, U.F., dos Santos, M.P.M.: A Import\u00e2ncia da socializa\u00e7\u00e3o na educa\u00e7\u00e3o inclusiva. Revista Ibero-Americana de Humanidades, Ci\u00eancias e Educa\u00e7\u00e3o 9(9), 2318\u20132327 (2023)","journal-title":"Revista Ibero-Americana de Humanidades, Ci\u00eancias e Educa\u00e7\u00e3o"},{"key":"29_CR8","volume-title":"A Rela\u00e7\u00e3o Pedag\u00f3gica: Diferencia\u00e7\u00e3o e Inclus\u00e3o","author":"J Morgado","year":"1999","unstructured":"Morgado, J.: A Rela\u00e7\u00e3o Pedag\u00f3gica: Diferencia\u00e7\u00e3o e Inclus\u00e3o. Editorial Presen\u00e7a, Lisboa (1999)"},{"key":"29_CR9","doi-asserted-by":"publisher","first-page":"15","DOI":"10.1590\/S0101-73302002000200003","volume":"78","author":"C Nogueira","year":"2002","unstructured":"Nogueira, C.: A sociologia da educa\u00e7\u00e3o de Pierre Bourdieu: limites e contribui\u00e7\u00f5es. Educa\u00e7\u00e3o e Sociedade 78, 15 (2002)","journal-title":"Educa\u00e7\u00e3o e Sociedade"},{"key":"29_CR10","doi-asserted-by":"publisher","first-page":"29","DOI":"10.1590\/S0100-15742003000200002","volume":"119","author":"F Dubet","year":"2003","unstructured":"Dubet, F.: A escola e a exclus\u00e3o. Cad. Pesqui. 119, 29\u201345 (2003)","journal-title":"Cad. Pesqui."},{"key":"29_CR11","volume-title":"A Estrutura\u00e7\u00e3o do Discurso Pedag\u00f3gico: Classe, C\u00f3digos e Controle","author":"B Bernstein","year":"1996","unstructured":"Bernstein, B.: A Estrutura\u00e7\u00e3o do Discurso Pedag\u00f3gico: Classe, C\u00f3digos e Controle. Vozes, Petr\u00f3polis (1996)"},{"key":"29_CR12","unstructured":"Lima, R.d.: Desenvolvimento levantado do ch\u00e3o...com os p\u00e9s assentes na terra: Desenvolvimento local, Investiga\u00e7\u00e3o Participativa, Anima\u00e7\u00e3o Comunit\u00e1ria. Faculdade de Psicologia e Ci\u00eancias da Educa\u00e7\u00e3o da Universidade do Porto, Porto (2013)"},{"issue":"92","key":"29_CR13","first-page":"71","volume":"91","author":"P Bourdieu","year":"1992","unstructured":"Bourdieu, P., Champagne, P.: Les exclus de L\u2019Int\u00e9rieur. Actes de la Recherche en Sciences Sociales 91(92), 71\u201375 (1992)","journal-title":"Actes de la Recherche en Sciences Sociales"},{"issue":"634","key":"29_CR14","doi-asserted-by":"publisher","first-page":"745","DOI":"10.1093\/ej\/ueaa077","volume":"131","author":"N Guyon","year":"2021","unstructured":"Guyon, N., Huillery, E.: Biased aspirations and social inequality at school: evidence from French teenagers. Econ. J. 131(634), 745\u2013796 (2021)","journal-title":"Econ. J."},{"key":"29_CR15","volume-title":"Reconstru\u00e7\u00e3o do Lugar Social dos Alunos dos Cursos de Educa\u00e7\u00e3o e Forma\u00e7\u00e3o","author":"C N\u00f3brega","year":"2010","unstructured":"N\u00f3brega, C.: Reconstru\u00e7\u00e3o do Lugar Social dos Alunos dos Cursos de Educa\u00e7\u00e3o e Forma\u00e7\u00e3o. Universidade de Aveiro, Aveiro (2010)"},{"key":"29_CR16","volume-title":"M\u00e9todos e T\u00e9cnicas de Investiga\u00e7\u00e3o Social","author":"L Pardal","year":"2011","unstructured":"Pardal, L.: M\u00e9todos e T\u00e9cnicas de Investiga\u00e7\u00e3o Social. Areal, Lisboa (2011)"}],"container-title":["Lecture Notes in Networks and Systems","Perspectives and Trends in Education and Technology"],"original-title":[],"language":"en","link":[{"URL":"https:\/\/link.springer.com\/content\/pdf\/10.1007\/978-3-031-74751-9_29","content-type":"unspecified","content-version":"vor","intended-application":"similarity-checking"}],"deposited":{"date-parts":[[2024,11,29]],"date-time":"2024-11-29T05:19:16Z","timestamp":1732857556000},"score":1,"resource":{"primary":{"URL":"https:\/\/link.springer.com\/10.1007\/978-3-031-74751-9_29"}},"subtitle":[],"short-title":[],"issued":{"date-parts":[[2024,11,30]]},"ISBN":["9783031747502","9783031747519"],"references-count":16,"URL":"https:\/\/doi.org\/10.1007\/978-3-031-74751-9_29","relation":{},"ISSN":["2367-3370","2367-3389"],"issn-type":[{"type":"print","value":"2367-3370"},{"type":"electronic","value":"2367-3389"}],"subject":[],"published":{"date-parts":[[2024,11,30]]},"assertion":[{"value":"30 November 2024","order":1,"name":"first_online","label":"First Online","group":{"name":"ChapterHistory","label":"Chapter History"}},{"value":"ICITED","order":1,"name":"conference_acronym","label":"Conference Acronym","group":{"name":"ConferenceInfo","label":"Conference Information"}},{"value":"International Conference in Information Technology and Education","order":2,"name":"conference_name","label":"Conference Name","group":{"name":"ConferenceInfo","label":"Conference Information"}},{"value":"Recife","order":3,"name":"conference_city","label":"Conference City","group":{"name":"ConferenceInfo","label":"Conference Information"}},{"value":"Brazil","order":4,"name":"conference_country","label":"Conference Country","group":{"name":"ConferenceInfo","label":"Conference Information"}},{"value":"2024","order":5,"name":"conference_year","label":"Conference Year","group":{"name":"ConferenceInfo","label":"Conference Information"}},{"value":"11 July 2024","order":7,"name":"conference_start_date","label":"Conference Start Date","group":{"name":"ConferenceInfo","label":"Conference Information"}},{"value":"13 July 2024","order":8,"name":"conference_end_date","label":"Conference End Date","group":{"name":"ConferenceInfo","label":"Conference Information"}},{"value":"4","order":9,"name":"conference_number","label":"Conference Number","group":{"name":"ConferenceInfo","label":"Conference Information"}},{"value":"icited2024","order":10,"name":"conference_id","label":"Conference ID","group":{"name":"ConferenceInfo","label":"Conference Information"}},{"value":"https:\/\/www.icited.org\/","order":11,"name":"conference_url","label":"Conference URL","group":{"name":"ConferenceInfo","label":"Conference Information"}}]}}

António

Dubet, F.: A sociologia da experiência. In: Piaget, I. (ed.) Lisboa (1996)

Carvalho, M.J., Brites, M.J.: Em torno da condição de jovem: a (re)construção social da juventude. Infância e Juventude 4(6), 9–67 (2006)

Infância e Juventude

Pais, M.: Jovens e cidadania. Sociologia, Problemas e Práticas 49, 53–70 (2005)

Sociologia, Problemas e Práticas

VLD Conceição

Conceição, V.L.D., Zamora, M.H.R.N.: Desigualdade social na escola. Estudos de Psicologia (Campinas) 32, 705–714 (2015)

de Araújo, D.L., do Nascimento, A.N., Oliveira, H.A.G.: Funções da escola para educação básica: da socialização ao letramento26. Campina Grande-PB 2023, 89

da Silva Santana, M.Q., Vieira, U.F., dos Santos, M.P.M.: A Importância da socialização na educação inclusiva. Revista Ibero-Americana de Humanidades, Ciências e Educação 9(9), 2318–2327 (2023)

Revista Ibero-Americana de Humanidades, Ciências e Educação

A Relação Pedagógica: Diferenciação e Inclusão

Morgado, J.: A Relação Pedagógica: Diferenciação e Inclusão. Editorial Presença, Lisboa (1999)

Nogueira, C.: A sociologia da educação de Pierre Bourdieu: limites e contribuições. Educação e Sociedade 78, 15 (2002)

Educação e Sociedade

Dubet, F.: A escola e a exclusão. Cad. Pesqui. 119, 29–45 (2003)

A Estruturação do Discurso Pedagógico: Classe, Códigos e Controle

Bernstein, B.: A Estruturação do Discurso Pedagógico: Classe, Códigos e Controle. Vozes, Petrópolis (1996)

Lima, R.d.: Desenvolvimento levantado do chão...com os pés assentes na terra: Desenvolvimento local, Investigação Participativa, Animação Comunitária. Faculdade de Psicologia e Ciências da Educação da Universidade do Porto, Porto (2013)

Bourdieu, P., Champagne, P.: Les exclus de L’Intérieur. Actes de la Recherche en Sciences Sociales 91(92), 71–75 (1992)

Reconstrução do Lugar Social dos Alunos dos Cursos de Educação e Formação

C Nóbrega

Nóbrega, C.: Reconstrução do Lugar Social dos Alunos dos Cursos de Educação e Formação. Universidade de Aveiro, Aveiro (2010)

Métodos e Técnicas de Investigação Social

Pardal, L.: Métodos e Técnicas de Investigação Social. Areal, Lisboa (2011)
