{"status":"ok","message-type":"work","message-version":"1.0.0","message":{"indexed":{"date-parts":[[2026,3,17]],"date-time":"2026-03-17T22:30:49Z","timestamp":1773786649282,"version":"3.50.1"},"publisher-location":"Cham","reference-count":11,"publisher":"Springer Nature Switzerland","isbn-type":[{"value":"9783031749742","type":"print"},{"value":"9783031749759","type":"electronic"}],"license":[{"start":{"date-parts":[[2024,11,18]],"date-time":"2024-11-18T00:00:00Z","timestamp":1731888000000},"content-version":"tdm","delay-in-days":0,"URL":"https:\/\/www.springernature.com\/gp\/researchers\/text-and-data-mining"},{"start":{"date-parts":[[2024,11,18]],"date-time":"2024-11-18T00:00:00Z","timestamp":1731888000000},"content-version":"vor","delay-in-days":0,"URL":"https:\/\/www.springernature.com\/gp\/researchers\/text-and-data-mining"}],"content-domain":{"domain":["link.springer.com"],"crossmark-restriction":false},"short-container-title":[],"published-print":{"date-parts":[[2025]]},"DOI":"10.1007\/978-3-031-74975-9_27","type":"book-chapter","created":{"date-parts":[[2024,11,17]],"date-time":"2024-11-17T01:47:00Z","timestamp":1731808020000},"page":"339-354","update-policy":"https:\/\/doi.org\/10.1007\/springer_crossmark_policy","source":"Crossref","is-referenced-by-count":0,"title":["Exploring the Multidimensionality of Helena Cardoso's Work: A Digital Reinterpretation by Design Students in an Extra-Curricular Program"],"prefix":"10.1007","author":[{"ORCID":"https:\/\/orcid.org\/0000-0002-4663-7539","authenticated-orcid":false,"given":"Maria Bruno","family":"N\u00e9o","sequence":"first","affiliation":[]},{"ORCID":"https:\/\/orcid.org\/0000-0002-1842-7788","authenticated-orcid":false,"given":"Susana","family":"Barreto","sequence":"additional","affiliation":[]},{"ORCID":"https:\/\/orcid.org\/0000-0002-1431-6394","authenticated-orcid":false,"given":"Lu\u00eds","family":"Mendon\u00e7a","sequence":"additional","affiliation":[]}],"member":"297","published-online":{"date-parts":[[2024,11,18]]},"reference":[{"key":"27_CR1","doi-asserted-by":"crossref","unstructured":"Prensky, M.: Digital Natives. Digital Immigrants, Vol. 9 No. 5, October, Horizon. NCB University Press (2001), https:\/\/tinyurl.com\/5x57ya3m. Last accessed 1 Apr. 2023.","DOI":"10.1108\/10748120110424816"},{"key":"27_CR2","unstructured":"Palfrey, J., Gasser, U.: Born Digital: Understanding the First Generation of Digital Natives. Basic Books (2008)"},{"key":"27_CR3","unstructured":"Biggs, J., Tang, C.: Teaching for Quality Learning at University: What the Student Does, 4th ed. McGraw-hill Education, Berkshire (2011). https:\/\/tinyurl.com\/mruazpuw. Last accessed 26 Mar. 2024"},{"key":"27_CR4","doi-asserted-by":"crossref","unstructured":"Jenkins, H.: Confronting the Challenges of Participatory Culture. Scarecrew Press (2009) https:\/\/www.macfound.org\/media\/article_pdfs\/jenkins_white_paper.pdf. Last accessed 2 Apr. 2023","DOI":"10.7551\/mitpress\/8435.001.0001"},{"key":"27_CR5","unstructured":"Cartaz cultura Lisboa: Frida Kahlo \u2013 MOTHER D'\u00c1GUA DAS AMOREIRAS RESERVOIR. https:\/\/cartazculturallisboa.pt\/evento\/frida-kahlo-reservatorio-mae-dagua-das-amoreiras\/. Last accessed 3 Apr. 2023"},{"key":"27_CR6","unstructured":"ARSCRONICA: Hockney immersive takes plunge into artist's creative process [video]. Youtube, (27 Feb. 2023). https:\/\/www.youtube.com\/watch?v=t__UufNCWPA. Last accessed 28 Mar. 2023"},{"key":"27_CR7","unstructured":"Rijksmuseum, Closer to Johannes Vermeer. https:\/\/www.rijksmuseum.nl\/en\/johannes-vermeer. Last accessed 14 Apr. 2023"},{"key":"27_CR8","doi-asserted-by":"publisher","unstructured":"Lima, C., Barreto, S., Carvalho, R.: Da materialidade da obra \u00e0 imaterialidade da representa\u00e7\u00e3o digital: uma reinterpreta\u00e7\u00e3o das obras de Francis Bacon em um contexto pedag\u00f3gico: From materiality to immateriality: a digital reinterpretation of Francis Bacon\u2019s graphic works in a pedagogical context. Rotura \u2013 Revista De Comunica\u00e7\u00e3o, Cultura e Artes, 2, 79\u201386 (2021). https:\/\/doi.org\/10.34623\/4t9q-ye88. Last accessed 1 Apr. 2023","DOI":"10.34623\/4t9q-ye88"},{"key":"27_CR9","unstructured":"Nit: Exposi\u00e7\u00e3o imersiva sobre a vida e obra de Frida Kahlo vai chegar a Lisboa em outubro,[video], Youtube (17 Nov. 2022). https:\/\/www.youtube.com\/watch?v=RyfQsaCqRnY. Last accessed 28 Mar. 2023"},{"key":"27_CR10","unstructured":"Aldeias do Xisto, Projects. https:\/\/www.aldeiasdoxisto.pt\/en\/about-us\/projects\/. Last accessed 11 Apr. 2023"},{"key":"27_CR11","unstructured":"Dias, R.: Mem\u00f3ria Descritiva, Reinterpreta\u00e7\u00e3o de obra da designer Helena Cardoso, Do palp\u00e1vel para o digital, workshop (24 Apr. 2023)"}],"container-title":["Springer Series in Design and Innovation","Advances in Design, Music and Arts III"],"original-title":[],"language":"en","link":[{"URL":"https:\/\/link.springer.com\/content\/pdf\/10.1007\/978-3-031-74975-9_27","content-type":"unspecified","content-version":"vor","intended-application":"similarity-checking"}],"deposited":{"date-parts":[[2026,3,17]],"date-time":"2026-03-17T18:54:47Z","timestamp":1773773687000},"score":1,"resource":{"primary":{"URL":"https:\/\/link.springer.com\/10.1007\/978-3-031-74975-9_27"}},"subtitle":[],"short-title":[],"issued":{"date-parts":[[2024,11,18]]},"ISBN":["9783031749742","9783031749759"],"references-count":11,"URL":"https:\/\/doi.org\/10.1007\/978-3-031-74975-9_27","relation":{},"ISSN":["2661-8184","2661-8192"],"issn-type":[{"value":"2661-8184","type":"print"},{"value":"2661-8192","type":"electronic"}],"subject":[],"published":{"date-parts":[[2024,11,18]]},"assertion":[{"value":"18 November 2024","order":1,"name":"first_online","label":"First Online","group":{"name":"ChapterHistory","label":"Chapter History"}},{"value":"EIMAD","order":1,"name":"conference_acronym","label":"Conference Acronym","group":{"name":"ConferenceInfo","label":"Conference Information"}},{"value":"Meeting of Research in Music, Arts and Design","order":2,"name":"conference_name","label":"Conference Name","group":{"name":"ConferenceInfo","label":"Conference Information"}},{"value":"Castelo Branco","order":3,"name":"conference_city","label":"Conference City","group":{"name":"ConferenceInfo","label":"Conference Information"}},{"value":"Portugal","order":4,"name":"conference_country","label":"Conference Country","group":{"name":"ConferenceInfo","label":"Conference Information"}},{"value":"2024","order":5,"name":"conference_year","label":"Conference Year","group":{"name":"ConferenceInfo","label":"Conference Information"}},{"value":"27 June 2024","order":7,"name":"conference_start_date","label":"Conference Start Date","group":{"name":"ConferenceInfo","label":"Conference Information"}},{"value":"29 June 2024","order":8,"name":"conference_end_date","label":"Conference End Date","group":{"name":"ConferenceInfo","label":"Conference Information"}},{"value":"eimad2024","order":10,"name":"conference_id","label":"Conference ID","group":{"name":"ConferenceInfo","label":"Conference Information"}},{"value":"https:\/\/eimad.ipcb.pt\/","order":11,"name":"conference_url","label":"Conference URL","group":{"name":"ConferenceInfo","label":"Conference Information"}}]}}

Néo

Luís

Mendonça

Cartaz cultura Lisboa: Frida Kahlo – MOTHER D'ÁGUA DAS AMOREIRAS RESERVOIR. https://cartazculturallisboa.pt/evento/frida-kahlo-reservatorio-mae-dagua-das-amoreiras/. Last accessed 3 Apr. 2023

Lima, C., Barreto, S., Carvalho, R.: Da materialidade da obra à imaterialidade da representação digital: uma reinterpretação das obras de Francis Bacon em um contexto pedagógico: From materiality to immateriality: a digital reinterpretation of Francis Bacon’s graphic works in a pedagogical context. Rotura – Revista De Comunicação, Cultura e Artes, 2, 79–86 (2021). https://doi.org/10.34623/4t9q-ye88. Last accessed 1 Apr. 2023

Nit: Exposição imersiva sobre a vida e obra de Frida Kahlo vai chegar a Lisboa em outubro,[video], Youtube (17 Nov. 2022). https://www.youtube.com/watch?v=RyfQsaCqRnY. Last accessed 28 Mar. 2023

Dias, R.: Memória Descritiva, Reinterpretação de obra da designer Helena Cardoso, Do palpável para o digital, workshop (24 Apr. 2023)
