{"status":"ok","message-type":"work","message-version":"1.0.0","message":{"indexed":{"date-parts":[[2025,3,25]],"date-time":"2025-03-25T16:15:58Z","timestamp":1742919358730,"version":"3.40.3"},"publisher-location":"Cham","reference-count":35,"publisher":"Springer Nature Switzerland","isbn-type":[{"type":"print","value":"9783031775659"},{"type":"electronic","value":"9783031775666"}],"license":[{"start":{"date-parts":[[2024,12,24]],"date-time":"2024-12-24T00:00:00Z","timestamp":1734998400000},"content-version":"tdm","delay-in-days":0,"URL":"https:\/\/www.springernature.com\/gp\/researchers\/text-and-data-mining"},{"start":{"date-parts":[[2024,12,24]],"date-time":"2024-12-24T00:00:00Z","timestamp":1734998400000},"content-version":"vor","delay-in-days":0,"URL":"https:\/\/www.springernature.com\/gp\/researchers\/text-and-data-mining"}],"content-domain":{"domain":["link.springer.com"],"crossmark-restriction":false},"short-container-title":[],"published-print":{"date-parts":[[2025]]},"DOI":"10.1007\/978-3-031-77566-6_72","type":"book-chapter","created":{"date-parts":[[2024,12,23]],"date-time":"2024-12-23T16:12:59Z","timestamp":1734970379000},"page":"975-986","update-policy":"https:\/\/doi.org\/10.1007\/springer_crossmark_policy","source":"Crossref","is-referenced-by-count":0,"title":["The Relationship Between Colour and Sound in a Bachelor in Audiovisual and Multimedia"],"prefix":"10.1007","author":[{"ORCID":"https:\/\/orcid.org\/0000-0001-6628-4147","authenticated-orcid":false,"given":"Aldo","family":"Passarinho","sequence":"first","affiliation":[]},{"ORCID":"https:\/\/orcid.org\/0000-0001-9142-7349","authenticated-orcid":false,"given":"Tiago","family":"Nunes","sequence":"additional","affiliation":[]},{"ORCID":"https:\/\/orcid.org\/0000-0001-6609-5880","authenticated-orcid":false,"given":"Rui","family":"Travasso","sequence":"additional","affiliation":[]},{"ORCID":"https:\/\/orcid.org\/0000-0001-7745-771X","authenticated-orcid":false,"given":"Teresa","family":"Barradas","sequence":"additional","affiliation":[]}],"member":"297","published-online":{"date-parts":[[2024,12,24]]},"reference":[{"doi-asserted-by":"publisher","unstructured":"Directorate-General for Employment, S.A., (European C.): Quadro Europeu de Qualifica\u00e7\u00f5es: Apoio \u00e0 aprendizagem, ao trabalho e \u00e0 mobilidade transfronteiras (2019). https:\/\/doi.org\/10.2767\/738084","key":"72_CR1","DOI":"10.2767\/738084"},{"doi-asserted-by":"publisher","unstructured":"Comiss\u00e3o Europeia: Quadro Europeu de Qualifica\u00e7\u00f5es para a Aprendizagem ao Longo da Vida. 15 (2009). https:\/\/doi.org\/10.2766\/26704","key":"72_CR2","DOI":"10.2766\/26704"},{"unstructured":"Carvalho, A.: Multim\u00e9dia: um conceito em evolu\u00e7\u00e3o. Revista Portuguesa de Educa\u00e7\u00e3o, CIEd - Universidade Do Minho 15(1), 245\u2013268 (2002). https:\/\/repositorium.sdum.uminho.pt\/bitstream\/1822\/489\/1\/AnaAmelia.pdf","key":"72_CR3"},{"key":"72_CR4","doi-asserted-by":"publisher","DOI":"10.5860\/choice.39-2840","author":"RL Packer","year":"2002","unstructured":"Packer, R.L., Jord\u00e1n, K.: Multimedia: from Wagner to virtual reality. Norton (2002). https:\/\/doi.org\/10.5860\/choice.39-2840","journal-title":"Norton"},{"doi-asserted-by":"crossref","unstructured":"Cloutier, J.: L\u2019\u00e8re d\u2019Emerec ou la communication audio-scripto-visuelle \u00e0 l\u2019heure des self-media. Les Presses de l\u2019Universite de Montreal (1973)","key":"72_CR5","DOI":"10.3406\/colan.1973.4033"},{"unstructured":"Kommers, P., Grabinger, S., Dunlap, J. (eds.): Hypermedia learning environments instructional design and integration. Routledge (1996)","key":"72_CR6"},{"unstructured":"Havaldar, P., Medioni, G.: Multimedia systems: algorithms, standards, and industry practices. course technology, cengage learning (2009). http:\/\/books.google.com\/books?id=k83m5inkjXwC&pgis=1","key":"72_CR7"},{"unstructured":"Zagalo, N. (coord. ), Coelho, A., et al.: Multim\u00e9dia, novos m\u00e9dia e m\u00e9dia digitais (2021). http:\/\/hdl.handle.net\/10773\/31419","key":"72_CR8"},{"key":"72_CR9","volume-title":"The language of the new media","author":"L Manovich","year":"2001","unstructured":"Manovich, L.: The language of the new media. The MIT Press (2001)"},{"unstructured":"Schneidmueller, B.: Transmedia frictions: the digital, the arts, and the humanities. Millennium Film J. (Issue 62) (2014)","key":"72_CR10"},{"issue":"1","key":"72_CR11","doi-asserted-by":"publisher","first-page":"1","DOI":"10.1002\/cpe.6479","volume":"34","author":"N Rani","year":"2022","unstructured":"Rani, N., Das, P., Bhardwaj, A.K.: Rumor, misinformation among web: a contemporary review of rumor detection techniques during different web waves. Concurr. Comput. Pract. Exper. 34(1), 1\u201321 (2022). https:\/\/doi.org\/10.1002\/cpe.6479","journal-title":"Concurr. Comput. Pract. Exper."},{"unstructured":"Khanzode, Ku. chhaya A., Sarode, R.: Evolution of the World Wide Web: From Web 1.0 To 6.0. Int. J. Dig. Library Serv. IJODLS | Geetanjali Research Publication 6(2), 2250\u20131142 (2016). http:\/\/www.ijodls.in\/uploads\/3\/6\/0\/3\/3603729\/ijodls121.pdf","key":"72_CR12"},{"doi-asserted-by":"publisher","unstructured":"Almeida, F.L.: Concept and dimensions of web 4.0. Int. J. Comput. Technol. 16(7), 7040\u20137046 (2017). https:\/\/doi.org\/10.24297\/ijct.v16i7.6446","key":"72_CR13","DOI":"10.24297\/ijct.v16i7.6446"},{"unstructured":"Jenkins, H.: Cultura da Converg\u00eancia (S. Alexandria, Trans.). ALEPH (2009)","key":"72_CR14"},{"doi-asserted-by":"publisher","unstructured":"Marcos, A.F., Branco, P.S., Zagalo, N.T.: The creation process in digital art. In: Furht, B. (ed.) Handbook of Multimedia for Digital Entertainment and Arts, pp. 601\u2013615. Springer (2009). https:\/\/doi.org\/10.1007\/978-0-387-89024-1_27","key":"72_CR15","DOI":"10.1007\/978-0-387-89024-1_27"},{"unstructured":"Perryman, L.: The Colour Bible: the definitive guide to colour in art and design. Octopus Publishing Group (2021)","key":"72_CR16"},{"doi-asserted-by":"publisher","unstructured":"dBerito, N.B., de Reis, J.C.: A teoria das cores de Goethe e sua cr\u00edtica a Newton. Revista Brasileira de Hist\u00f3ria Da Ci\u00eancia 9(2), 288\u2013298 (2016). https:\/\/doi.org\/10.53727\/rbhc.v9i2.161","key":"72_CR17","DOI":"10.53727\/rbhc.v9i2.161"},{"unstructured":"Arnheim, R.: Arte e percep\u00e7\u00e3o visual: uma psicologia da vis\u00e3o criadora. Pioneira Thomson Learning (2005)","key":"72_CR18"},{"unstructured":"Flusser, V.: Filosofia da Caixa Preta: Ensaios para uma futura filosofia da fotografia. Relume Dumar\u00e1 (2002)","key":"72_CR19"},{"unstructured":"LaBelle, B.: Background Noise: Perspectives On Sound Art. Continuum (2006)","key":"72_CR20"},{"doi-asserted-by":"crossref","unstructured":"de Castro Soares, N.: Rela\u00e7\u00f5es Sinest\u00e9sicas Entre Imagem e Som, Entre Cor e Som e Alguns Exemplos no Cinema Silencioso. LAIKA (2013)","key":"72_CR21","DOI":"10.11606\/issn.2316-4077.v2i3p164-184"},{"issue":"2","key":"72_CR22","doi-asserted-by":"publisher","first-page":"101","DOI":"10.2307\/1577978","volume":"13","author":"A Wells","year":"1980","unstructured":"Wells, A.: Music and visual color: a proposed correlation. Leonardo 13(2), 101 (1980). https:\/\/doi.org\/10.2307\/1577978","journal-title":"Leonardo"},{"issue":"4","key":"72_CR23","doi-asserted-by":"publisher","first-page":"1146","DOI":"10.1890\/02-3122","volume":"85","author":"DA Vasseur","year":"2004","unstructured":"Vasseur, D.A., Yodzis, P.: The color of environmental noise. Ecology 85(4), 1146\u20131152 (2004). https:\/\/doi.org\/10.1890\/02-3122","journal-title":"Ecology"},{"doi-asserted-by":"publisher","unstructured":"Vorl\u00e4nder, M.: Fundamentals of acoustics. In: Auralization. R, pp. 1\u201316. Springer, Cham (2020). https:\/\/doi.org\/10.1007\/978-3-030-51202-6_1","key":"72_CR24","DOI":"10.1007\/978-3-030-51202-6_1"},{"unstructured":"Henrique, L.L.: Ac\u00fastica Musical. Funda\u00e7\u00e3o Calouste Gulbenkian (2002)","key":"72_CR25"},{"unstructured":"Menezes, F.: Ac\u00fastica Musical em Palavras e Sons. Ateli\u00ea Editorial (2014)","key":"72_CR26"},{"issue":"1","key":"72_CR27","doi-asserted-by":"publisher","first-page":"132","DOI":"10.2307\/746139","volume":"3","author":"W Slawson","year":"1981","unstructured":"Slawson, W.: The color of sound: a theoretical study in musical timbre. Music Theory Spectrum 3(1), 132\u2013141 (1981). https:\/\/doi.org\/10.2307\/746139","journal-title":"Music Theory Spectrum"},{"unstructured":"Letowski, T.: Timbre, tone color and sound quality: concepts and definitions. Arch. Acoust. 17(1), 17\u201330 (1992)","key":"72_CR28"},{"key":"72_CR29","doi-asserted-by":"publisher","first-page":"97855","DOI":"10.1109\/ACCESS.2021.3095197","volume":"9","author":"J Liu","year":"2021","unstructured":"Liu, J., Zhao, A., Wang, S., Li, Y., Ren, H.: Research on the correlation between the timbre attributes of musical sound and visual color. IEEE Access 9, 97855\u201397877 (2021). https:\/\/doi.org\/10.1109\/ACCESS.2021.3095197","journal-title":"IEEE Access"},{"unstructured":"Bresin, R. (2005). What is the color of that music performance? P ICMC","key":"72_CR30"},{"doi-asserted-by":"publisher","unstructured":"Adeli, M., Rouat, J., Molotchnikoff, S.: Audiovisual correspondence between musical timbre and visual shapes. Front. Hum. Neurosci. 8 (2014). https:\/\/doi.org\/10.3389\/fnhum.2014.00352","key":"72_CR31","DOI":"10.3389\/fnhum.2014.00352"},{"unstructured":"Hunter Associates Laboratory, Inc. Colour Hunter CIE L* a* b* Color Scale. Volumen 8 8(7), 1\u20134 (1996). http:\/\/www.hunterlab.com","key":"72_CR32"},{"doi-asserted-by":"publisher","unstructured":"Lindborg, P., Friberg, A.K.: Colour association with music is mediated by emotion: evidence from an experiment using a CIE lab interface and interviews. LoS ONE 10(12) (2015). https:\/\/doi.org\/10.1371\/journal.pone.0144013","key":"72_CR33","DOI":"10.1371\/journal.pone.0144013"},{"issue":"22","key":"72_CR34","doi-asserted-by":"publisher","first-page":"8836","DOI":"10.1073\/pnas.1212562110","volume":"110","author":"SE Palmer","year":"2013","unstructured":"Palmer, S.E., Schloss, K.B., Xu, Z., Prado-Le\u00f3n, L.R.: Music-color associations are mediated by emotion. Proc. Natl. Acad. Sci. U.S.A. 110(22), 8836\u20138841 (2013). https:\/\/doi.org\/10.1073\/pnas.1212562110","journal-title":"Proc. Natl. Acad. Sci. U.S.A."},{"issue":"1","key":"72_CR35","doi-asserted-by":"publisher","first-page":"3","DOI":"10.1016\/j.jid.2019.11.003","volume":"140","author":"BCK Ly","year":"2020","unstructured":"Ly, B.C.K., Dyer, E.B., Feig, J.L., Chien, A.L., Del Bino, S.: Research techniques made simple: cutaneous colorimetry: a reliable technique for objective skin color measurement. J. Investig. Dermatol. 140(1), 3-12.e1 (2020). https:\/\/doi.org\/10.1016\/j.jid.2019.11.003","journal-title":"J. Investig. Dermatol."}],"container-title":["Springer Series in Design and Innovation","Advances in Design and Digital Communication V"],"original-title":[],"language":"en","link":[{"URL":"https:\/\/link.springer.com\/content\/pdf\/10.1007\/978-3-031-77566-6_72","content-type":"unspecified","content-version":"vor","intended-application":"similarity-checking"}],"deposited":{"date-parts":[[2024,12,23]],"date-time":"2024-12-23T17:12:28Z","timestamp":1734973948000},"score":1,"resource":{"primary":{"URL":"https:\/\/link.springer.com\/10.1007\/978-3-031-77566-6_72"}},"subtitle":[],"short-title":[],"issued":{"date-parts":[[2024,12,24]]},"ISBN":["9783031775659","9783031775666"],"references-count":35,"URL":"https:\/\/doi.org\/10.1007\/978-3-031-77566-6_72","relation":{},"ISSN":["2661-8184","2661-8192"],"issn-type":[{"type":"print","value":"2661-8184"},{"type":"electronic","value":"2661-8192"}],"subject":[],"published":{"date-parts":[[2024,12,24]]},"assertion":[{"value":"24 December 2024","order":1,"name":"first_online","label":"First Online","group":{"name":"ChapterHistory","label":"Chapter History"}},{"value":"DIGICOM","order":1,"name":"conference_acronym","label":"Conference Acronym","group":{"name":"ConferenceInfo","label":"Conference Information"}},{"value":"International Conference on Design and Digital Communication","order":2,"name":"conference_name","label":"Conference Name","group":{"name":"ConferenceInfo","label":"Conference Information"}},{"value":"Barcelos","order":3,"name":"conference_city","label":"Conference City","group":{"name":"ConferenceInfo","label":"Conference Information"}},{"value":"Portugal","order":4,"name":"conference_country","label":"Conference Country","group":{"name":"ConferenceInfo","label":"Conference Information"}},{"value":"2024","order":5,"name":"conference_year","label":"Conference Year","group":{"name":"ConferenceInfo","label":"Conference Information"}},{"value":"7 November 2024","order":7,"name":"conference_start_date","label":"Conference Start Date","group":{"name":"ConferenceInfo","label":"Conference Information"}},{"value":"9 November 2024","order":8,"name":"conference_end_date","label":"Conference End Date","group":{"name":"ConferenceInfo","label":"Conference Information"}},{"value":"8","order":9,"name":"conference_number","label":"Conference Number","group":{"name":"ConferenceInfo","label":"Conference Information"}},{"value":"digicom2024","order":10,"name":"conference_id","label":"Conference ID","group":{"name":"ConferenceInfo","label":"Conference Information"}},{"value":"https:\/\/digicom.ipca.pt\/conference\/","order":11,"name":"conference_url","label":"Conference URL","group":{"name":"ConferenceInfo","label":"Conference Information"}}]}}

Directorate-General for Employment, S.A., (European C.): Quadro Europeu de Qualificações: Apoio à aprendizagem, ao trabalho e à mobilidade transfronteiras (2019). https://doi.org/10.2767/738084

Comissão Europeia: Quadro Europeu de Qualificações para a Aprendizagem ao Longo da Vida. 15 (2009). https://doi.org/10.2766/26704

Carvalho, A.: Multimédia: um conceito em evolução. Revista Portuguesa de Educação, CIEd - Universidade Do Minho 15(1), 245–268 (2002). https://repositorium.sdum.uminho.pt/bitstream/1822/489/1/AnaAmelia.pdf

Packer, R.L., Jordán, K.: Multimedia: from Wagner to virtual reality. Norton (2002). https://doi.org/10.5860/choice.39-2840

Cloutier, J.: L’ère d’Emerec ou la communication audio-scripto-visuelle à l’heure des self-media. Les Presses de l’Universite de Montreal (1973)

Zagalo, N. (coord. ), Coelho, A., et al.: Multimédia, novos média e média digitais (2021). http://hdl.handle.net/10773/31419

Jenkins, H.: Cultura da Convergência (S. Alexandria, Trans.). ALEPH (2009)

dBerito, N.B., de Reis, J.C.: A teoria das cores de Goethe e sua crítica a Newton. Revista Brasileira de História Da Ciência 9(2), 288–298 (2016). https://doi.org/10.53727/rbhc.v9i2.161

Arnheim, R.: Arte e percepção visual: uma psicologia da visão criadora. Pioneira Thomson Learning (2005)

Flusser, V.: Filosofia da Caixa Preta: Ensaios para uma futura filosofia da fotografia. Relume Dumará (2002)

de Castro Soares, N.: Relações Sinestésicas Entre Imagem e Som, Entre Cor e Som e Alguns Exemplos no Cinema Silencioso. LAIKA (2013)

Vorländer, M.: Fundamentals of acoustics. In: Auralization. R, pp. 1–16. Springer, Cham (2020). https://doi.org/10.1007/978-3-030-51202-6_1

Henrique, L.L.: Acústica Musical. Fundação Calouste Gulbenkian (2002)

Menezes, F.: Acústica Musical em Palavras e Sons. Ateliê Editorial (2014)

Palmer, S.E., Schloss, K.B., Xu, Z., Prado-León, L.R.: Music-color associations are mediated by emotion. Proc. Natl. Acad. Sci. U.S.A. 110(22), 8836–8841 (2013). https://doi.org/10.1073/pnas.1212562110
