{"status":"ok","message-type":"work","message-version":"1.0.0","message":{"indexed":{"date-parts":[[2025,11,8]],"date-time":"2025-11-08T09:38:59Z","timestamp":1762594739526,"version":"build-2065373602"},"publisher-location":"Cham","reference-count":25,"publisher":"Springer Nature Switzerland","isbn-type":[{"value":"9783032090799","type":"print"},{"value":"9783032090805","type":"electronic"}],"license":[{"start":{"date-parts":[[2025,1,1]],"date-time":"2025-01-01T00:00:00Z","timestamp":1735689600000},"content-version":"tdm","delay-in-days":0,"URL":"https:\/\/www.springernature.com\/gp\/researchers\/text-and-data-mining"},{"start":{"date-parts":[[2025,1,1]],"date-time":"2025-01-01T00:00:00Z","timestamp":1735689600000},"content-version":"vor","delay-in-days":0,"URL":"https:\/\/www.springernature.com\/gp\/researchers\/text-and-data-mining"}],"content-domain":{"domain":["link.springer.com"],"crossmark-restriction":false},"short-container-title":[],"published-print":{"date-parts":[[2025]]},"DOI":"10.1007\/978-3-032-09080-5_43","type":"book-chapter","created":{"date-parts":[[2025,11,8]],"date-time":"2025-11-08T09:36:19Z","timestamp":1762594579000},"page":"433-448","update-policy":"https:\/\/doi.org\/10.1007\/springer_crossmark_policy","source":"Crossref","is-referenced-by-count":0,"title":["Communication and Gender in the Communication Departments of Public Higher Education Institutions of Porto City"],"prefix":"10.1007","author":[{"ORCID":"https:\/\/orcid.org\/0000-0003-0081-2335","authenticated-orcid":false,"given":"Adriana","family":"Oliveira","sequence":"first","affiliation":[]},{"ORCID":"https:\/\/orcid.org\/0000-0003-1951-889X","authenticated-orcid":false,"given":"Paulo","family":"Ferreira","sequence":"additional","affiliation":[]},{"ORCID":"https:\/\/orcid.org\/0000-0003-1882-4801","authenticated-orcid":false,"given":"Rui","family":"Castanho","sequence":"additional","affiliation":[]},{"ORCID":"https:\/\/orcid.org\/0000-0003-3409-4570","authenticated-orcid":false,"given":"Rita","family":"Estrada","sequence":"additional","affiliation":[]},{"ORCID":"https:\/\/orcid.org\/0000-0001-8564-4582","authenticated-orcid":false,"given":"Anabela","family":"Mesquita","sequence":"additional","affiliation":[]},{"given":"Carla","family":"Sousa","sequence":"additional","affiliation":[]}],"member":"297","published-online":{"date-parts":[[2025,11,9]]},"reference":[{"key":"43_CR1","unstructured":"Bento, J.R.d.A.S.: Compromisso com a igualdade e equil\u00edbrio entre mulheres e homens nos \u00f3rg\u00e3os de administra\u00e7\u00e3o: O caso das empresas de grande dimens\u00e3o em Portugal. Master's thesis. https:\/\/www.repository.utl.pt\/handle\/10400.5\/22817 (2021)"},{"key":"43_CR2","unstructured":"Borges, S.M.P.: Tend\u00eancias e desafios dos gabinetes de comunica\u00e7\u00e3o nas Institui\u00e7\u00f5es de Ensino Superior. Master's thesis. https:\/\/ubibliorum.ubi.pt\/handle\/10400.6\/7021?locale=en (2016)"},{"key":"43_CR3","doi-asserted-by":"publisher","first-page":"514","DOI":"10.1108\/GM-02-2015-0007","volume":"31","author":"L Carli","year":"2016","unstructured":"Carli, L., Eagly, A.: Women face a labyrinth: An examination of metaphors for women leaders. Gend. Manag.: Int. J. 31, 514\u2013527 (2016). https:\/\/doi.org\/10.1108\/GM-02-2015-0007","journal-title":"Gend. Manag.: Int. J."},{"key":"43_CR4","unstructured":"Carvalho, S.A.: Igualdade de g\u00e9nero no acesso a cargos de dire\u00e7\u00e3o executiva: Boas pr\u00e1ticas de recrutamento e sele\u00e7\u00e3o. Master's thesis. https:\/\/www.repository.utl.pt\/handle\/10400.5\/22550 (2021)"},{"key":"43_CR5","unstructured":"Coelho, I.A.d.S.: A influ\u00eancia dos estere\u00f3tipos de g\u00e9nero na carreira de mulheres em posi\u00e7\u00f5es de poder e autoridade nas organiza\u00e7\u00f5es: Uma revis\u00e3o sistem\u00e1tica de literatura. Master's thesis. https:\/\/repositorio.ucp.pt\/handle\/10400.14\/33957 (2020)"},{"key":"43_CR6","volume-title":"Resolu\u00e7\u00e3o do Conselho de Ministros n.o 19\/2012, mar\u00e7o 8","author":"DRE","year":"2012","unstructured":"DRE. (2012). Resolu\u00e7\u00e3o do Conselho de Ministros n.o 19\/2012, mar\u00e7o 8. https:\/\/dre.pt\/dre\/detalhe\/resolucao-conselho-ministros\/19-2012-542375"},{"key":"43_CR7","volume-title":"Resolu\u00e7\u00e3o do Conselho de Ministros n.o 13-A\/2013, mar\u00e7o 8","author":"DRE","year":"2013","unstructured":"DRE. (2013a.) Resolu\u00e7\u00e3o do Conselho de Ministros n.o 13-A\/2013, mar\u00e7o 8. https:\/\/dre.pt\/dre\/detalhe\/tipo\/13-a-2013-324147"},{"key":"43_CR8","volume-title":"Lei n.o 67\/2013, agosto 28","author":"DRE","year":"2013","unstructured":"DRE. (2013b.) Lei n.o 67\/2013, agosto 28. https:\/\/dre.pt\/dre\/detalhe\/lei\/67-2013-499499"},{"key":"43_CR9","volume-title":"Decreto-Lei n.o 133\/2013, outubro 3","author":"DRE","year":"2013","unstructured":"DRE. (2013c.) Decreto-Lei n.o 133\/2013, outubro 3. https:\/\/dre.pt\/dre\/detalhe\/decreto-lei\/133-2013-500215"},{"key":"43_CR10","volume-title":"Resolu\u00e7\u00e3o do Conselho de Ministros n.o 18\/2014, mar\u00e7o 7","author":"DRE","year":"2014","unstructured":"DRE. (2014a). Resolu\u00e7\u00e3o do Conselho de Ministros n.o 18\/2014, mar\u00e7o 7. https:\/\/dre.pt\/dre\/detalhe\/resolucao-conselho-ministros\/18-2014-572416"},{"key":"43_CR11","volume-title":"Decreto-Lei n.o 157\/2014, outubro 24","author":"DRE","year":"2014","unstructured":"DRE. (2014b). Decreto-Lei n.o 157\/2014, outubro 24. https:\/\/dre.pt\/dre\/detalhe\/decreto-lei\/157-2014-58585556"},{"key":"43_CR12","volume-title":"Decreto-Lei n.o 159\/2014, outubro 27","author":"DRE","year":"2014","unstructured":"DRE. (2014c). Decreto-Lei n.o 159\/2014, outubro 27. https:\/\/dre.pt\/dre\/detalhe\/decreto-lei\/159-2014-58605739"},{"key":"43_CR13","volume-title":"Resolu\u00e7\u00e3o do Conselho de Ministros n.o 11-A\/2015, mar\u00e7o 6","author":"DRE","year":"2015","unstructured":"DRE. (2015). Resolu\u00e7\u00e3o do Conselho de Ministros n.o 11-A\/2015, mar\u00e7o 6. https:\/\/dre.pt\/dre\/detalhe\/resolucao-conselho-ministros\/11-a-2015\u201366689598"},{"key":"43_CR14","volume-title":"Lei n.o 26\/2019, mar\u00e7o 28","author":"DRE","year":"2019","unstructured":"DRE. (2019). Lei n.o 26\/2019, mar\u00e7o 28. https:\/\/dre.pt\/dre\/detalhe\/lei\/26-2019-121665677"},{"key":"43_CR15","unstructured":"Duarte, A.C.d.O.: Imperium femininis\u2026 Uma lideran\u00e7a de sucesso escondido. Master's thesis. https:\/\/repositorio.ispa.pt\/handle\/10400.12\/4104 (2008)"},{"key":"43_CR16","unstructured":"Gon\u00e7alves, M.: Comunica\u00e7\u00e3o nas Institui\u00e7\u00f5es de Ensino Superior. Master thesis. https:\/\/ubibliorum.ubi.pt\/handle\/10400.6\/5690 (2015)"},{"key":"43_CR17","unstructured":"Gon\u00e7alves, M.H.d.S.: A articula\u00e7\u00e3o trabalho-fam\u00edlia vivenciada por gestoras portuguesas: Uma fonte de stresse ocupacional?. Master thesis. https:\/\/sigarra.up.pt\/fdup\/pt\/pub_geral.pub_view?pi_pub_base_id=29548 (2011)"},{"issue":"10","key":"43_CR18","first-page":"221","volume":"VI","author":"P Loureiro","year":"2008","unstructured":"Loureiro, P., Cardoso, C.C.: O g\u00e9nero e os estere\u00f3tipos na gest\u00e3o. Rev. Estud. Polit\u00e9c. VI(10), 221\u2013238 (2008)","journal-title":"Rev. Estud. Polit\u00e9c."},{"key":"43_CR19","unstructured":"Macedo, E., Santos, S.: Apenas mulheres? Situa\u00e7\u00e3o das mulheres no mercado de trabalho em quatro pa\u00edses europeus. Ex \u00e6quo, 129\u2013155 (2008, 2008)"},{"issue":"2","key":"43_CR20","doi-asserted-by":"publisher","first-page":"547","DOI":"10.1590\/S0104-026X2010000200015","volume":"18","author":"R Madalozzo","year":"2010","unstructured":"Madalozzo, R., Martins, S.R., Shiratori, L.: Participa\u00e7\u00e3o no mercado de trabalho e no trabalho dom\u00e9stico: Homens e mulheres t\u00eam condi\u00e7\u00f5es iguais? Rev. Estud. Fem. 18(2), 547\u2013566 (2010). https:\/\/doi.org\/10.1590\/S0104-026X2010000200015","journal-title":"Rev. Estud. Fem."},{"key":"43_CR21","volume":"96","author":"N Pa\u00e7o","year":"2021","unstructured":"Pa\u00e7o, N., Casaca, S.F.: Equil\u00edbrio entre mulheres e homens nos \u00f3rg\u00e3os de governo das empresas cotadas em bolsa: A influ\u00eancia do compromisso estrat\u00e9gico empresarial. Sociol. Probl. Pr\u00e1t. 96, Artigo 96 (2021)","journal-title":"Sociol. Probl. Pr\u00e1t."},{"key":"43_CR22","unstructured":"Pereira, D. L. M. O papel da comunica\u00e7\u00e3o digital na dinamiza\u00e7\u00e3o das empresas: O caso da RedOcean. Master's thesis. https:\/\/repositorio.ipv.pt\/handle\/10400.19\/7380 (2022)."},{"issue":"3","key":"43_CR23","doi-asserted-by":"publisher","first-page":"279","DOI":"10.1080\/13668800902968907","volume":"12","author":"P Peters","year":"2009","unstructured":"Peters, P., den Dulk, L., van der Lippe, T.: The effects of time-spatial flexibility and new working conditions on employees\u2019 work\u2013life balance: The Dutch case. Community Work Fam. 12(3), 279\u2013297 (2009). https:\/\/doi.org\/10.1080\/13668800902968907","journal-title":"Community Work Fam."},{"key":"43_CR24","unstructured":"Salvador, J.M.d.S.: G\u00e9nero e futebol: Din\u00e2micas entre mulheres e homens num contexto masculino. Master's thesis. https:\/\/repositorio.iscte-iul.pt\/handle\/10071\/26240 (2022)"},{"issue":"1","key":"43_CR25","doi-asserted-by":"publisher","first-page":"125","DOI":"10.7862\/rz.2021.hss.10","volume":"28","author":"E Wojtowicz","year":"2021","unstructured":"Wojtowicz, E.: Stereotypes in management \u2013 does leadership have a gender? Humanit. Soc. Sci.,. 28(1), 125\u2013134 (2021). https:\/\/doi.org\/10.7862\/rz.2021.hss.10","journal-title":"Humanit. Soc. Sci.,"}],"container-title":["Lecture Notes in Networks and Systems","Perspectives and Trends in Education and Technology, Volume 2"],"original-title":[],"language":"en","link":[{"URL":"https:\/\/link.springer.com\/content\/pdf\/10.1007\/978-3-032-09080-5_43","content-type":"unspecified","content-version":"vor","intended-application":"similarity-checking"}],"deposited":{"date-parts":[[2025,11,8]],"date-time":"2025-11-08T09:36:21Z","timestamp":1762594581000},"score":1,"resource":{"primary":{"URL":"https:\/\/link.springer.com\/10.1007\/978-3-032-09080-5_43"}},"subtitle":[],"short-title":[],"issued":{"date-parts":[[2025]]},"ISBN":["9783032090799","9783032090805"],"references-count":25,"URL":"https:\/\/doi.org\/10.1007\/978-3-032-09080-5_43","relation":{},"ISSN":["2367-3370","2367-3389"],"issn-type":[{"value":"2367-3370","type":"print"},{"value":"2367-3389","type":"electronic"}],"subject":[],"published":{"date-parts":[[2025]]},"assertion":[{"value":"9 November 2025","order":1,"name":"first_online","label":"First Online","group":{"name":"ChapterHistory","label":"Chapter History"}},{"value":"ICITED","order":1,"name":"conference_acronym","label":"Conference Acronym","group":{"name":"ConferenceInfo","label":"Conference Information"}},{"value":"International Conference in Information Technology and Education","order":2,"name":"conference_name","label":"Conference Name","group":{"name":"ConferenceInfo","label":"Conference Information"}},{"value":"Natal","order":3,"name":"conference_city","label":"Conference City","group":{"name":"ConferenceInfo","label":"Conference Information"}},{"value":"Brazil","order":4,"name":"conference_country","label":"Conference Country","group":{"name":"ConferenceInfo","label":"Conference Information"}},{"value":"2025","order":5,"name":"conference_year","label":"Conference Year","group":{"name":"ConferenceInfo","label":"Conference Information"}},{"value":"10 July 2025","order":7,"name":"conference_start_date","label":"Conference Start Date","group":{"name":"ConferenceInfo","label":"Conference Information"}},{"value":"12 July 2025","order":8,"name":"conference_end_date","label":"Conference End Date","group":{"name":"ConferenceInfo","label":"Conference Information"}},{"value":"5","order":9,"name":"conference_number","label":"Conference Number","group":{"name":"ConferenceInfo","label":"Conference Information"}},{"value":"icited2025","order":10,"name":"conference_id","label":"Conference ID","group":{"name":"ConferenceInfo","label":"Conference Information"}},{"value":"https:\/\/www.icited.org\/","order":11,"name":"conference_url","label":"Conference URL","group":{"name":"ConferenceInfo","label":"Conference Information"}}]}}

Bento, J.R.d.A.S.: Compromisso com a igualdade e equilíbrio entre mulheres e homens nos órgãos de administração: O caso das empresas de grande dimensão em Portugal. Master's thesis. https://www.repository.utl.pt/handle/10400.5/22817 (2021)

Borges, S.M.P.: Tendências e desafios dos gabinetes de comunicação nas Instituições de Ensino Superior. Master's thesis. https://ubibliorum.ubi.pt/handle/10400.6/7021?locale=en (2016)

Carvalho, S.A.: Igualdade de género no acesso a cargos de direção executiva: Boas práticas de recrutamento e seleção. Master's thesis. https://www.repository.utl.pt/handle/10400.5/22550 (2021)

Coelho, I.A.d.S.: A influência dos estereótipos de género na carreira de mulheres em posições de poder e autoridade nas organizações: Uma revisão sistemática de literatura. Master's thesis. https://repositorio.ucp.pt/handle/10400.14/33957 (2020)

Resolução do Conselho de Ministros n.o 19/2012, março 8

DRE. (2012). Resolução do Conselho de Ministros n.o 19/2012, março 8. https://dre.pt/dre/detalhe/resolucao-conselho-ministros/19-2012-542375

Resolução do Conselho de Ministros n.o 13-A/2013, março 8

DRE. (2013a.) Resolução do Conselho de Ministros n.o 13-A/2013, março 8. https://dre.pt/dre/detalhe/tipo/13-a-2013-324147

Resolução do Conselho de Ministros n.o 18/2014, março 7

DRE. (2014a). Resolução do Conselho de Ministros n.o 18/2014, março 7. https://dre.pt/dre/detalhe/resolucao-conselho-ministros/18-2014-572416

Resolução do Conselho de Ministros n.o 11-A/2015, março 6

DRE. (2015). Resolução do Conselho de Ministros n.o 11-A/2015, março 6. https://dre.pt/dre/detalhe/resolucao-conselho-ministros/11-a-2015–66689598

Lei n.o 26/2019, março 28

DRE. (2019). Lei n.o 26/2019, março 28. https://dre.pt/dre/detalhe/lei/26-2019-121665677

Duarte, A.C.d.O.: Imperium femininis… Uma liderança de sucesso escondido. Master's thesis. https://repositorio.ispa.pt/handle/10400.12/4104 (2008)

Gonçalves, M.: Comunicação nas Instituições de Ensino Superior. Master thesis. https://ubibliorum.ubi.pt/handle/10400.6/5690 (2015)

Gonçalves, M.H.d.S.: A articulação trabalho-família vivenciada por gestoras portuguesas: Uma fonte de stresse ocupacional?. Master thesis. https://sigarra.up.pt/fdup/pt/pub_geral.pub_view?pi_pub_base_id=29548 (2011)

Loureiro, P., Cardoso, C.C.: O género e os estereótipos na gestão. Rev. Estud. Politéc. VI(10), 221–238 (2008)

Rev. Estud. Politéc.

Macedo, E., Santos, S.: Apenas mulheres? Situação das mulheres no mercado de trabalho em quatro países europeus. Ex æquo, 129–155 (2008, 2008)

Madalozzo, R., Martins, S.R., Shiratori, L.: Participação no mercado de trabalho e no trabalho doméstico: Homens e mulheres têm condições iguais? Rev. Estud. Fem. 18(2), 547–566 (2010). https://doi.org/10.1590/S0104-026X2010000200015

N Paço

Paço, N., Casaca, S.F.: Equilíbrio entre mulheres e homens nos órgãos de governo das empresas cotadas em bolsa: A influência do compromisso estratégico empresarial. Sociol. Probl. Prát. 96, Artigo 96 (2021)

Sociol. Probl. Prát.

Pereira, D. L. M. O papel da comunicação digital na dinamização das empresas: O caso da RedOcean. Master's thesis. https://repositorio.ipv.pt/handle/10400.19/7380 (2022).

Salvador, J.M.d.S.: Género e futebol: Dinâmicas entre mulheres e homens num contexto masculino. Master's thesis. https://repositorio.iscte-iul.pt/handle/10071/26240 (2022)
