{"status":"ok","message-type":"work","message-version":"1.0.0","message":{"indexed":{"date-parts":[[2026,4,17]],"date-time":"2026-04-17T01:01:25Z","timestamp":1776387685961,"version":"3.51.2"},"publisher-location":"Cham","reference-count":33,"publisher":"Springer International Publishing","isbn-type":[{"value":"9783319398792","type":"print"},{"value":"9783319398808","type":"electronic"}],"license":[{"start":{"date-parts":[[2016,1,1]],"date-time":"2016-01-01T00:00:00Z","timestamp":1451606400000},"content-version":"unspecified","delay-in-days":0,"URL":"http:\/\/www.springer.com\/tdm"}],"content-domain":{"domain":[],"crossmark-restriction":false},"short-container-title":[],"published-print":{"date-parts":[[2016]]},"DOI":"10.1007\/978-3-319-39880-8_19","type":"book-chapter","created":{"date-parts":[[2016,7,28]],"date-time":"2016-07-28T04:10:58Z","timestamp":1469679058000},"page":"305-327","source":"Crossref","is-referenced-by-count":9,"title":["Fostering Resilience Among Artisanal Fishers in Peniche (Portugal): An Exploratory Study"],"prefix":"10.1007","author":[{"given":"Vanda","family":"Viegas","sequence":"first","affiliation":[]},{"given":"Ulisses M.","family":"Azeiteiro","sequence":"additional","affiliation":[]},{"given":"F\u00e1tima","family":"Alves","sequence":"additional","affiliation":[]}],"member":"297","published-online":{"date-parts":[[2016,7,29]]},"reference":[{"key":"19_CR1","unstructured":"Alves F (2011) A Doen\u00e7a Mental Nem Sempre \u00e9 Doen\u00e7a. Racionalidades Leigas sobre a Sa\u00fade e Doen\u00e7a Mental\u2014Um Estudo no Norte de Portugal. Afrontamento Ed., Oporto, Portugal, p 293. ISBN:978-9723611335"},{"key":"19_CR2","doi-asserted-by":"crossref","unstructured":"Alves F, Caeiro S, Azeiteiro UM (2014) Lay rationalities of climate change. Int J Clim Change Strategies Manage 6(1):1756\u20138692. ISSN:1756-8692, Emerald Group, Bingley, UK. http:\/\/www.emeraldinsight.com\/journals.htm?issn=1756-8692&volume=6&issue=1","DOI":"10.1108\/IJCCSM-10-2013-0121"},{"key":"19_CR3","unstructured":"Arendt H (2013) Eichmann em Jerusal\u00e9m\u2014uma reportagem sobre a banalidade do mal, 3rd edn. Tenacitas Ed., Coimbra, Portugal, 385p. ISBN:978-972-8758-09-7"},{"key":"19_CR4","unstructured":"Bardin L (2013) An\u00e1lise de Conte\u00fado, 5th edn. Edi\u00e7\u00f5es 70, Lisbon, Portugal, p 281. ISBN:978-972-44-1506-2"},{"issue":"1","key":"19_CR5","doi-asserted-by":"publisher","first-page":"15","DOI":"10.5894\/rgci408","volume":"14","author":"NLR Bitencourt","year":"2013","unstructured":"Bitencourt NLR, Rocha IO (2013) Percep\u00e7\u00e3o das Popula\u00e7\u00f5es Costeiras sobre os Efeitos dos Eventos Adversos no Extremo Sul de Santa Catarina\u2014Brasil * Perception of coastal populations on the effects of adverse events in the extreme South of Santa Catarina\u2014Brazil. Revista de Gest\u00e3o Costeira Integrada\/Int J Clim Change Strategies Manage 14(1):15\u201325. doi: 10.5894\/rgci408","journal-title":"Revista de Gest\u00e3o Costeira Integrada\/Int J Clim Change Strategies Manage"},{"issue":"3","key":"19_CR6","doi-asserted-by":"publisher","first-page":"20","DOI":"10.5751\/ES-05846-180320","volume":"18","author":"EL Bohensky","year":"2013","unstructured":"Bohensky EL, Butler JRA, Davies J (2013) Integrating indigenous ecological knowledge and science in natural resource management: perspectives from Australia. Ecol Soc 18(3):20. doi: 10.5751\/ES-05846-180320","journal-title":"Ecol Soc"},{"issue":"4","key":"19_CR7","doi-asserted-by":"publisher","first-page":"6","DOI":"10.5751\/ES-04342-160406","volume":"16","author":"EL Bohensky","year":"2011","unstructured":"Bohensky EL, Maru Y (2011) Indigenous knowledge, science, and resilience: what have we learned from a decade of international literature on \u201cIntegration\u201d? Ecol Soc 16(4):6. doi: 10.5751\/ES-04342-160406","journal-title":"Ecol Soc"},{"issue":"3","key":"19_CR8","doi-asserted-by":"publisher","first-page":"284","DOI":"10.1177\/0309132510376259","volume":"35","author":"C Brace","year":"2010","unstructured":"Brace C, Geoghegan H (2010) Human geographies of climate change: landscape, temporality, and lay knowledges. Prog Hum Geogr 35(3):284\u2013302. doi: 10.1177\/0309132510376259","journal-title":"Prog Hum Geogr"},{"key":"19_CR10","unstructured":"Calado M (1968) Peniche na Hist\u00f3ria e na Lenda. 2nd Author\u2019s Ed., Lisboa"},{"key":"19_CR11","unstructured":"C\u00e2mara Municipal de Peniche (2009a) PENICHE 2025\u2014Diagn\u00f3stico Estrat\u00e9gico, Estrat\u00e9gia de Desenvolvimento e Programas de Actua\u00e7\u00e3o. Magna Carta, Peniche, 321 p. http:\/\/www.cm-peniche.pt\/_uploads\/PDF_MagnaCarta\/Magna_Carta_Peniche2025_Completa_vFinal_imp_08_2011.pdf"},{"key":"19_CR12","unstructured":"C\u00e2mara Municipal de Peniche (2009b) Anexo\u2014Metodologia de Prospectiva. In: Estrat\u00e9gia Peniche 2025, pp 287\u2013317. http:\/\/www.cm-peniche.pt\/_uploads\/PDF_MagnaCarta\/Magna_Carta_Metodologia_de_Prospectiva.pdf"},{"key":"19_CR13","unstructured":"Castells M (2007) O Poder da Identidade. In: A Era da Informa\u00e7\u00e3o: Economia, Sociedade e Cultura. Vol. II., 2nd edn, Calouste Gulbenkian Foundation\u2014Education and Scholarship Service, Lisbon, Portugal, 627 p. ISBN:978-972-31-1194-1"},{"key":"19_CR15","unstructured":"CE (2011) Reforma da pol\u00edtica comum das pescas. In: Comunica\u00e7\u00e3o da Comiss\u00e3o ao Parlamento Europeu, ao Conselho, ao Comit\u00e9 Econ\u00f3mico e Social Europeu e ao Comit\u00e9 das Regi\u00f5es. COM (2011) Final. http:\/\/eur-lex.europa.eu\/LexUriServ\/LexUriServ.do?uri=COM:2011:0417:FIN:PT:PDF"},{"key":"19_CR16","doi-asserted-by":"publisher","unstructured":"Dawn T, Gray T (2005) Fisheries science and sustainability in international policy: a study of failure in the European Union\u2019s Common Fisheries Policy. In: Marine Policy. Elsevier, pp 189\u2013197. doi: 10.1016\/j.marpol.2004.03.003","DOI":"10.1016\/j.marpol.2004.03.003"},{"issue":"4","key":"19_CR17","doi-asserted-by":"publisher","first-page":"437","DOI":"10.5894\/rgci349","volume":"12","author":"A Delicado","year":"2012","unstructured":"Delicado A, Schmidt L, Guerreiro S, Gomes C (2012) Pescadores, conhecimento local e mudan\u00e7as costeiras no litoral Portugu\u00eas. Revista de Gest\u00e3o Costeira Integrada\/J Integr Coast Zone Manage 12(4):437\u2013451. doi: 10.5894\/rgci349","journal-title":"Revista de Gest\u00e3o Costeira Integrada\/J Integr Coast Zone Manage"},{"issue":"6","key":"19_CR18","doi-asserted-by":"publisher","first-page":"675","DOI":"10.1016\/j.envsci.2011.04.004","volume":"14","author":"J Edelenbos","year":"2011","unstructured":"Edelenbos J, Van Buuren A, Van Schie N (2011) Co-producing knowledge: joint knowledge production between experts, bureaucrats and stakeholders in Dutch water management projects. Environ Sci Policy 14(6):675\u2013684. doi: 10.1016\/j.envsci.2011.04.004","journal-title":"Environ Sci Policy"},{"issue":"6202","key":"19_CR19","doi-asserted-by":"publisher","first-page":"1250","DOI":"10.1126\/science.1254629","volume":"345","author":"EB Barbier","year":"2014","unstructured":"Barbier EB (2014) A global strategy for protecting vulnerable coastal populations. Science 345(6202):1250\u20131251. doi: 10.1126\/science.1254629","journal-title":"Science"},{"issue":"1","key":"19_CR20","doi-asserted-by":"publisher","first-page":"41","DOI":"10.5894\/rgci446","volume":"14","author":"ABP Fidalga","year":"2014","unstructured":"Fidalga ABP, Seixas S, Azeiteiro UM (2014) Estudo das Perce\u00e7\u00f5es da Comunidade da Palmeira (Ilha Do Sal, Cabo Verde) Sobre a Sustentabilidade das Pescas. Revista de Gest\u00e3o Costeira Integrada\/J Integr Coast Zone Manage 14(1):41\u201349. doi: 10.5894\/rgci446","journal-title":"Revista de Gest\u00e3o Costeira Integrada\/J Integr Coast Zone Manage"},{"key":"19_CR21","doi-asserted-by":"publisher","unstructured":"Garai J (2014) The impacts of climate change on the livelihoods of coastal people in Bangladesh: a sociological study. In Leal Filho W, Alves F, Caeiro S, Azeiteiro UM (Eds) International perspectives on climate change: Latin America and beyond. Springer, Heidelberg, 316 p. 69 illus ISSN:1610-2010, 1610-2002 (electronic). ISBN:978-3-319-04488-0 ISBN 978-3-319-04489-7 (eBook). doi: 10.1007\/978-3-319-04489-7 Library of Congress Control Number: 2014934670, pp 151\u2013163","DOI":"10.1007\/978-3-319-04489-7"},{"key":"19_CR22","unstructured":"Grawitz M (1993) M\u00e9thodes des sciences sociales, 9th edn. Dalloz, Paris, France, pp 569\u2013631. ISBN:2247015581, 9782247015580"},{"key":"19_CR23","unstructured":"Guerra IC (2012) Pesquisa Qualitativa e An\u00e1lise de Conte\u00fado\u2014Sentidos e formas de uso. Ed. Principia, Cascais, Portugal. p 95. ISBN:978-972-8818-66-1"},{"key":"19_CR24","unstructured":"Guilherme I (2010) Amar Peniche. Author\u2019s Ed., Peniche, Portugal, 95p. Legal Deposit: PT|312756\/10"},{"key":"19_CR25","doi-asserted-by":"crossref","unstructured":"Houde N (2007) The six faces of traditional ecological knowledge: challenges and opportunities for Canadian co-management arrangements. Ecol Soc 12(2), 34. ISSN:1708-3087. Acadia University, Wolfville, Nova Scotia, Canada. http:\/\/www.ecologyandsociety.org\/vol12\/iss2\/art34\/","DOI":"10.5751\/ES-02270-120234"},{"key":"19_CR27","unstructured":"Mendes JM, Tavares AO, Cunha L, Freiria S (2011) Vulnerabilidade Social aos Riscos Naturais e Tecnol\u00f3gicos em Portugal. Revista Cr\u00edtica de Ci\u00eancias Sociais 93:95\u2013128. Centro de Estudos Sociais, Coimbra, Portugal. ISBN:9789352541102"},{"issue":"4","key":"19_CR28","doi-asserted-by":"publisher","first-page":"553","DOI":"10.5894\/rgci472","volume":"14","author":"GJ Nagy","year":"2014","unstructured":"Nagy GJ, Mu\u00f1oza N, Verocaia JE, Bidegaina M, Seijoe L (2014a) Adjusting to current climate threats and building alternative future scenarios for the Rio de la Plata coast and estuarine front, Uruguay. Revista de Gest\u00e3o Costeira Integrada\/J Integr Coast Zone Manage 14(4):553\u2013568. doi: 10.5894\/rgci472","journal-title":"Revista de Gest\u00e3o Costeira Integrada\/J Integr Coast Zone Manage"},{"issue":"1","key":"19_CR29","doi-asserted-by":"publisher","first-page":"63","DOI":"10.1108\/IJCCSM-03-2013-0035","volume":"6","author":"GJ Nagy","year":"2014","unstructured":"Nagy GJ, Seijoe L, Verocia JE, Bidegain M (2014b) Stakeholders climate perception and adaptation in coastal Uruguay. Revista de Gest\u00e3o Costeira Integrada\/Int J Clim Change Strategies Manage 6(1):63\u201384. doi: 10.1108\/IJCCSM-03-2013-0035","journal-title":"Revista de Gest\u00e3o Costeira Integrada\/Int J Clim Change Strategies Manage"},{"issue":"7","key":"19_CR30","doi-asserted-by":"publisher","first-page":"687","DOI":"10.1080\/13549839.2010.498809","volume":"15","author":"K Paton","year":"2010","unstructured":"Paton K, Fairbairn-Dunlop P (2010) Listening to local voices: Tuvaluans respond to climate change. Local Environ 15(7):687\u2013698. doi: 10.1080\/13549839.2010.498809","journal-title":"Local Environ"},{"key":"19_CR31","doi-asserted-by":"publisher","unstructured":"Santos AJFR, Azeiteiro UM, Sousa F, Alves F (2012) A import\u00e2ncia dos conhecimentos e dos modos de vida locais no desenvolvimento sustent\u00e1vel: estudo explorat\u00f3rio sobre o impacto da Reserva Natural das Ilhas Berlengas na comunidade piscat\u00f3ria * The role of knowledge and the way of life of local inhabitants in sustainable development: an exploratory study on the impact of the natural reserve of the Berlengas Islands on the life of its local fishing community. Revista de Gest\u00e3o Costeira Integrada\/Int J Clim Change Strategies Manage 12(4):429\u2013436. doi: 10.5894\/rgci321","DOI":"10.5894\/rgci321"},{"issue":"1","key":"19_CR32","doi-asserted-by":"publisher","first-page":"51","DOI":"10.5894\/rgci424","volume":"14","author":"S Seixas","year":"2014","unstructured":"Seixas S, Hoeffel JLM, Renk M, Silva BN, Lima FB (2014) Percep\u00e7\u00e3o de pescadores e maricultores sobre mudan\u00e7as ambientais globais, no litoral Norte Paulista, S\u00e3o Paulo, Brasil * Perception of fishermen and shellfish producers on global environmental changes in the Northern Coast of S\u00e3o Paulo State, Brazil. Revista da Gest\u00e3o Costeira Integrada\/J Integr Coast Zone Manage 14(1):51\u201364. doi: 10.5894\/rgci424","journal-title":"Revista da Gest\u00e3o Costeira Integrada\/J Integr Coast Zone Manage"},{"key":"19_CR33","unstructured":"Souto H (2003) Comunidades de Pesca Artesanal em Portugal. Communication presented at the Marine Academy on March 23rd 2003. http:\/\/www.henrique-souto.net\/resources\/Comunidades%20de%20Pesca%20Artesanal%20em%20Portugal.pdf"},{"key":"19_CR34","unstructured":"Touraine A (2005) Um Novo Paradigma\u2014Para Compreender o Mundo de Hoje. Col. Epistemologia e Sociedade. Piaget Institute, Lisbon, Portugal, 251 p. ISBN:972-771-822-1"},{"key":"19_CR35","doi-asserted-by":"publisher","unstructured":"Verocai JE, G\u00f3mez-Erachea M, Nagya GJ, Bidegain M (2014) Addressing climate extremes in coastal management: The case of the Uruguayan coast of the Rio de la Plata System. J Integr Coast Zone Manage 15(1):91\u2013107. doi: 10.5894\/rgci555","DOI":"10.5894\/rgci555"},{"issue":"3","key":"19_CR36","doi-asserted-by":"publisher","first-page":"347","DOI":"10.5894\/rgci456","volume":"14","author":"VM Viegas","year":"2014","unstructured":"Viegas VM, Azeiteiro UM, Dias JA, Alves F (2014) Altera\u00e7\u00f5es Clim\u00e1ticas, Perce\u00e7\u00f5es e Racionalidades * Climate change, perceptions and rationalities. Revista de Gest\u00e3o Costeira Integrada\/J Integr Coast Zone Manage 14(3):347\u2013363. doi: 10.5894\/rgci456","journal-title":"Revista de Gest\u00e3o Costeira Integrada\/J Integr Coast Zone Manage"}],"container-title":["Climate Change Management","Climate Change Adaptation, Resilience and Hazards"],"original-title":[],"link":[{"URL":"http:\/\/link.springer.com\/content\/pdf\/10.1007\/978-3-319-39880-8_19","content-type":"unspecified","content-version":"vor","intended-application":"similarity-checking"}],"deposited":{"date-parts":[[2019,9,11]],"date-time":"2019-09-11T16:54:29Z","timestamp":1568220869000},"score":1,"resource":{"primary":{"URL":"http:\/\/link.springer.com\/10.1007\/978-3-319-39880-8_19"}},"subtitle":[],"short-title":[],"issued":{"date-parts":[[2016]]},"ISBN":["9783319398792","9783319398808"],"references-count":33,"URL":"https:\/\/doi.org\/10.1007\/978-3-319-39880-8_19","relation":{},"ISSN":["1610-2010","1610-2002"],"issn-type":[{"value":"1610-2010","type":"print"},{"value":"1610-2002","type":"electronic"}],"subject":[],"published":{"date-parts":[[2016]]}}}

Fátima

Alves F (2011) A Doença Mental Nem Sempre é Doença. Racionalidades Leigas sobre a Saúde e Doença Mental—Um Estudo no Norte de Portugal. Afrontamento Ed., Oporto, Portugal, p 293. ISBN:978-9723611335

Arendt H (2013) Eichmann em Jerusalém—uma reportagem sobre a banalidade do mal, 3rd edn. Tenacitas Ed., Coimbra, Portugal, 385p. ISBN:978-972-8758-09-7

Bardin L (2013) Análise de Conteúdo, 5th edn. Edições 70, Lisbon, Portugal, p 281. ISBN:978-972-44-1506-2

Bitencourt NLR, Rocha IO (2013) Percepção das Populações Costeiras sobre os Efeitos dos Eventos Adversos no Extremo Sul de Santa Catarina—Brasil * Perception of coastal populations on the effects of adverse events in the extreme South of Santa Catarina—Brazil. Revista de Gestão Costeira Integrada/Int J Clim Change Strategies Manage 14(1):15–25. doi: 10.5894/rgci408

Revista de Gestão Costeira Integrada/Int J Clim Change Strategies Manage

Calado M (1968) Peniche na História e na Lenda. 2nd Author’s Ed., Lisboa

Câmara Municipal de Peniche (2009a) PENICHE 2025—Diagnóstico Estratégico, Estratégia de Desenvolvimento e Programas de Actuação. Magna Carta, Peniche, 321 p. http://www.cm-peniche.pt/_uploads/PDF_MagnaCarta/Magna_Carta_Peniche2025_Completa_vFinal_imp_08_2011.pdf

Câmara Municipal de Peniche (2009b) Anexo—Metodologia de Prospectiva. In: Estratégia Peniche 2025, pp 287–317. http://www.cm-peniche.pt/_uploads/PDF_MagnaCarta/Magna_Carta_Metodologia_de_Prospectiva.pdf

Castells M (2007) O Poder da Identidade. In: A Era da Informação: Economia, Sociedade e Cultura. Vol. II., 2nd edn, Calouste Gulbenkian Foundation—Education and Scholarship Service, Lisbon, Portugal, 627 p. ISBN:978-972-31-1194-1

CE (2011) Reforma da política comum das pescas. In: Comunicação da Comissão ao Parlamento Europeu, ao Conselho, ao Comité Económico e Social Europeu e ao Comité das Regiões. COM (2011) Final. http://eur-lex.europa.eu/LexUriServ/LexUriServ.do?uri=COM:2011:0417:FIN:PT:PDF

Delicado A, Schmidt L, Guerreiro S, Gomes C (2012) Pescadores, conhecimento local e mudanças costeiras no litoral Português. Revista de Gestão Costeira Integrada/J Integr Coast Zone Manage 12(4):437–451. doi: 10.5894/rgci349

Revista de Gestão Costeira Integrada/J Integr Coast Zone Manage

Fidalga ABP, Seixas S, Azeiteiro UM (2014) Estudo das Perceções da Comunidade da Palmeira (Ilha Do Sal, Cabo Verde) Sobre a Sustentabilidade das Pescas. Revista de Gestão Costeira Integrada/J Integr Coast Zone Manage 14(1):41–49. doi: 10.5894/rgci446

Grawitz M (1993) Méthodes des sciences sociales, 9th edn. Dalloz, Paris, France, pp 569–631. ISBN:2247015581, 9782247015580

Guerra IC (2012) Pesquisa Qualitativa e Análise de Conteúdo—Sentidos e formas de uso. Ed. Principia, Cascais, Portugal. p 95. ISBN:978-972-8818-66-1

Mendes JM, Tavares AO, Cunha L, Freiria S (2011) Vulnerabilidade Social aos Riscos Naturais e Tecnológicos em Portugal. Revista Crítica de Ciências Sociais 93:95–128. Centro de Estudos Sociais, Coimbra, Portugal. ISBN:9789352541102

Nagy GJ, Muñoza N, Verocaia JE, Bidegaina M, Seijoe L (2014a) Adjusting to current climate threats and building alternative future scenarios for the Rio de la Plata coast and estuarine front, Uruguay. Revista de Gestão Costeira Integrada/J Integr Coast Zone Manage 14(4):553–568. doi: 10.5894/rgci472

Nagy GJ, Seijoe L, Verocia JE, Bidegain M (2014b) Stakeholders climate perception and adaptation in coastal Uruguay. Revista de Gestão Costeira Integrada/Int J Clim Change Strategies Manage 6(1):63–84. doi: 10.1108/IJCCSM-03-2013-0035

Santos AJFR, Azeiteiro UM, Sousa F, Alves F (2012) A importância dos conhecimentos e dos modos de vida locais no desenvolvimento sustentável: estudo exploratório sobre o impacto da Reserva Natural das Ilhas Berlengas na comunidade piscatória * The role of knowledge and the way of life of local inhabitants in sustainable development: an exploratory study on the impact of the natural reserve of the Berlengas Islands on the life of its local fishing community. Revista de Gestão Costeira Integrada/Int J Clim Change Strategies Manage 12(4):429–436. doi: 10.5894/rgci321

Seixas S, Hoeffel JLM, Renk M, Silva BN, Lima FB (2014) Percepção de pescadores e maricultores sobre mudanças ambientais globais, no litoral Norte Paulista, São Paulo, Brasil * Perception of fishermen and shellfish producers on global environmental changes in the Northern Coast of São Paulo State, Brazil. Revista da Gestão Costeira Integrada/J Integr Coast Zone Manage 14(1):51–64. doi: 10.5894/rgci424

Revista da Gestão Costeira Integrada/J Integr Coast Zone Manage

Verocai JE, Gómez-Erachea M, Nagya GJ, Bidegain M (2014) Addressing climate extremes in coastal management: The case of the Uruguayan coast of the Rio de la Plata System. J Integr Coast Zone Manage 15(1):91–107. doi: 10.5894/rgci555

Viegas VM, Azeiteiro UM, Dias JA, Alves F (2014) Alterações Climáticas, Perceções e Racionalidades * Climate change, perceptions and rationalities. Revista de Gestão Costeira Integrada/J Integr Coast Zone Manage 14(3):347–363. doi: 10.5894/rgci456
