{"status":"ok","message-type":"work","message-version":"1.0.0","message":{"indexed":{"date-parts":[[2025,7,2]],"date-time":"2025-07-02T22:43:31Z","timestamp":1751496211905},"publisher-location":"Cham","reference-count":25,"publisher":"Springer International Publishing","isbn-type":[{"type":"print","value":"9783319756370"},{"type":"electronic","value":"9783319756387"}],"license":[{"start":{"date-parts":[[2018,1,1]],"date-time":"2018-01-01T00:00:00Z","timestamp":1514764800000},"content-version":"unspecified","delay-in-days":0,"URL":"http:\/\/www.springer.com\/tdm"}],"content-domain":{"domain":["link.springer.com"],"crossmark-restriction":false},"short-container-title":[],"published-print":{"date-parts":[[2018]]},"DOI":"10.1007\/978-3-319-75638-7_10","type":"book-chapter","created":{"date-parts":[[2018,4,5]],"date-time":"2018-04-05T12:44:17Z","timestamp":1522932257000},"page":"179-195","update-policy":"http:\/\/dx.doi.org\/10.1007\/springer_crossmark_policy","source":"Crossref","is-referenced-by-count":1,"title":["Stakeholder Discourses About Critical Literacies and Audience Participation"],"prefix":"10.1007","author":[{"given":"Maria Jos\u00e9","family":"Brites","sequence":"first","affiliation":[]},{"given":"Niklas Alexander","family":"Chimirri","sequence":"additional","affiliation":[]},{"given":"In\u00eas","family":"Amaral","sequence":"additional","affiliation":[]},{"given":"Gilda","family":"Seddighi","sequence":"additional","affiliation":[]},{"given":"Marisa","family":"Torres da Silva","sequence":"additional","affiliation":[]},{"given":"Maria Francesca","family":"Murru","sequence":"additional","affiliation":[]}],"member":"297","published-online":{"date-parts":[[2018,4,6]]},"reference":[{"key":"10_CR1","unstructured":"Amaral, I. (2016). Redes sociais: Sociabilidades emergentes [Social networks: Emergent sociabilities]. Covilh\u00e3: Editora LabCom.IFP."},{"issue":"5","key":"10_CR2","doi-asserted-by":"crossref","first-page":"810","DOI":"10.1177\/1461444813511039","volume":"17","author":"R Barnes","year":"2013","unstructured":"Barnes, R. (2013). Understanding the affective investment produced through commenting on Australian alternative journalism website New Matilda. New Media as Society, 17(5), 810\u2013826.","journal-title":"New Media as Society"},{"issue":"5","key":"10_CR3","doi-asserted-by":"crossref","first-page":"739","DOI":"10.1080\/1369118X.2012.670661","volume":"15","author":"WL Bennett","year":"2012","unstructured":"Bennett, W. L., & Segerberg, A. (2012). The logic of connective action: Digital media and the personalization of contentious politics. Information, Communication & Society, 15(5), 739\u2013768.","journal-title":"Information, Communication & Society"},{"issue":"1","key":"10_CR4","doi-asserted-by":"crossref","first-page":"6","DOI":"10.1080\/10584609.2016.1223772","volume":"34","author":"B Bimber","year":"2017","unstructured":"Bimber, B. (2017). Three prompts for collective action in the context of digital media. Political Communication, 34(1), 6\u201320.","journal-title":"Political Communication"},{"issue":"4","key":"10_CR5","doi-asserted-by":"crossref","first-page":"365","DOI":"10.1111\/j.1468-2885.2005.tb00340.x","volume":"15","author":"B Bimber","year":"2005","unstructured":"Bimber, B., Flanagin, A. J., & Stohl, C. (2005). Reconceptualizing collective action in the contemporary media environment. Communication Theory, 15(4), 365\u2013388.","journal-title":"Communication Theory"},{"key":"10_CR6","unstructured":"Brites, M. J. (2015). Jovens e culturas c\u00edvicas: Por entre formas de consumo noticioso e de participa\u00e7\u00e3o [Youth and civic cultures: In between forms of news consumption and participation]. Covilh\u00e3: Livros LabCom."},{"key":"10_CR7","doi-asserted-by":"crossref","DOI":"10.26530\/OAPEN_606390","volume-title":"Media and participation: A site of ideological-democratic struggle","author":"N Carpentier","year":"2011","unstructured":"Carpentier, N. (2011a). Media and participation: A site of ideological-democratic struggle. Bristol: Intellect Ltd."},{"key":"10_CR8","first-page":"13","volume":"21","author":"N Carpentier","year":"2011","unstructured":"Carpentier, N. (2011b). The concept of participation. If they have access and interact, do they really participate? Communication Management Quarterly, 21, 13\u201336.","journal-title":"Communication Management Quarterly"},{"issue":"1\u20132","key":"10_CR9","doi-asserted-by":"crossref","first-page":"81","DOI":"10.1080\/10714421.2013.757505","volume":"16","author":"NA Chimirri","year":"2013","unstructured":"Chimirri, N. A. (2013). Who do we think we (and they) are? The audience and the researcher as participants in sociomaterial practice. The Communication Review, 16(1\u20132), 81\u201391.","journal-title":"The Communication Review"},{"key":"10_CR10","volume-title":"Media and political engagement: Citizens, communication, and democracy","author":"P Dahlgren","year":"2009","unstructured":"Dahlgren, P. (2009). Media and political engagement: Citizens, communication, and democracy. Cambridge: Cambridge University Press."},{"issue":"2","key":"10_CR11","doi-asserted-by":"crossref","first-page":"47","DOI":"10.1080\/13183222.2013.11009114","volume":"20","author":"P Dahlgren","year":"2013","unstructured":"Dahlgren, P., & \u00c1lvares, C. (2013). Political participation in an age of mediatisation: Towards a new research agenda. Javnost, 20(2), 47\u201365.","journal-title":"Javnost"},{"volume-title":"Audiences, towards 2030: Priorities for audience analysis","year":"2017","key":"10_CR12","unstructured":"Das, R., & Ytre-Arne, B. (Eds.). (2017). Audiences, towards 2030: Priorities for audience analysis. Guildford: CEDAR."},{"issue":"5\u20136","key":"10_CR13","doi-asserted-by":"publisher","first-page":"469","DOI":"10.1007\/s11186-005-1619-x","volume":"34","author":"M Emirbayer","year":"2005","unstructured":"Emirbayer, M., & Goldberg, C. A. (2005). Pragmatism, Bourdieu, and collective emotions in contentious politics. Theory and Society, 34(5\u20136), 469\u2013518. \nhttps:\/\/doi.org\/10.1007\/s11186-005-1619-x\n\n.","journal-title":"Theory and Society"},{"key":"10_CR14","unstructured":"European Audiovisual Observatory. (2016). Mapping of media literacy practices and actions in EU-28. Strasbourg: European Audiovisual Observatory\/European Commission. Retrieved from \nwww.obs.coe.int\/documents\/205595\/8587740\/Media+literacy+mapping+report+-+EN+-+FINAL.pdf\/c1b5cc13-b81e-4814-b7e3-cc64dd4de36c\n\n."},{"key":"10_CR15","unstructured":"Freire, P., & Macedo, D. (2011). Alfabetiza\u00e7\u00e3o: Leitura do mundo, leitura da palavra [Alphabetization: Reading of the world, reading of the world]. Rio de Janeiro: Paz e Terra."},{"key":"10_CR16","first-page":"1","volume-title":"Handbook of research on media literacy in the digital age","author":"S Funk","year":"2016","unstructured":"Funk, S., Kellner, D., & Share, J. (2016). Critical media literacy as transformative pedagogy. In M. N. Yildiz & J. Keengwe (Eds.), Handbook of research on media literacy in the digital age (pp. 1\u201330). Hershey, PA: Information Science Reference."},{"key":"10_CR17","unstructured":"Goodwin, J., & Pfaff, S. (2001). Emotion work in high-risk social movements: Managing fear in the US and East German civil rights movements. In J. Goodwin, J. M. Jasper, & F. Polletta (Eds.), Passionate politics: Emotions and social movements (pp. 282\u2013302). Chicago, IL: University of Chicago Press."},{"issue":"3","key":"10_CR18","doi-asserted-by":"crossref","first-page":"275","DOI":"10.1177\/0267323108092536","volume":"23","author":"B H\u00f6ijer","year":"2008","unstructured":"H\u00f6ijer, B. (2008). Ontological assumptions and generalizations in qualitative (audience) research. European Journal of Communication, 23(3), 275\u2013294.","journal-title":"European Journal of Communication"},{"key":"10_CR19","doi-asserted-by":"crossref","DOI":"10.4135\/9781473915855","volume-title":"Hybrid politics: Media and participation","author":"L Ianelli","year":"2016","unstructured":"Ianelli, L. (2016). Hybrid politics: Media and participation. London: Sage."},{"issue":"1","key":"10_CR20","doi-asserted-by":"crossref","first-page":"59","DOI":"10.1007\/s11519-007-0004-2","volume":"1","author":"D Kellner","year":"2017","unstructured":"Kellner, D., & Share, J. (2017). Critical media literacy is not an option. Learn Inquiry, 1(1), 59\u201369.","journal-title":"Learn Inquiry"},{"key":"10_CR21","first-page":"17","volume-title":"Audiences and publics: When cultural engagement matters for the public sphere","author":"S Livingstone","year":"2005","unstructured":"Livingstone, S. (2005). On the relation between audiences and publics. In S. Livingstone (Ed.), Audiences and publics: When cultural engagement matters for the public sphere (pp. 17\u201341). Bristol: Intellect Books."},{"key":"10_CR22","unstructured":"Mathieu, D., Brites, M. J., Chimirri, N. A., & Saariketo, M. (2016). In dialogue with related fields of inquiry: The interdisciplinarity, normativity and contextuality of audience research. Participations. Journal of Audience & Reception Studies, 13(1), 462\u2013475."},{"key":"10_CR23","doi-asserted-by":"crossref","first-page":"149","DOI":"10.1057\/9781403973764_5","volume-title":"Political Virtue and shopping: Individuals, shopping, and collective action","author":"M Micheletti","year":"2003","unstructured":"Micheletti, M. (2003). Shopping with and for virtues. In M. Micheletti (Ed.), Political virtue and shopping: Individuals, shopping, and collective action (pp. 149\u2013168). New York: Palgrave Macmillan."},{"key":"10_CR24","doi-asserted-by":"crossref","first-page":"266","DOI":"10.1111\/j.1460-2466.2012.01630.x","volume":"62","author":"Z Papacharissi","year":"2012","unstructured":"Papacharissi, Z., & Oliveira, M. F. (2012). Affective news and networked publics: The rhythms of news storytelling on #Egypt. Journal of Communication, 62, 266\u2013282.","journal-title":"Journal of Communication"},{"issue":"2","key":"10_CR25","doi-asserted-by":"crossref","first-page":"331","DOI":"10.25300\/MISQ\/2016\/40.2.03","volume":"40","author":"L Selander","year":"2016","unstructured":"Selander, L., & Jarvenpaa, S. L. (2016). Digital action repertoires and transforming a social movement organization. MIS Quarterly, 40(2), 331\u2013352.","journal-title":"MIS Quarterly"}],"container-title":["The Future of Audiences"],"original-title":[],"language":"en","link":[{"URL":"http:\/\/link.springer.com\/content\/pdf\/10.1007\/978-3-319-75638-7_10","content-type":"unspecified","content-version":"vor","intended-application":"similarity-checking"}],"deposited":{"date-parts":[[2018,4,6]],"date-time":"2018-04-06T18:02:25Z","timestamp":1523037745000},"score":1,"resource":{"primary":{"URL":"http:\/\/link.springer.com\/10.1007\/978-3-319-75638-7_10"}},"subtitle":[],"short-title":[],"issued":{"date-parts":[[2018]]},"ISBN":["9783319756370","9783319756387"],"references-count":25,"URL":"https:\/\/doi.org\/10.1007\/978-3-319-75638-7_10","relation":{},"subject":[],"published":{"date-parts":[[2018]]}}}

Maria José

Inês

Amaral, I. (2016). Redes sociais: Sociabilidades emergentes [Social networks: Emergent sociabilities]. Covilhã: Editora LabCom.IFP.

Brites, M. J. (2015). Jovens e culturas cívicas: Por entre formas de consumo noticioso e de participação [Youth and civic cultures: In between forms of news consumption and participation]. Covilhã: Livros LabCom.

Dahlgren, P., & Álvares, C. (2013). Political participation in an age of mediatisation: Towards a new research agenda. Javnost, 20(2), 47–65.

Freire, P., & Macedo, D. (2011). Alfabetização: Leitura do mundo, leitura da palavra [Alphabetization: Reading of the world, reading of the world]. Rio de Janeiro: Paz e Terra.

B Höijer

Höijer, B. (2008). Ontological assumptions and generalizations in qualitative (audience) research. European Journal of Communication, 23(3), 275–294.
